{"id":780626,"date":"2026-01-20T03:42:59","date_gmt":"2026-01-20T00:42:59","guid":{"rendered":"https:\/\/roveyayinevi.com.tr\/index.php\/urun\/ogretim-teknolojileri-3\/"},"modified":"2026-04-16T03:07:27","modified_gmt":"2026-04-16T00:07:27","slug":"ogretim-teknolojileri-3","status":"publish","type":"product","link":"https:\/\/roveyayinevi.com.tr\/index.php\/urun\/ogretim-teknolojileri-3\/","title":{"rendered":"\u00d6\u011fretim Teknolojileri"},"content":{"rendered":"<p>\u00d6\u011fretim teknolojileri alan\u0131nda haz\u0131rlanm\u0131\u015f olan bu kitap; \u2022 \u00d6\u011fretim Teknolojilerinin Temelleri \u2022 E\u011fitimde Dijital Yeterlik \u2022 E\u011fitimde Bulut Bili\u015fim Sistemleri \u2022 Poster ve \u0130nfografikler \u2022 \u00c7evrimi\u00e7i Sunum Ara\u00e7lar\u0131 \u2022 Kavram ve Zihin Haritalar\u0131 \u2022 E\u011fitsel Dijital Video Teknolojileri \u2022 Dijital \u00d6yk\u00fcleme ve E\u011fitimde Kullan\u0131m\u0131 \u2022 Oyun ve \u00d6\u011frenme \u2022 \u00c7evrimi\u00e7i \u00d6l\u00e7me De\u011ferlendirme Ara\u00e7lar\u0131 \u2022 \u00d6\u011fretim Teknolojilerinde G\u00fcncel E\u011filimler \u2022 Nesne Ambarlar\u0131 ve EBA Kullan\u0131m\u0131 konular\u0131n\u0131 i\u00e7ermektedir.<\/p>\n","protected":false},"excerpt":{"rendered":"<p>\u00d6\u011fretim teknolojileri alan\u0131nda haz\u0131rlanm\u0131\u015f olan bu kitap; \u2022 \u00d6\u011fretim Teknolojilerinin Temelleri \u2022 E\u011fitimde Dijital Yeterlik \u2022 E\u011fitimde Bulut Bili\u015fim Sistemleri \u2022 Poster ve \u0130nfografikler \u2022 \u00c7evrimi\u00e7i<span class=\"excerpt-hellip\"> [\u2026]<\/span><\/p>\n","protected":false},"featured_media":0,"template":"","meta":{"_monsterinsights_skip_tracking":false,"_monsterinsights_sitenote_active":false,"_monsterinsights_sitenote_note":"","_monsterinsights_sitenote_category":0},"product_brand":[],"product_cat":[12573,12566],"product_tag":[],"class_list":{"0":"post-780626","1":"product","2":"type-product","3":"status-publish","5":"product_cat-akademik-kitaplar","6":"product_cat-egitim","7":"pa_cilt-ciltsiz","8":"pa_tur-kitap","9":"pa_yayinevi-nobel-akademik-yayincilik","10":"pa_yazar-kolektif","12":"first","13":"instock","14":"sale","15":"shipping-taxable","16":"purchasable","17":"product-type-simple"},"_links":{"self":[{"href":"https:\/\/roveyayinevi.com.tr\/index.php\/wp-json\/wp\/v2\/product\/780626","targetHints":{"allow":["GET"]}}],"collection":[{"href":"https:\/\/roveyayinevi.com.tr\/index.php\/wp-json\/wp\/v2\/product"}],"about":[{"href":"https:\/\/roveyayinevi.com.tr\/index.php\/wp-json\/wp\/v2\/types\/product"}],"wp:attachment":[{"href":"https:\/\/roveyayinevi.com.tr\/index.php\/wp-json\/wp\/v2\/media?parent=780626"}],"wp:term":[{"taxonomy":"product_brand","embeddable":true,"href":"https:\/\/roveyayinevi.com.tr\/index.php\/wp-json\/wp\/v2\/product_brand?post=780626"},{"taxonomy":"product_cat","embeddable":true,"href":"https:\/\/roveyayinevi.com.tr\/index.php\/wp-json\/wp\/v2\/product_cat?post=780626"},{"taxonomy":"product_tag","embeddable":true,"href":"https:\/\/roveyayinevi.com.tr\/index.php\/wp-json\/wp\/v2\/product_tag?post=780626"}],"curies":[{"name":"wp","href":"https:\/\/api.w.org\/{rel}","templated":true}]}}