{"id":780621,"date":"2026-01-20T03:39:50","date_gmt":"2026-01-20T00:39:50","guid":{"rendered":"https:\/\/roveyayinevi.com.tr\/index.php\/urun\/ev-iskenderun-sancagi-1934-2\/"},"modified":"2026-01-20T03:39:50","modified_gmt":"2026-01-20T00:39:50","slug":"ev-iskenderun-sancagi-1934-2","status":"publish","type":"product","link":"https:\/\/roveyayinevi.com.tr\/index.php\/urun\/ev-iskenderun-sancagi-1934-2\/","title":{"rendered":"Ev &#8211; \u0130skenderun Sanca\u011f\u0131 1934"},"content":{"rendered":"<p>1934\u2019te u\u0308nlu\u0308 Frans\u0131z pilot Maryse Hilsz\u2019in u\u00e7a\u011f\u0131n\u0131n hayatlar\u0131n\u0131n tam ortas\u0131na du\u0308\u015fmesiyle Arsuz\u2019un \u00f6nde gelen ailelerinden Maliklerin kaderi sonsuza dek de\u011fi\u015fir\u2026   EV, \u0130kinci Du\u0308nya Sava\u015f\u0131\u2019n\u0131n e\u015fi\u011finde, \u0130skenderun Sanca\u011f\u0131\u2019n\u0131n Hatay\u2019a d\u00f6nu\u0308\u015ftu\u0308\u011fu\u0308, eski siyasal ve toplumsal aidiyetlerin h\u0131zla ge\u00e7erliliklerini yitirdi\u011fi sanc\u0131l\u0131 bir de\u011fi\u015fimin ortas\u0131nda, bir \u015fehir ile bir ailenin gelece\u011finin i\u00e7 i\u00e7e ge\u00e7ti\u011fi su\u0308ru\u0308kleyici bir roman.   Talin Azar, Paris\u2019ten Beyrut\u2019a uzanan geni\u015f bir co\u011frafyada sert siyasi ru\u0308zg\u00e2rlar\u0131n esti\u011fi bir d\u00f6nemde, mevcudu korumak ile de\u011fi\u015fmek, ba\u011fl\u0131l\u0131k ile \u00f6zgu\u0308rlu\u0308k araf\u0131nda bocalayan k\u00f6klu\u0308 bir hanenin hik\u00e2yesini anlat\u0131yor. Kimlik ve aidiyet kayg\u0131lar\u0131n\u0131n g\u00f6lgesindeki Malik evinin sakinlerinin gelece\u011fe ve birbirlerine dair farkl\u0131 beklentileri giderek bir da\u011f\u0131lmaya evrilirken, ger\u00e7ek ile kurgu aras\u0131ndaki s\u0131n\u0131rlar belirsizle\u015fiyor.   \u201c\u2026 bizler, sadece huzurlu bir \u015fekilde buralarda ya\u015famaktan \u00f6te hi\u00e7bir \u015fey istemeyiz. Her du\u0308zen de\u011fi\u015fikli\u011fi o du\u0308zenin i\u00e7indekileri sarsar. Huzurunu bozar. Buras\u0131 hat\u0131ralar\u0131m\u0131zd\u0131r. Buras\u0131 \u00e7ocukluktan beri koklad\u0131\u011f\u0131m\u0131z havad\u0131r, i\u00e7ti\u011fimiz sudur. Buras\u0131 gu\u0308vendi\u011fimiz evimizdir. Bir gu\u0308n buray\u0131 terk etmem gerekirse bu olsa olsa a\u015fk i\u00e7in olabilir. Vazge\u00e7ilmez bir a\u015fk!\u201d <\/p>\n","protected":false},"excerpt":{"rendered":"<p>1934\u2019te u\u0308nlu\u0308 Frans\u0131z pilot Maryse Hilsz\u2019in u\u00e7a\u011f\u0131n\u0131n hayatlar\u0131n\u0131n tam ortas\u0131na du\u0308\u015fmesiyle Arsuz\u2019un \u00f6nde gelen ailelerinden Maliklerin kaderi sonsuza dek de\u011fi\u015fir\u2026 EV, \u0130kinci Du\u0308nya Sava\u015f\u0131\u2019n\u0131n e\u015fi\u011finde, \u0130skenderun<span class=\"excerpt-hellip\"> [\u2026]<\/span><\/p>\n","protected":false},"featured_media":0,"template":"","meta":{"_monsterinsights_skip_tracking":false,"_monsterinsights_sitenote_active":false,"_monsterinsights_sitenote_note":"","_monsterinsights_sitenote_category":0},"product_brand":[],"product_cat":[12291,12711],"product_tag":[],"class_list":{"0":"post-780621","1":"product","2":"type-product","3":"status-publish","5":"product_cat-edebiyat","6":"product_cat-roman-oyku","7":"pa_cilt-ciltsiz","8":"pa_tur-kitap","9":"pa_yayinevi-istos-yayincilik","10":"pa_yazar-talin-azar","12":"first","13":"instock","14":"sale","15":"shipping-taxable","16":"purchasable","17":"product-type-simple"},"_links":{"self":[{"href":"https:\/\/roveyayinevi.com.tr\/index.php\/wp-json\/wp\/v2\/product\/780621","targetHints":{"allow":["GET"]}}],"collection":[{"href":"https:\/\/roveyayinevi.com.tr\/index.php\/wp-json\/wp\/v2\/product"}],"about":[{"href":"https:\/\/roveyayinevi.com.tr\/index.php\/wp-json\/wp\/v2\/types\/product"}],"wp:attachment":[{"href":"https:\/\/roveyayinevi.com.tr\/index.php\/wp-json\/wp\/v2\/media?parent=780621"}],"wp:term":[{"taxonomy":"product_brand","embeddable":true,"href":"https:\/\/roveyayinevi.com.tr\/index.php\/wp-json\/wp\/v2\/product_brand?post=780621"},{"taxonomy":"product_cat","embeddable":true,"href":"https:\/\/roveyayinevi.com.tr\/index.php\/wp-json\/wp\/v2\/product_cat?post=780621"},{"taxonomy":"product_tag","embeddable":true,"href":"https:\/\/roveyayinevi.com.tr\/index.php\/wp-json\/wp\/v2\/product_tag?post=780621"}],"curies":[{"name":"wp","href":"https:\/\/api.w.org\/{rel}","templated":true}]}}