{"id":780615,"date":"2026-01-20T03:37:38","date_gmt":"2026-01-20T00:37:38","guid":{"rendered":"https:\/\/roveyayinevi.com.tr\/index.php\/urun\/nanouretim-teknikleri\/"},"modified":"2026-04-16T03:03:57","modified_gmt":"2026-04-16T00:03:57","slug":"nanouretim-teknikleri","status":"publish","type":"product","link":"https:\/\/roveyayinevi.com.tr\/index.php\/urun\/nanouretim-teknikleri\/","title":{"rendered":"Nano\u00fcretim Teknikleri"},"content":{"rendered":"<p>Nanoteknolojik geli\u015fmelerle s\u0131kl\u0131kla g\u00fcnl\u00fck ya\u015fam\u0131m\u0131zda kar\u015f\u0131la\u015fmaktay\u0131z. Bu geli\u015fmelerin temelinde nano d\u00fczeyde \u00fcretim \u00fczerine \u00e7al\u0131\u015fmalar\u0131n b\u00fcy\u00fck bir rol\u00fc vard\u0131r. Bu kitap, litografiye dayal\u0131 nano\u00fcretim tekniklerini ayr\u0131nt\u0131lar\u0131 ile inceleyen T\u00fcrk\u00e7e \u00f6zg\u00fcn bir kaynak olarak haz\u0131rlanm\u0131\u015ft\u0131r. Farkl\u0131 a\u015fa\u011f\u0131dan yukar\u0131ya ve yukar\u0131dan a\u015fa\u011f\u0131ya nano\u00fcretim teknikleri de kitap kapsam\u0131nda okuyucuya fikir vermesi amac\u0131 ile i\u015flenmi\u015ftir. \u0130lk iki b\u00f6l\u00fcm s\u0131ras\u0131yla nanoteknolojiye ve nanomalzemelere genel bir bak\u0131\u015f a\u00e7\u0131s\u0131 sunmaktad\u0131r. Takip eden b\u00f6l\u00fcmlerde s\u0131v\u0131 temelli, molek\u00fcler kendili\u011finden d\u00fczenlenme ve mekanik yakla\u015f\u0131mlar ile nanomalzemelerin \u00fcretimi incelenmi\u015ftir. Daha sonra klasik litografinin temellleri, nano d\u00fczeyde \u00fcretime olanak sa\u011flayan baz\u0131 ileri litografi teknikleri, atomlar\u0131 manip\u00fcle ederek atomik d\u00fczeyde \u00fcretim sa\u011flayan taramal\u0131 prob litografisi, avantajlar\u0131 ve dezavantajlar\u0131 ile birlikte verilmi\u015ftir. Kaplama, da\u011flama ve farkl\u0131 entegre devrelerin\/malzemelerin ba\u011flanmas\u0131n\u0131 i\u015fleyen ba\u011flama teknikleri de son olarak detayl\u0131 olarak ele al\u0131nm\u0131\u015ft\u0131r. Kitap, \u00e7ok disiplinli bir yakla\u015f\u0131m ile haz\u0131rlanm\u0131\u015f olup nanoteknolojideki geli\u015fmelere ilgi duyan kimya, fizik, biyoloji gibi temel bilimler ile m\u00fchendislik okurlar\u0131na hitap etmektedir. Nano ile ilgili bir\u00e7ok farkl\u0131 yakla\u015f\u0131m\u0131 ve uygulamay\u0131 bir arada sunmas\u0131 a\u00e7\u0131s\u0131ndan okutulmas\u0131 ve okunmas\u0131 \u00f6nemlidir. \u00d6zellikle T\u00fcrk\u00e7e ders kitab\u0131 olarak \u00f6\u011frencilerimiz ve e\u011fiticilerimiz i\u00e7in faydal\u0131 olmas\u0131n\u0131 diler ve ilgilenen ara\u015ft\u0131rmac\u0131lar\u0131m\u0131za da ayr\u0131ca ara\u015ft\u0131rmalar\u0131nda yol g\u00f6stermesini temenni ederiz.<\/p>\n","protected":false},"excerpt":{"rendered":"<p>Nanoteknolojik geli\u015fmelerle s\u0131kl\u0131kla g\u00fcnl\u00fck ya\u015fam\u0131m\u0131zda kar\u015f\u0131la\u015fmaktay\u0131z. Bu geli\u015fmelerin temelinde nano d\u00fczeyde \u00fcretim \u00fczerine \u00e7al\u0131\u015fmalar\u0131n b\u00fcy\u00fck bir rol\u00fc vard\u0131r. Bu kitap, litografiye dayal\u0131 nano\u00fcretim tekniklerini ayr\u0131nt\u0131lar\u0131 ile<span class=\"excerpt-hellip\"> [\u2026]<\/span><\/p>\n","protected":false},"featured_media":0,"template":"","meta":{"_monsterinsights_skip_tracking":false,"_monsterinsights_sitenote_active":false,"_monsterinsights_sitenote_note":"","_monsterinsights_sitenote_category":0},"product_brand":[],"product_cat":[12573,12566],"product_tag":[],"class_list":{"0":"post-780615","1":"product","2":"type-product","3":"status-publish","5":"product_cat-akademik-kitaplar","6":"product_cat-egitim","7":"pa_cilt-ciltsiz","8":"pa_tur-kitap","9":"pa_yayinevi-nobel-akademik-yayincilik","10":"pa_yazar-kolektif","12":"first","13":"instock","14":"sale","15":"shipping-taxable","16":"purchasable","17":"product-type-simple"},"_links":{"self":[{"href":"https:\/\/roveyayinevi.com.tr\/index.php\/wp-json\/wp\/v2\/product\/780615","targetHints":{"allow":["GET"]}}],"collection":[{"href":"https:\/\/roveyayinevi.com.tr\/index.php\/wp-json\/wp\/v2\/product"}],"about":[{"href":"https:\/\/roveyayinevi.com.tr\/index.php\/wp-json\/wp\/v2\/types\/product"}],"wp:attachment":[{"href":"https:\/\/roveyayinevi.com.tr\/index.php\/wp-json\/wp\/v2\/media?parent=780615"}],"wp:term":[{"taxonomy":"product_brand","embeddable":true,"href":"https:\/\/roveyayinevi.com.tr\/index.php\/wp-json\/wp\/v2\/product_brand?post=780615"},{"taxonomy":"product_cat","embeddable":true,"href":"https:\/\/roveyayinevi.com.tr\/index.php\/wp-json\/wp\/v2\/product_cat?post=780615"},{"taxonomy":"product_tag","embeddable":true,"href":"https:\/\/roveyayinevi.com.tr\/index.php\/wp-json\/wp\/v2\/product_tag?post=780615"}],"curies":[{"name":"wp","href":"https:\/\/api.w.org\/{rel}","templated":true}]}}