{"id":780598,"date":"2026-01-20T03:26:08","date_gmt":"2026-01-20T00:26:08","guid":{"rendered":"https:\/\/roveyayinevi.com.tr\/index.php\/urun\/ne-sorsan-bilir-minik-mevsimler\/"},"modified":"2026-04-16T02:54:01","modified_gmt":"2026-04-15T23:54:01","slug":"ne-sorsan-bilir-minik-mevsimler","status":"publish","type":"product","link":"https:\/\/roveyayinevi.com.tr\/index.php\/urun\/ne-sorsan-bilir-minik-mevsimler\/","title":{"rendered":"Ne Sorsan Bilir Minik &#8211; Mevsimler"},"content":{"rendered":"<p>Gel seninle ayn\u0131 ormanda mevsim mevsim dola\u015fal\u0131m, arada mola verip yine mevsimleri konu\u015fal\u0131m!Yuva yapan bir ku\u015f, k\u00fcsen bir ot, kuruyup d\u00fc\u015fen yapraklar, donuk bir kurba\u011fa hepsi seni bekliyor bu kitapta!Ve minik s\u00fcrprizler var kulak\u00e7\u0131klar ard\u0131nda\u2026<\/p>\n","protected":false},"excerpt":{"rendered":"<p>Gel seninle ayn\u0131 ormanda mevsim mevsim dola\u015fal\u0131m, arada mola verip yine mevsimleri konu\u015fal\u0131m!Yuva yapan bir ku\u015f, k\u00fcsen bir ot, kuruyup d\u00fc\u015fen yapraklar, donuk bir kurba\u011fa hepsi<span class=\"excerpt-hellip\"> [\u2026]<\/span><\/p>\n","protected":false},"featured_media":0,"template":"","meta":{"_monsterinsights_skip_tracking":false,"_monsterinsights_sitenote_active":false,"_monsterinsights_sitenote_note":"","_monsterinsights_sitenote_category":0},"product_brand":[],"product_cat":[15192,12274],"product_tag":[],"class_list":{"0":"post-780598","1":"product","2":"type-product","3":"status-publish","5":"product_cat-1-3-yas-kitaplari","6":"product_cat-cocuk-ve-genclik-kitaplari","7":"pa_cilt-ciltsiz","8":"pa_tur-kitap","9":"pa_yayinevi-sincap-kitap","10":"pa_yazar-ceren-cukadar","12":"first","13":"instock","14":"sale","15":"shipping-taxable","16":"purchasable","17":"product-type-simple"},"_links":{"self":[{"href":"https:\/\/roveyayinevi.com.tr\/index.php\/wp-json\/wp\/v2\/product\/780598","targetHints":{"allow":["GET"]}}],"collection":[{"href":"https:\/\/roveyayinevi.com.tr\/index.php\/wp-json\/wp\/v2\/product"}],"about":[{"href":"https:\/\/roveyayinevi.com.tr\/index.php\/wp-json\/wp\/v2\/types\/product"}],"wp:attachment":[{"href":"https:\/\/roveyayinevi.com.tr\/index.php\/wp-json\/wp\/v2\/media?parent=780598"}],"wp:term":[{"taxonomy":"product_brand","embeddable":true,"href":"https:\/\/roveyayinevi.com.tr\/index.php\/wp-json\/wp\/v2\/product_brand?post=780598"},{"taxonomy":"product_cat","embeddable":true,"href":"https:\/\/roveyayinevi.com.tr\/index.php\/wp-json\/wp\/v2\/product_cat?post=780598"},{"taxonomy":"product_tag","embeddable":true,"href":"https:\/\/roveyayinevi.com.tr\/index.php\/wp-json\/wp\/v2\/product_tag?post=780598"}],"curies":[{"name":"wp","href":"https:\/\/api.w.org\/{rel}","templated":true}]}}