{"id":780591,"date":"2026-01-20T03:23:07","date_gmt":"2026-01-20T00:23:07","guid":{"rendered":"https:\/\/roveyayinevi.com.tr\/index.php\/urun\/rusya-huzursuz-imparatorluk\/"},"modified":"2026-04-16T02:52:18","modified_gmt":"2026-04-15T23:52:18","slug":"rusya-huzursuz-imparatorluk","status":"publish","type":"product","link":"https:\/\/roveyayinevi.com.tr\/index.php\/urun\/rusya-huzursuz-imparatorluk\/","title":{"rendered":"Rusya Huzursuz \u0130mparatorluk"},"content":{"rendered":"<p>Geni\u015f ovalara, karlarla kapl\u0131 tundralara, u\u00e7suz bucaks\u0131z ormanlara yay\u0131lm\u0131\u015f Rus \u00fclkesinin tarihi en az co\u011frafyas\u0131 kadar b\u00fcy\u00fck ve merak uyand\u0131r\u0131c\u0131d\u0131r. Slav kabilelerinden, Rurik ve Romanov hanedanlar\u0131na, Mo\u011fol \u0130stilalar\u0131\u2019ndan Napolyon\u2019un ordular\u0131na, Bol\u015fevik devriminden Hitler\u2019in panzerlerine, So\u011fuk Sava\u015f\u2019tan Putin\u2019e\u2026 Rusya, huzursuz bir imparatorluktur: Hanedan kavgalar\u0131n\u0131 yabanc\u0131 istilalar, ekonomik b\u00fcy\u00fcmesini kanl\u0131 sava\u015flar takip eder. Bu huzursuzlu\u011fun sebebi belki de \u00fclkenin \u00e7eli\u015fkileridir: Rusya\u2019n\u0131n do\u011fal kaynaklar\u0131 zengindir, ama Rusya zengin de\u011fildir; Rus modernle\u015fmesi Avrupal\u0131la\u015fman\u0131n en iyi \u00f6rne\u011fidir, ama Rusya Avrupal\u0131 de\u011fildir. Rusya t\u0131pk\u0131, devlet armas\u0131nda sa\u011fa ve sola bakan kartal\u0131 gibi hem Do\u011fu\u2019ya hem de Bat\u0131\u2019ya bakan bir \u00fclke. Tarih boyunca, so\u011fuk ve geni\u015f co\u011frafyas\u0131nda, k\u00e2h geni\u015flemeye k\u00e2h bu geni\u015f topraklar\u0131 d\u0131\u015f d\u00fcnyaya ba\u011flayan ticaret ve k\u00fclt\u00fcr yollar\u0131na h\u00fckmetmeye \u00e7al\u0131\u015ft\u0131. 15. y\u00fczy\u0131lda Rus knezliklerinin zay\u0131f idarecisi olan Moskova, \u00fc\u00e7 as\u0131r i\u00e7inde Balt\u0131k Denizi\u2019nden Karadeniz\u2019e, Hazar Denizi\u2019nden Baykal G\u00f6l\u00fc\u2019ne, Polonya Ovas\u0131\u2019ndan Kuzey Buz Denizi\u2019ne yay\u0131ld\u0131. Kadim Polonya-Litvanya Birli\u011fi ve Avrupa\u2019n\u0131n en b\u00fcy\u00fck askeri g\u00fc\u00e7lerinden \u0130sve\u00e7 Krall\u0131\u011f\u0131 \u00e7ar\u0131n ordular\u0131na teslim oldu. Napolyon\u2019un yenilmez ordular\u0131n\u0131, General K\u0131\u015f ve Rusya beraber p\u00fcsk\u00fcrtt\u00fc. Rus kimli\u011finin tarihsel olu\u015fumu, zaferleri ve k\u0131y\u0131mlar\u0131 hem T\u00fcrk tarihinin hem de d\u00fcnya tarihinin en \u00f6nemli ba\u015fl\u0131klar\u0131ndan birini te\u015fkil eder. Osmanl\u0131 \u0130mparatorlu\u011fu\u2019nu asker\u00ee olarak y\u0131kabilen g\u00fc\u00e7 Avrupa devletleri de\u011fil, Rus \u00c7arl\u0131\u011f\u0131 oldu. K\u0131r\u0131m, \u00c7e\u00e7enistan, Afganistan ve T\u00fcrkistan\u2019\u0131n huzursuzlu\u011funun sebebi hep Rusya oldu. Modern zamanlar\u0131n da tarihine y\u00f6n veren Rusya\u2019n\u0131n huzursuzlu\u011fuydu: 1917 Bol\u015fevik Devrimi\u2019nin ve Stalinizm\u2019in Rusya\u2019dan d\u00fcnyaya yay\u0131lma \u00e7abas\u0131 belki de insanl\u0131\u011f\u0131 yok edecek n\u00fckleer bir sava\u015f\u0131n so\u011fuk r\u00fczgar\u0131n\u0131 t\u00fcm insanl\u0131\u011fa hissettirmi\u015fti. Rusya: Huzursuz \u0130mparatorluk, Bir Tarihsel Atlas Rus tarihini sadece bir anlat\u0131yla de\u011fil, haritalar\u0131n diliyle de tasvir ediyor. Derby \u00dcniversitesi\u2019nden tarih profes\u00f6r\u00fc Ian Barnes, uzun y\u0131llar devam eden ara\u015ft\u0131rmalar\u0131n\u0131n meyvesi olan bu eserin yay\u0131mlanmas\u0131na \u015fahit olamad\u0131. Yazar 2014 y\u0131l\u0131nda \u00f6ld\u00fc\u011f\u00fcnde, Putin Rusya\u2019s\u0131 So\u011fuk Sava\u015f sonras\u0131nda Ukrayna\u2019ya verdi\u011fi K\u0131r\u0131m\u2019\u0131 i\u015fgal etmeye haz\u0131rlan\u0131yordu. Bug\u00fcn bu huzursuzluk \u00e7etin ve sonu belirsiz bir sava\u015fa d\u00f6nm\u00fc\u015f durumda: Rusya\u2019n\u0131n tarihsel huzursuzlu\u011fu h\u00e2l\u00e2 devam ediyor. Bir ulusun ve bir co\u011frafyan\u0131n ya\u015fad\u0131\u011f\u0131 zaferler, felaketler, ya\u015fatt\u0131\u011f\u0131, ya\u015fad\u0131\u011f\u0131 ac\u0131lar ve k\u0131y\u0131mlar, renkli ve ger\u00e7ek \u00f6l\u00e7ekli haritalarla tarih ve co\u011frafya merakl\u0131lar\u0131n\u0131n vazge\u00e7ilmez bir ba\u015fucu eseri olacakt\u0131r. Canl\u0131 ve ayr\u0131nt\u0131l\u0131 haritalar\u0131, s\u00fcr\u00fckleyici ve bilgilendirici metinleriyle bu eser T\u00fcrk okurunun \u00f6zledi\u011fi, tarih ve co\u011frafyay\u0131 bulu\u015fturan bu yaz\u0131n t\u00fcr\u00fcn\u00fcn ba\u015far\u0131l\u0131 bir \u00f6rne\u011fi. Vak\u0131fBank K\u00fclt\u00fcr Yay\u0131nlar\u0131\u2019n\u0131n tarihsel atlaslar dizisinin bu ilk kitab\u0131, huzursuz imparatorluk Rusya\u2019n\u0131n kap\u0131lar\u0131n\u0131 aral\u0131yor\u2026 Yazar Hakk\u0131nda: \u0130ngiltere, Derby \u00dcniversitesi&#8217;nde Tarih ve Uluslararas\u0131 \u00c7al\u0131\u015fmalar B\u00f6l\u00fcm\u00fc ba\u015fkan\u0131yd\u0131. Sussex, Stockholm ve London School of Economics (Londra \u00dcniversitesi) \u00fcniversitelerinde e\u011fitim g\u00f6rd\u00fc. Kuzey Carolina \u00dcniversitesi&#8217;nde misafir ara\u015ft\u0131rmac\u0131 olarak bulundu. Avrupa tarihi \u00fczerine \u00e7ok say\u0131da makale ve Asya&#8217;n\u0131n Tarihsel Atlas\u0131, Avrupa&#8217;n\u0131n Tarihsel Atlas\u0131 ve Amerikan Devrimi&#8217;nin Tarihsel Atlas\u0131&#8217;n\u0131 konulu bir\u00e7ok eser kaleme ald\u0131. Yazar bu kitab\u0131n yay\u0131mlanmas\u0131ndan \u00f6nce 2014&#8217;de vefat etmi\u015ftir. <\/p>\n","protected":false},"excerpt":{"rendered":"<p>Geni\u015f ovalara, karlarla kapl\u0131 tundralara, u\u00e7suz bucaks\u0131z ormanlara yay\u0131lm\u0131\u015f Rus \u00fclkesinin tarihi en az co\u011frafyas\u0131 kadar b\u00fcy\u00fck ve merak uyand\u0131r\u0131c\u0131d\u0131r. Slav kabilelerinden, Rurik ve Romanov hanedanlar\u0131na,<span class=\"excerpt-hellip\"> [\u2026]<\/span><\/p>\n","protected":false},"featured_media":0,"template":"","meta":{"_monsterinsights_skip_tracking":false,"_monsterinsights_sitenote_active":false,"_monsterinsights_sitenote_note":"","_monsterinsights_sitenote_category":0},"product_brand":[],"product_cat":[12312,12304],"product_tag":[],"class_list":{"0":"post-780591","1":"product","2":"type-product","3":"status-publish","5":"product_cat-diger","6":"product_cat-tarih","7":"pa_cilt-ciltli","8":"pa_tur-kitap","9":"pa_yayinevi-vakifbank-kultur-yayinlari","10":"pa_yazar-ian-barnes","12":"first","13":"instock","14":"sale","15":"shipping-taxable","16":"purchasable","17":"product-type-simple"},"_links":{"self":[{"href":"https:\/\/roveyayinevi.com.tr\/index.php\/wp-json\/wp\/v2\/product\/780591","targetHints":{"allow":["GET"]}}],"collection":[{"href":"https:\/\/roveyayinevi.com.tr\/index.php\/wp-json\/wp\/v2\/product"}],"about":[{"href":"https:\/\/roveyayinevi.com.tr\/index.php\/wp-json\/wp\/v2\/types\/product"}],"wp:attachment":[{"href":"https:\/\/roveyayinevi.com.tr\/index.php\/wp-json\/wp\/v2\/media?parent=780591"}],"wp:term":[{"taxonomy":"product_brand","embeddable":true,"href":"https:\/\/roveyayinevi.com.tr\/index.php\/wp-json\/wp\/v2\/product_brand?post=780591"},{"taxonomy":"product_cat","embeddable":true,"href":"https:\/\/roveyayinevi.com.tr\/index.php\/wp-json\/wp\/v2\/product_cat?post=780591"},{"taxonomy":"product_tag","embeddable":true,"href":"https:\/\/roveyayinevi.com.tr\/index.php\/wp-json\/wp\/v2\/product_tag?post=780591"}],"curies":[{"name":"wp","href":"https:\/\/api.w.org\/{rel}","templated":true}]}}