{"id":780581,"date":"2026-01-20T03:17:00","date_gmt":"2026-01-20T00:17:00","guid":{"rendered":"https:\/\/roveyayinevi.com.tr\/index.php\/urun\/ilk-dokun-hisset-kitabim-cole-dokun\/"},"modified":"2026-04-16T02:46:52","modified_gmt":"2026-04-15T23:46:52","slug":"ilk-dokun-hisset-kitabim-cole-dokun","status":"publish","type":"product","link":"https:\/\/roveyayinevi.com.tr\/index.php\/urun\/ilk-dokun-hisset-kitabim-cole-dokun\/","title":{"rendered":"\u0130lk Dokun Hisset Kitab\u0131m &#8211; \u00c7\u00f6le Dokun"},"content":{"rendered":"<p>S\u0131ca\u011f\u0131 \u00e7ok seven uzun kuyruklu bir kertenkele,arkada\u015f canl\u0131s\u0131 bir mirket,h\u0131zl\u0131 ko\u015fan bir deve ku\u015fu ve \u00e7\u00f6ldeki di\u011fer dostlar\u0131m\u0131z bu kitapta hayat buluyor.\u00c7\u00f6lde pofuduk bir gezinti seni bekliyor! Minik parmaklar bu \u00e7\u00f6le tekrar tekrar dokunmak isteyecek!Merak,ke\u015fif ve dokunsal deneyim i\u00e7erir!<\/p>\n","protected":false},"excerpt":{"rendered":"<p>S\u0131ca\u011f\u0131 \u00e7ok seven uzun kuyruklu bir kertenkele,arkada\u015f canl\u0131s\u0131 bir mirket,h\u0131zl\u0131 ko\u015fan bir deve ku\u015fu ve \u00e7\u00f6ldeki di\u011fer dostlar\u0131m\u0131z bu kitapta hayat buluyor.\u00c7\u00f6lde pofuduk bir gezinti seni<span class=\"excerpt-hellip\"> [\u2026]<\/span><\/p>\n","protected":false},"featured_media":0,"template":"","meta":{"_monsterinsights_skip_tracking":false,"_monsterinsights_sitenote_active":false,"_monsterinsights_sitenote_note":"","_monsterinsights_sitenote_category":0},"product_brand":[],"product_cat":[15192,12274],"product_tag":[],"class_list":{"0":"post-780581","1":"product","2":"type-product","3":"status-publish","5":"product_cat-1-3-yas-kitaplari","6":"product_cat-cocuk-ve-genclik-kitaplari","7":"pa_cilt-ciltli","8":"pa_tur-kitap","9":"pa_yayinevi-sincap-kitap","10":"pa_yazar-melek-dincer","12":"first","13":"instock","14":"sale","15":"shipping-taxable","16":"purchasable","17":"product-type-simple"},"_links":{"self":[{"href":"https:\/\/roveyayinevi.com.tr\/index.php\/wp-json\/wp\/v2\/product\/780581","targetHints":{"allow":["GET"]}}],"collection":[{"href":"https:\/\/roveyayinevi.com.tr\/index.php\/wp-json\/wp\/v2\/product"}],"about":[{"href":"https:\/\/roveyayinevi.com.tr\/index.php\/wp-json\/wp\/v2\/types\/product"}],"wp:attachment":[{"href":"https:\/\/roveyayinevi.com.tr\/index.php\/wp-json\/wp\/v2\/media?parent=780581"}],"wp:term":[{"taxonomy":"product_brand","embeddable":true,"href":"https:\/\/roveyayinevi.com.tr\/index.php\/wp-json\/wp\/v2\/product_brand?post=780581"},{"taxonomy":"product_cat","embeddable":true,"href":"https:\/\/roveyayinevi.com.tr\/index.php\/wp-json\/wp\/v2\/product_cat?post=780581"},{"taxonomy":"product_tag","embeddable":true,"href":"https:\/\/roveyayinevi.com.tr\/index.php\/wp-json\/wp\/v2\/product_tag?post=780581"}],"curies":[{"name":"wp","href":"https:\/\/api.w.org\/{rel}","templated":true}]}}