{"id":780575,"date":"2026-01-20T03:15:04","date_gmt":"2026-01-20T00:15:04","guid":{"rendered":"https:\/\/roveyayinevi.com.tr\/index.php\/urun\/vizyonlar\/"},"modified":"2026-04-16T02:44:53","modified_gmt":"2026-04-15T23:44:53","slug":"vizyonlar","status":"publish","type":"product","link":"https:\/\/roveyayinevi.com.tr\/index.php\/urun\/vizyonlar\/","title":{"rendered":"Vizyonlar"},"content":{"rendered":"<p>Yar\u0131n\u0131n bilimsel d\u00fcnyas\u0131na do\u011fru yap\u0131lan bu heyecan verici yolculukta, teorik fizik\u00e7i ve kitaplar\u0131 \u00e7ok satan yazar Michio Kaku, yirminci y\u00fczy\u0131l\u0131 etkileyici bi\u00e7imde yeniden \u015fekillendiren b\u00fcy\u00fck bilimsel devrimlerin -kuantum mekani\u011fi, biyogenetik ve yapay zek\u00e2- yirmi birinci y\u00fczy\u0131l ya\u015fant\u0131m\u0131z\u0131 nas\u0131l d\u00f6n\u00fc\u015ft\u00fcrece\u011fini inceliyor. Kaku\u2019nun, d\u00fcnyan\u0131n d\u00f6rt bir yan\u0131ndaki en iyi laboratuvarlarda \u015fimdiden \u00e7al\u0131\u015f\u0131lmakta olan ara\u015ft\u0131rmalara dayanan e\u015fsiz ve ilgi \u00e7ekici vizyonu, evrenin dans\u0131n\u0131n pasif izleyicileri olmaktan \u00e7\u0131kt\u0131\u011f\u0131m\u0131z, madde, ya\u015fam ve zek\u00e2n\u0131n yarat\u0131c\u0131 koreograflar\u0131 oldu\u011fumuz bir gelece\u011fi \u00f6ng\u00f6r\u00fcyor. Vizyonlar, g\u00fcn\u00fcm\u00fcz\u00fcn \u00f6nde gelen bilim insanlar\u0131n\u0131n son teknolojiye ili\u015fkin ara\u015ft\u0131rmalar\u0131n\u0131 bir araya getiren b\u00fcy\u00fcleyici macera, heyecan verici bir bilimsel okumad\u0131r. <\/p>\n","protected":false},"excerpt":{"rendered":"<p>Yar\u0131n\u0131n bilimsel d\u00fcnyas\u0131na do\u011fru yap\u0131lan bu heyecan verici yolculukta, teorik fizik\u00e7i ve kitaplar\u0131 \u00e7ok satan yazar Michio Kaku, yirminci y\u00fczy\u0131l\u0131 etkileyici bi\u00e7imde yeniden \u015fekillendiren b\u00fcy\u00fck bilimsel<span class=\"excerpt-hellip\"> [\u2026]<\/span><\/p>\n","protected":false},"featured_media":0,"template":"","meta":{"_monsterinsights_skip_tracking":false,"_monsterinsights_sitenote_active":false,"_monsterinsights_sitenote_note":"","_monsterinsights_sitenote_category":0},"product_brand":[],"product_cat":[13005,37328],"product_tag":[],"class_list":{"0":"post-780575","1":"product","2":"type-product","3":"status-publish","5":"product_cat-bilim-muhendislik","6":"product_cat-diger-bilim-muhendislik","7":"pa_cilt-ciltsiz","8":"pa_tur-kitap","9":"pa_yayinevi-odtu-gelistirme-vakfi-yayincilik","10":"pa_yazar-michio-kaku","12":"first","13":"instock","14":"sale","15":"shipping-taxable","16":"purchasable","17":"product-type-simple"},"_links":{"self":[{"href":"https:\/\/roveyayinevi.com.tr\/index.php\/wp-json\/wp\/v2\/product\/780575","targetHints":{"allow":["GET"]}}],"collection":[{"href":"https:\/\/roveyayinevi.com.tr\/index.php\/wp-json\/wp\/v2\/product"}],"about":[{"href":"https:\/\/roveyayinevi.com.tr\/index.php\/wp-json\/wp\/v2\/types\/product"}],"wp:attachment":[{"href":"https:\/\/roveyayinevi.com.tr\/index.php\/wp-json\/wp\/v2\/media?parent=780575"}],"wp:term":[{"taxonomy":"product_brand","embeddable":true,"href":"https:\/\/roveyayinevi.com.tr\/index.php\/wp-json\/wp\/v2\/product_brand?post=780575"},{"taxonomy":"product_cat","embeddable":true,"href":"https:\/\/roveyayinevi.com.tr\/index.php\/wp-json\/wp\/v2\/product_cat?post=780575"},{"taxonomy":"product_tag","embeddable":true,"href":"https:\/\/roveyayinevi.com.tr\/index.php\/wp-json\/wp\/v2\/product_tag?post=780575"}],"curies":[{"name":"wp","href":"https:\/\/api.w.org\/{rel}","templated":true}]}}