{"id":780554,"date":"2026-01-20T03:06:30","date_gmt":"2026-01-20T00:06:30","guid":{"rendered":"https:\/\/roveyayinevi.com.tr\/index.php\/urun\/bul-beni-ormanda-saklambac-ciltli\/"},"modified":"2026-04-16T02:38:27","modified_gmt":"2026-04-15T23:38:27","slug":"bul-beni-ormanda-saklambac-ciltli","status":"publish","type":"product","link":"https:\/\/roveyayinevi.com.tr\/index.php\/urun\/bul-beni-ormanda-saklambac-ciltli\/","title":{"rendered":"Bul Beni Ormanda Saklamba\u00e7 (Ciltli)"},"content":{"rendered":"<p>Uzun hortumlu fil ormanda arkada\u015flar\u0131n\u0131 ar\u0131yor, e\u011flenceli bir saklamba\u00e7 oyunu ba\u015fl\u0131yor.Kim, nerede saklan\u0131yor bulabilecek misin?Her sayfada var bir ebe; a\u00e7-bak-sobele!<\/p>\n","protected":false},"excerpt":{"rendered":"<p>Uzun hortumlu fil ormanda arkada\u015flar\u0131n\u0131 ar\u0131yor, e\u011flenceli bir saklamba\u00e7 oyunu ba\u015fl\u0131yor.Kim, nerede saklan\u0131yor bulabilecek misin?Her sayfada var bir ebe; a\u00e7-bak-sobele!<\/p>\n","protected":false},"featured_media":0,"template":"","meta":{"_monsterinsights_skip_tracking":false,"_monsterinsights_sitenote_active":false,"_monsterinsights_sitenote_note":"","_monsterinsights_sitenote_category":0},"product_brand":[],"product_cat":[12274,12523],"product_tag":[],"class_list":{"0":"post-780554","1":"product","2":"type-product","3":"status-publish","5":"product_cat-cocuk-ve-genclik-kitaplari","6":"product_cat-masallar","7":"pa_cilt-ciltli","8":"pa_tur-kitap","9":"pa_yayinevi-sincap-kitap","10":"pa_yazar-serap-armutlu-acar","12":"first","13":"instock","14":"sale","15":"shipping-taxable","16":"purchasable","17":"product-type-simple"},"_links":{"self":[{"href":"https:\/\/roveyayinevi.com.tr\/index.php\/wp-json\/wp\/v2\/product\/780554","targetHints":{"allow":["GET"]}}],"collection":[{"href":"https:\/\/roveyayinevi.com.tr\/index.php\/wp-json\/wp\/v2\/product"}],"about":[{"href":"https:\/\/roveyayinevi.com.tr\/index.php\/wp-json\/wp\/v2\/types\/product"}],"wp:attachment":[{"href":"https:\/\/roveyayinevi.com.tr\/index.php\/wp-json\/wp\/v2\/media?parent=780554"}],"wp:term":[{"taxonomy":"product_brand","embeddable":true,"href":"https:\/\/roveyayinevi.com.tr\/index.php\/wp-json\/wp\/v2\/product_brand?post=780554"},{"taxonomy":"product_cat","embeddable":true,"href":"https:\/\/roveyayinevi.com.tr\/index.php\/wp-json\/wp\/v2\/product_cat?post=780554"},{"taxonomy":"product_tag","embeddable":true,"href":"https:\/\/roveyayinevi.com.tr\/index.php\/wp-json\/wp\/v2\/product_tag?post=780554"}],"curies":[{"name":"wp","href":"https:\/\/api.w.org\/{rel}","templated":true}]}}