{"id":780549,"date":"2026-01-20T03:05:47","date_gmt":"2026-01-20T00:05:47","guid":{"rendered":"https:\/\/roveyayinevi.com.tr\/index.php\/urun\/civciv-ciki-ve-sevimli-dostlari-bu-kocaman-gozler-kimin-9\/"},"modified":"2026-04-16T02:37:34","modified_gmt":"2026-04-15T23:37:34","slug":"civciv-ciki-ve-sevimli-dostlari-bu-kocaman-gozler-kimin-9","status":"publish","type":"product","link":"https:\/\/roveyayinevi.com.tr\/index.php\/urun\/civciv-ciki-ve-sevimli-dostlari-bu-kocaman-gozler-kimin-9\/","title":{"rendered":"Civciv Ciki ve Sevimli Dostlar\u0131 &#8211; Bu Kocaman G\u00f6zler Kimin 9"},"content":{"rendered":"<p>\u00c7iftli\u011fe yeni kat\u0131lan Civciv Ciki ve \u00e7iftlikte ya\u015fayan dostlar\u0131n\u0131 e\u011flenceli b\u00fcy\u00fck g\u00f6zleri ile g\u00f6rmeye haz\u0131r olun!Civciv Ciki, Anne Tavuk Tatu, Kaz Paytak, Horoz H\u00fcrh\u00fcr, Ke\u00e7i Gudu ve Kaplumba\u011fa Kapki&#8230;\u00c7ocu\u011funuz bu kitaptaki kahramanlarla tan\u0131\u015f\u0131rken sab\u0131rl\u0131 olmay\u0131 e\u011flenerek \u00f6\u011frenecek. <\/p>\n","protected":false},"excerpt":{"rendered":"<p>\u00c7iftli\u011fe yeni kat\u0131lan Civciv Ciki ve \u00e7iftlikte ya\u015fayan dostlar\u0131n\u0131 e\u011flenceli b\u00fcy\u00fck g\u00f6zleri ile g\u00f6rmeye haz\u0131r olun!Civciv Ciki, Anne Tavuk Tatu, Kaz Paytak, Horoz H\u00fcrh\u00fcr, Ke\u00e7i Gudu<span class=\"excerpt-hellip\"> [\u2026]<\/span><\/p>\n","protected":false},"featured_media":0,"template":"","meta":{"_monsterinsights_skip_tracking":false,"_monsterinsights_sitenote_active":false,"_monsterinsights_sitenote_note":"","_monsterinsights_sitenote_category":0},"product_brand":[],"product_cat":[12274,12284],"product_tag":[],"class_list":{"0":"post-780549","1":"product","2":"type-product","3":"status-publish","5":"product_cat-cocuk-ve-genclik-kitaplari","6":"product_cat-hikayeler","7":"pa_cilt-ciltsiz","8":"pa_tur-kitap","9":"pa_yayinevi-sincap-kitap","10":"pa_yazar-asiye-asli-aslaner","12":"first","13":"instock","14":"sale","15":"shipping-taxable","16":"purchasable","17":"product-type-simple"},"_links":{"self":[{"href":"https:\/\/roveyayinevi.com.tr\/index.php\/wp-json\/wp\/v2\/product\/780549","targetHints":{"allow":["GET"]}}],"collection":[{"href":"https:\/\/roveyayinevi.com.tr\/index.php\/wp-json\/wp\/v2\/product"}],"about":[{"href":"https:\/\/roveyayinevi.com.tr\/index.php\/wp-json\/wp\/v2\/types\/product"}],"wp:attachment":[{"href":"https:\/\/roveyayinevi.com.tr\/index.php\/wp-json\/wp\/v2\/media?parent=780549"}],"wp:term":[{"taxonomy":"product_brand","embeddable":true,"href":"https:\/\/roveyayinevi.com.tr\/index.php\/wp-json\/wp\/v2\/product_brand?post=780549"},{"taxonomy":"product_cat","embeddable":true,"href":"https:\/\/roveyayinevi.com.tr\/index.php\/wp-json\/wp\/v2\/product_cat?post=780549"},{"taxonomy":"product_tag","embeddable":true,"href":"https:\/\/roveyayinevi.com.tr\/index.php\/wp-json\/wp\/v2\/product_tag?post=780549"}],"curies":[{"name":"wp","href":"https:\/\/api.w.org\/{rel}","templated":true}]}}