{"id":780547,"date":"2026-01-20T03:05:10","date_gmt":"2026-01-20T00:05:10","guid":{"rendered":"https:\/\/roveyayinevi.com.tr\/index.php\/urun\/biraz-kiskandim-sanki-bazen-olur-boyle\/"},"modified":"2026-04-16T02:37:02","modified_gmt":"2026-04-15T23:37:02","slug":"biraz-kiskandim-sanki-bazen-olur-boyle","status":"publish","type":"product","link":"https:\/\/roveyayinevi.com.tr\/index.php\/urun\/biraz-kiskandim-sanki-bazen-olur-boyle\/","title":{"rendered":"Biraz K\u0131skand\u0131m Sanki &#8211; Bazen Olur B\u00f6yle!"},"content":{"rendered":"<p>Bazen olur b\u00f6yle ama \u00e7\u00f6z\u00fcm yine kalbinde!Klinik Psikolog Mehmet Teber&#8217;in kaleminden s\u0131cac\u0131k bir &#8220;DUYGULARA Y\u00d6N VERME&#8221; hik\u00e2yesi. Kalbindeki mor balonla tan\u0131\u015fmaya haz\u0131r m\u0131s\u0131n?<\/p>\n","protected":false},"excerpt":{"rendered":"<p>Bazen olur b\u00f6yle ama \u00e7\u00f6z\u00fcm yine kalbinde!Klinik Psikolog Mehmet Teber&#8217;in kaleminden s\u0131cac\u0131k bir &#8220;DUYGULARA Y\u00d6N VERME&#8221; hik\u00e2yesi. Kalbindeki mor balonla tan\u0131\u015fmaya haz\u0131r m\u0131s\u0131n?<\/p>\n","protected":false},"featured_media":0,"template":"","meta":{"_monsterinsights_skip_tracking":false,"_monsterinsights_sitenote_active":false,"_monsterinsights_sitenote_note":"","_monsterinsights_sitenote_category":0},"product_brand":[],"product_cat":[12274,12523],"product_tag":[],"class_list":{"0":"post-780547","1":"product","2":"type-product","3":"status-publish","5":"product_cat-cocuk-ve-genclik-kitaplari","6":"product_cat-masallar","7":"pa_cilt-ciltsiz","8":"pa_tur-kitap","9":"pa_yayinevi-sincap-kitap","10":"pa_yazar-mehmet-teber","12":"first","13":"instock","14":"sale","15":"shipping-taxable","16":"purchasable","17":"product-type-simple"},"_links":{"self":[{"href":"https:\/\/roveyayinevi.com.tr\/index.php\/wp-json\/wp\/v2\/product\/780547","targetHints":{"allow":["GET"]}}],"collection":[{"href":"https:\/\/roveyayinevi.com.tr\/index.php\/wp-json\/wp\/v2\/product"}],"about":[{"href":"https:\/\/roveyayinevi.com.tr\/index.php\/wp-json\/wp\/v2\/types\/product"}],"wp:attachment":[{"href":"https:\/\/roveyayinevi.com.tr\/index.php\/wp-json\/wp\/v2\/media?parent=780547"}],"wp:term":[{"taxonomy":"product_brand","embeddable":true,"href":"https:\/\/roveyayinevi.com.tr\/index.php\/wp-json\/wp\/v2\/product_brand?post=780547"},{"taxonomy":"product_cat","embeddable":true,"href":"https:\/\/roveyayinevi.com.tr\/index.php\/wp-json\/wp\/v2\/product_cat?post=780547"},{"taxonomy":"product_tag","embeddable":true,"href":"https:\/\/roveyayinevi.com.tr\/index.php\/wp-json\/wp\/v2\/product_tag?post=780547"}],"curies":[{"name":"wp","href":"https:\/\/api.w.org\/{rel}","templated":true}]}}