{"id":780536,"date":"2026-01-20T03:00:04","date_gmt":"2026-01-20T00:00:04","guid":{"rendered":"https:\/\/roveyayinevi.com.tr\/index.php\/urun\/eskicag-yazilari-14\/"},"modified":"2026-03-03T02:50:14","modified_gmt":"2026-03-02T23:50:14","slug":"eskicag-yazilari-14","status":"publish","type":"product","link":"https:\/\/roveyayinevi.com.tr\/index.php\/urun\/eskicag-yazilari-14\/","title":{"rendered":"Eski\u00e7a\u011f Yaz\u0131lar\u0131 14"},"content":{"rendered":"<p>Anadolu&#8217;nun g\u00fcneybat\u0131 k\u00f6\u015fesinde bulunan, bug\u00fcn Teke yar\u0131madas\u0131n\u0131 kapsayan b\u00f6lge Antik D\u00f6nem&#8217;de Lykia olarak adland\u0131r\u0131lmaktayd\u0131. Olduk\u00e7a da\u011fl\u0131k bir yap\u0131ya sahip olan b\u00f6lgebu \u00f6zelli\u011fi bak\u0131m\u0131ndan kendisine \u00f6zg\u00fc unsurlar\u0131 koruyabilmi\u015f, bu bak\u0131mdan da Anadolu&#8217;nun dikkat \u00e7eken ve \u00f6nemli b\u00f6lgelerinden birisi olmu\u015ftur. B\u00f6lge, ticaret ve seyahat a\u00e7\u0131s\u0131ndan zengin Akden\u015fz Ticareti ve Anadolu&#8217;nun i\u00e7 b\u00f6lgelerine olan ula\u015f\u0131m konusunda bir ba\u011flant\u0131 sa\u011flamas\u0131 nedeniyle stratejik \u00f6nemini Antik D\u00f6nem&#8217;de de korumu\u015ftur. B\u00f6lgenin ara\u015ft\u0131rma tarih\u00e7esi olduk\u00e7a uzun bir zaman dilimini kapsamaktad\u0131r. Bu ba\u011flamda d\u00fczenli kaz\u0131 \u00e7al\u0131\u015fmalar\u0131 ve y\u00fczey ara\u015ft\u0131rmalar\u0131 20. y\u00fczy\u0131lda ba\u015flam\u0131\u015f ve g\u00fcn\u00fcm\u00fcze kadarsay\u0131ca art\u0131\u015f g\u00f6stermi\u015ftir. Ksanthos &#8211; Letoon, Patara, Limyra, Myra &#8211; Andriake, Oinoanda, Kyaneai, Phellos, Olympos, Arykanda, Trebenna gibi pek \u00e7ok kentte y\u00fcr\u00fct\u00fclen\u00f6nemli arkeolojik \u00e7al\u0131\u015fmalar\u0131n yan\u0131 s\u0131ra b\u00f6lgedeki yol a\u011flar\u0131 \u00fczerine taraf\u0131m\u0131zdan yap\u0131lan \u00e7al\u0131\u015fmalar gibi genel co\u011frafyaya y\u00f6nelik y\u00fczey ara\u015ft\u0131rmalar\u0131 da bulunmaktad\u0131r.Bu ara\u015ft\u0131rmalar yeni malzemeler bulunmas\u0131n\u0131 ve mevcut verilen yeniden de\u011ferlendirilmesini, bu sayede de yeni tespit ve fikirlerin ortaya .\u0131kmas\u0131n\u0131 sa\u011flamakta,bunun neticesinde deLykia&#8217;ya ili\u015fkin ara\u015ft\u0131rmalar ve yay\u0131nlar g\u00fcn ge\u00e7tik\u00e7e artmaktad\u0131r. T\u00fcm bunlar b\u00f6lgede ara\u015ft\u0131rmac\u0131lar\u0131n daha do\u011fru ve somut sonu\u00e7lar elde edibilmesinde fayda sa\u011flayacak aktif ve verimli bir ara\u015ft\u0131rma sahas\u0131 olu\u015fturmaktad\u0131r.Ancak son otuz y\u0131lda artan \u00e7al\u0131\u015fmalara ra\u011fmen b\u00f6lgede epigrafik temelde yerle\u015fimlerin stat\u00fcleri, ya\u015fad\u0131klar\u0131 de\u011fi\u015fimler ve teritoryumalanlar\u0131n\u0131n tespitine ili\u015fkin bir \u00e7al\u0131\u015fma bulunmamaktad\u0131r ve bu eksiklik mevcut \u00e7al\u0131\u015fman\u0131n en \u00f6nemli nedenlerinden bir tanesi olmu\u015ftur<\/p>\n","protected":false},"excerpt":{"rendered":"<p>Anadolu&#8217;nun g\u00fcneybat\u0131 k\u00f6\u015fesinde bulunan, bug\u00fcn Teke yar\u0131madas\u0131n\u0131 kapsayan b\u00f6lge Antik D\u00f6nem&#8217;de Lykia olarak adland\u0131r\u0131lmaktayd\u0131. Olduk\u00e7a da\u011fl\u0131k bir yap\u0131ya sahip olan b\u00f6lgebu \u00f6zelli\u011fi bak\u0131m\u0131ndan kendisine \u00f6zg\u00fc unsurlar\u0131<span class=\"excerpt-hellip\"> [\u2026]<\/span><\/p>\n","protected":false},"featured_media":0,"template":"","meta":{"_monsterinsights_skip_tracking":false,"_monsterinsights_sitenote_active":false,"_monsterinsights_sitenote_note":"","_monsterinsights_sitenote_category":0},"product_brand":[],"product_cat":[13527],"product_tag":[],"class_list":{"0":"post-780536","1":"product","2":"type-product","3":"status-publish","5":"product_cat-sureli-yayinlar","6":"pa_cilt-ciltsiz","7":"pa_tur-kitap","8":"pa_yayinevi-bilgin-kultur-sanat","9":"pa_yazar-bilgin-kultur-kolektif","11":"first","12":"instock","13":"sale","14":"shipping-taxable","15":"purchasable","16":"product-type-simple"},"_links":{"self":[{"href":"https:\/\/roveyayinevi.com.tr\/index.php\/wp-json\/wp\/v2\/product\/780536","targetHints":{"allow":["GET"]}}],"collection":[{"href":"https:\/\/roveyayinevi.com.tr\/index.php\/wp-json\/wp\/v2\/product"}],"about":[{"href":"https:\/\/roveyayinevi.com.tr\/index.php\/wp-json\/wp\/v2\/types\/product"}],"wp:attachment":[{"href":"https:\/\/roveyayinevi.com.tr\/index.php\/wp-json\/wp\/v2\/media?parent=780536"}],"wp:term":[{"taxonomy":"product_brand","embeddable":true,"href":"https:\/\/roveyayinevi.com.tr\/index.php\/wp-json\/wp\/v2\/product_brand?post=780536"},{"taxonomy":"product_cat","embeddable":true,"href":"https:\/\/roveyayinevi.com.tr\/index.php\/wp-json\/wp\/v2\/product_cat?post=780536"},{"taxonomy":"product_tag","embeddable":true,"href":"https:\/\/roveyayinevi.com.tr\/index.php\/wp-json\/wp\/v2\/product_tag?post=780536"}],"curies":[{"name":"wp","href":"https:\/\/api.w.org\/{rel}","templated":true}]}}