{"id":780535,"date":"2026-01-20T02:59:51","date_gmt":"2026-01-19T23:59:51","guid":{"rendered":"https:\/\/roveyayinevi.com.tr\/index.php\/urun\/ayi-balkupu-ve-sevimli-dostlari-bu-kocaman-gozler-kimin-7\/"},"modified":"2026-04-16T02:33:33","modified_gmt":"2026-04-15T23:33:33","slug":"ayi-balkupu-ve-sevimli-dostlari-bu-kocaman-gozler-kimin-7","status":"publish","type":"product","link":"https:\/\/roveyayinevi.com.tr\/index.php\/urun\/ayi-balkupu-ve-sevimli-dostlari-bu-kocaman-gozler-kimin-7\/","title":{"rendered":"Ay\u0131 Balk\u00fcp\u00fc ve Sevimli Dostlar\u0131 &#8211; Bu Kocaman G\u00f6zler Kimin 7"},"content":{"rendered":"<p>&#8220;Kalbi sevgi dolu Ay\u0131 Balk\u00fcp\u00fc ve ormanda ya\u015fayan minik arkada\u015flar\u0131n\u0131 e\u011flenceli b\u00fcy\u00fck g\u00f6zleri ile g\u00f6rmeye haz\u0131r olun! Ay\u0131 Balk\u00fcp\u00fc,Ar\u0131 V\u0131zv\u0131z,Kar\u0131nca Anten,U\u011fur B\u00f6ce\u011fi Benek,Kelebek Nazik ve \u00d6r\u00fcmcek \u00d6ren&#8230;\u00c7ocu\u011funuz bu kitaptaki kahramanlarla tan\u0131\u015f\u0131rken di\u011fer canl\u0131lara ve hayvanlara sayg\u0131 kavram\u0131n\u0131 da e\u011flenerek \u00f6\u011frenecek.&#8221;<\/p>\n","protected":false},"excerpt":{"rendered":"<p>&#8220;Kalbi sevgi dolu Ay\u0131 Balk\u00fcp\u00fc ve ormanda ya\u015fayan minik arkada\u015flar\u0131n\u0131 e\u011flenceli b\u00fcy\u00fck g\u00f6zleri ile g\u00f6rmeye haz\u0131r olun! Ay\u0131 Balk\u00fcp\u00fc,Ar\u0131 V\u0131zv\u0131z,Kar\u0131nca Anten,U\u011fur B\u00f6ce\u011fi Benek,Kelebek Nazik ve \u00d6r\u00fcmcek<span class=\"excerpt-hellip\"> [\u2026]<\/span><\/p>\n","protected":false},"featured_media":0,"template":"","meta":{"_monsterinsights_skip_tracking":false,"_monsterinsights_sitenote_active":false,"_monsterinsights_sitenote_note":"","_monsterinsights_sitenote_category":0},"product_brand":[],"product_cat":[12274,12284],"product_tag":[],"class_list":{"0":"post-780535","1":"product","2":"type-product","3":"status-publish","5":"product_cat-cocuk-ve-genclik-kitaplari","6":"product_cat-hikayeler","7":"pa_cilt-ciltsiz","8":"pa_tur-kitap","9":"pa_yayinevi-sincap-kitap","10":"pa_yazar-asiye-asli-aslaner","12":"first","13":"instock","14":"sale","15":"shipping-taxable","16":"purchasable","17":"product-type-simple"},"_links":{"self":[{"href":"https:\/\/roveyayinevi.com.tr\/index.php\/wp-json\/wp\/v2\/product\/780535","targetHints":{"allow":["GET"]}}],"collection":[{"href":"https:\/\/roveyayinevi.com.tr\/index.php\/wp-json\/wp\/v2\/product"}],"about":[{"href":"https:\/\/roveyayinevi.com.tr\/index.php\/wp-json\/wp\/v2\/types\/product"}],"wp:attachment":[{"href":"https:\/\/roveyayinevi.com.tr\/index.php\/wp-json\/wp\/v2\/media?parent=780535"}],"wp:term":[{"taxonomy":"product_brand","embeddable":true,"href":"https:\/\/roveyayinevi.com.tr\/index.php\/wp-json\/wp\/v2\/product_brand?post=780535"},{"taxonomy":"product_cat","embeddable":true,"href":"https:\/\/roveyayinevi.com.tr\/index.php\/wp-json\/wp\/v2\/product_cat?post=780535"},{"taxonomy":"product_tag","embeddable":true,"href":"https:\/\/roveyayinevi.com.tr\/index.php\/wp-json\/wp\/v2\/product_tag?post=780535"}],"curies":[{"name":"wp","href":"https:\/\/api.w.org\/{rel}","templated":true}]}}