{"id":780524,"date":"2026-01-20T02:54:45","date_gmt":"2026-01-19T23:54:45","guid":{"rendered":"https:\/\/roveyayinevi.com.tr\/index.php\/urun\/mesleki-yazismalar-2\/"},"modified":"2026-04-16T02:30:39","modified_gmt":"2026-04-15T23:30:39","slug":"mesleki-yazismalar-2","status":"publish","type":"product","link":"https:\/\/roveyayinevi.com.tr\/index.php\/urun\/mesleki-yazismalar-2\/","title":{"rendered":"Mesleki Yaz\u0131\u015fmalar"},"content":{"rendered":"<p>Kurum ve kurulu\u015flar\u0131n faaliyetlerini sa\u011fl\u0131kl\u0131 y\u00fcr\u00fctebilmelerinde, \u00f6rg\u00fct i\u00e7 ve d\u0131\u015f \u00e7evresi aras\u0131ndaki geli\u015fmeleri takip edebilmelerinde kan\u0131tsal niteli\u011fe sahip mesleki yaz\u0131\u015fmalar b\u00fcy\u00fck \u00f6nem arz etmektedir.Kamu-\u00f6zel kurum ve kurulu\u015flar i\u00e7in \u00f6nemli olan yaz\u0131\u015fma y\u00f6ntem ve tekniklerinin do\u011fru kullan\u0131lmas\u0131 ve standartlara uygun bir \u015fekilde yaz\u0131lmas\u0131, yaz\u0131\u015fmalar\u0131n belirli plan d\u00e2hilinde y\u00fcr\u00fct\u00fclmesi gereklili\u011finden yola \u00e7\u0131k\u0131larak haz\u0131rlanan bu kitab\u0131n ilk b\u00f6l\u00fcm\u00fcnde ileti\u015fim ve yaz\u0131l\u0131 ileti\u015fimin \u00f6nemi, yaz\u0131\u015fma ve yaz\u0131m kurallar\u0131 a\u00e7\u0131klanmaktad\u0131r. \u0130kinci b\u00f6l\u00fcmde; yaz\u0131\u015fma t\u00fcrleri, resmi yaz\u0131lar, Resmi Yaz\u0131\u015fmalarda Uygulanacak Esas ve Usuller Hakk\u0131ndaki Y\u00f6netmelik esas al\u0131narak \u00f6rneklerle i\u015flenmektedir. Ayr\u0131ca i\u015f yaz\u0131lar\u0131 \u00e7e\u015fitleri, bi\u00e7imsel ve i\u00e7erik d\u00fczenlemeleri \u00f6rneklerle a\u00e7\u0131klanmaktad\u0131r. \u00dc\u00e7\u00fcnc\u00fc b\u00f6l\u00fcmde; bilgi ve ileti\u015fim teknolojileri, bilgi ve ileti\u015fim teknolojilerinin yaz\u0131l\u0131 ileti\u015fime sa\u011flad\u0131\u011f\u0131 avantajlar ve kullan\u0131m\u0131nda dikkat edilmesi gereken hususlar konusunda bilgi verilmektedir. D\u00f6rd\u00fcnc\u00fc b\u00f6l\u00fcm; resmi ve i\u015f yaz\u0131 \u00f6rnekleri, y\u00f6netmelikler ve \u00f6rnek uygulamalar\u0131 i\u00e7ermektedir.<\/p>\n","protected":false},"excerpt":{"rendered":"<p>Kurum ve kurulu\u015flar\u0131n faaliyetlerini sa\u011fl\u0131kl\u0131 y\u00fcr\u00fctebilmelerinde, \u00f6rg\u00fct i\u00e7 ve d\u0131\u015f \u00e7evresi aras\u0131ndaki geli\u015fmeleri takip edebilmelerinde kan\u0131tsal niteli\u011fe sahip mesleki yaz\u0131\u015fmalar b\u00fcy\u00fck \u00f6nem arz etmektedir.Kamu-\u00f6zel kurum ve<span class=\"excerpt-hellip\"> [\u2026]<\/span><\/p>\n","protected":false},"featured_media":0,"template":"","meta":{"_monsterinsights_skip_tracking":false,"_monsterinsights_sitenote_active":false,"_monsterinsights_sitenote_note":"","_monsterinsights_sitenote_category":0},"product_brand":[],"product_cat":[13043,14381],"product_tag":[],"class_list":{"0":"post-780524","1":"product","2":"type-product","3":"status-publish","5":"product_cat-ekonomi","6":"product_cat-isletme-muhasebe-maliye","7":"pa_cilt-ciltsiz","8":"pa_tur-kitap","9":"pa_yayinevi-nobel-akademik-yayincilik","10":"pa_yazar-emel-selimoglu","12":"first","13":"instock","14":"sale","15":"shipping-taxable","16":"purchasable","17":"product-type-simple"},"_links":{"self":[{"href":"https:\/\/roveyayinevi.com.tr\/index.php\/wp-json\/wp\/v2\/product\/780524","targetHints":{"allow":["GET"]}}],"collection":[{"href":"https:\/\/roveyayinevi.com.tr\/index.php\/wp-json\/wp\/v2\/product"}],"about":[{"href":"https:\/\/roveyayinevi.com.tr\/index.php\/wp-json\/wp\/v2\/types\/product"}],"wp:attachment":[{"href":"https:\/\/roveyayinevi.com.tr\/index.php\/wp-json\/wp\/v2\/media?parent=780524"}],"wp:term":[{"taxonomy":"product_brand","embeddable":true,"href":"https:\/\/roveyayinevi.com.tr\/index.php\/wp-json\/wp\/v2\/product_brand?post=780524"},{"taxonomy":"product_cat","embeddable":true,"href":"https:\/\/roveyayinevi.com.tr\/index.php\/wp-json\/wp\/v2\/product_cat?post=780524"},{"taxonomy":"product_tag","embeddable":true,"href":"https:\/\/roveyayinevi.com.tr\/index.php\/wp-json\/wp\/v2\/product_tag?post=780524"}],"curies":[{"name":"wp","href":"https:\/\/api.w.org\/{rel}","templated":true}]}}