{"id":780518,"date":"2026-01-20T02:52:01","date_gmt":"2026-01-19T23:52:01","guid":{"rendered":"https:\/\/roveyayinevi.com.tr\/index.php\/urun\/her-yerde-kan-var\/"},"modified":"2026-04-16T02:28:48","modified_gmt":"2026-04-15T23:28:48","slug":"her-yerde-kan-var","status":"publish","type":"product","link":"https:\/\/roveyayinevi.com.tr\/index.php\/urun\/her-yerde-kan-var\/","title":{"rendered":"Her Yerde Kan Var"},"content":{"rendered":"<p>Ay\u015fe Kulin\u2019den Osmanl\u0131\u2019n\u0131n son d\u00f6nemine \u00e7ok \u00e7arp\u0131c\u0131 bir bak\u0131\u015f: Her Yerde Kan Var! Sultan Abd\u00fclaziz\u2019in s\u0131r dolu \u00f6l\u00fcm\u00fcyle sonu\u00e7lanan bir d\u00f6nemi, saraydaki bir\u00e7ok \u00f6nemli kahraman\u0131n g\u00f6z\u00fcnden okuyoruz bu romanda. Kulin\u2019in b\u00fct\u00fcn karakterlere kimi zaman m\u00fcthi\u015f insani hassasiyetle, kimi zaman da edebiyat\u0131n b\u00fct\u00fcn s\u0131n\u0131rlar\u0131yla yakla\u015ft\u0131\u011f\u0131n\u0131 g\u00f6r\u00fcyoruz. Her Yerde Kan Var yak\u0131n tarihin asl\u0131nda bug\u00fcne ne denli benzedi\u011finin, tarihin sadece tekerr\u00fcrden de\u011fil, tefekk\u00fcrden de ibaret oldu\u011funun roman\u0131. D\u00f6n\u00fcp o d\u00f6nemi b\u00fct\u00fcn canl\u0131l\u0131\u011f\u0131 ve d\u00fcr\u00fcstl\u00fc\u011f\u00fcyle okumaya dair hakiki bir \u00e7a\u011fr\u0131, bir vaat! \u201cAksaray\u2019dan kar geliyorBen sand\u0131m ki yar geliyor\u00c7\u0131kt\u0131m bakt\u0131m pencereye\u00c7erkez Hasan can veriyor\u201d t\u00fcrk\u00fcs\u00fcn\u00fcn hep bizimle oldu\u011fu, nefes nefese okuyaca\u011f\u0131m\u0131z bir bak\u0131\u015f roman\u0131 Her Yerde Kan Var\u2026 Ay\u015fe Kulin\u2019in incelikli kaleminden. <\/p>\n","protected":false},"excerpt":{"rendered":"<p>Ay\u015fe Kulin\u2019den Osmanl\u0131\u2019n\u0131n son d\u00f6nemine \u00e7ok \u00e7arp\u0131c\u0131 bir bak\u0131\u015f: Her Yerde Kan Var! Sultan Abd\u00fclaziz\u2019in s\u0131r dolu \u00f6l\u00fcm\u00fcyle sonu\u00e7lanan bir d\u00f6nemi, saraydaki bir\u00e7ok \u00f6nemli kahraman\u0131n g\u00f6z\u00fcnden<span class=\"excerpt-hellip\"> [\u2026]<\/span><\/p>\n","protected":false},"featured_media":0,"template":"","meta":{"_monsterinsights_skip_tracking":false,"_monsterinsights_sitenote_active":false,"_monsterinsights_sitenote_note":"","_monsterinsights_sitenote_category":0},"product_brand":[],"product_cat":[12291,12711],"product_tag":[],"class_list":{"0":"post-780518","1":"product","2":"type-product","3":"status-publish","5":"product_cat-edebiyat","6":"product_cat-roman-oyku","7":"pa_cilt-ciltsiz","8":"pa_tur-kitap","9":"pa_yayinevi-everest-yayinlari","10":"pa_yazar-ayse-kulin","12":"first","13":"instock","14":"sale","15":"shipping-taxable","16":"purchasable","17":"product-type-simple"},"_links":{"self":[{"href":"https:\/\/roveyayinevi.com.tr\/index.php\/wp-json\/wp\/v2\/product\/780518","targetHints":{"allow":["GET"]}}],"collection":[{"href":"https:\/\/roveyayinevi.com.tr\/index.php\/wp-json\/wp\/v2\/product"}],"about":[{"href":"https:\/\/roveyayinevi.com.tr\/index.php\/wp-json\/wp\/v2\/types\/product"}],"wp:attachment":[{"href":"https:\/\/roveyayinevi.com.tr\/index.php\/wp-json\/wp\/v2\/media?parent=780518"}],"wp:term":[{"taxonomy":"product_brand","embeddable":true,"href":"https:\/\/roveyayinevi.com.tr\/index.php\/wp-json\/wp\/v2\/product_brand?post=780518"},{"taxonomy":"product_cat","embeddable":true,"href":"https:\/\/roveyayinevi.com.tr\/index.php\/wp-json\/wp\/v2\/product_cat?post=780518"},{"taxonomy":"product_tag","embeddable":true,"href":"https:\/\/roveyayinevi.com.tr\/index.php\/wp-json\/wp\/v2\/product_tag?post=780518"}],"curies":[{"name":"wp","href":"https:\/\/api.w.org\/{rel}","templated":true}]}}