{"id":780491,"date":"2026-01-20T02:45:01","date_gmt":"2026-01-19T23:45:01","guid":{"rendered":"https:\/\/roveyayinevi.com.tr\/index.php\/urun\/kemalizm-laiklik-ve-demokrasi\/"},"modified":"2026-02-03T02:38:48","modified_gmt":"2026-02-02T23:38:48","slug":"kemalizm-laiklik-ve-demokrasi","status":"publish","type":"product","link":"https:\/\/roveyayinevi.com.tr\/index.php\/urun\/kemalizm-laiklik-ve-demokrasi\/","title":{"rendered":"Kemalizm, Laiklik ve Demokrasi"},"content":{"rendered":"<p>Erdal \u0130n\u00f6n\u00fc: Fikirleri ve yapt\u0131klar\u0131 her zaman ya\u015fayacak.- (SHP Genel Ba\u015fkan\u0131)Ulu\u00e7 G\u00fcrkan: Kemalist ayd\u0131nlanmam\u0131z\u0131n en parlak \u0131\u015f\u0131klar\u0131ndand\u0131.- (Gazeteci, Milletvekili)I\u015f\u0131n \u00c7elebi: Senden \u00e7ok \u015fey \u00f6\u011frendik, \u00e7ok \u015fey \u00f6\u011frenece\u011fiz.- (Devlet Bakan\u0131)Nazan Moro\u011flu: Ayd\u0131nlar\u0131 yok etmekle bu \u00fclkenin ayd\u0131nl\u0131\u011f\u0131 karart\u0131lamayacak.- (Kad\u0131n Ara\u015ft\u0131rmalar\u0131 Derne\u011fi Ba\u015fkan\u0131)Prof. Dr. T\u00fcrkkaya Ata\u00f6v: \u0130slam bir s\u0131r de\u011fildir. Onun ne oldu\u011funu, ne olmad\u0131\u011f\u0131n\u0131 biz de iyi biliyoruz. \u0130slam\u2019\u0131n temelinde ho\u015fg\u00f6r\u00fc, tart\u0131\u015fma vard\u0131r. Peygamberin s\u00f6zlerine bak\u0131n\u0131z.B\u00f6yle bir kan d\u00f6k\u00fclmesini lanetler. \u0130lim yapmak y\u0131llarca ibadet yerine ge\u00e7er.Tamer Levent: Sevgili Ahmet Taner K\u0131\u015flal\u0131\u2019y\u0131 katledenler onun ki\u015fili\u011finde \u00fclkenin k\u00fclt\u00fcrel kalk\u0131nmas\u0131n\u0131 da hedef al\u0131yorlar.- (Oyuncu)S\u0131tk\u0131 Ayd\u0131nel: T\u00fcm emekli subaylar bu saftan kesinlikle ayr\u0131lmayacak ve Atat\u00fcrk\u00e7\u00fcl\u00fc\u011fe y\u00f6nelen her t\u00fcrl\u00fc tehlikeye kar\u015f\u0131 \u00f6m\u00fcr boyu m\u00fccadele ederek kar\u015f\u0131 koyacakt\u0131r.- (E. General, T\u00fcrkiye Emekli Subaylar Derne\u011fi Genel Ba\u015fkan\u0131)<\/p>\n","protected":false},"excerpt":{"rendered":"<p>Erdal \u0130n\u00f6n\u00fc: Fikirleri ve yapt\u0131klar\u0131 her zaman ya\u015fayacak.- (SHP Genel Ba\u015fkan\u0131)Ulu\u00e7 G\u00fcrkan: Kemalist ayd\u0131nlanmam\u0131z\u0131n en parlak \u0131\u015f\u0131klar\u0131ndand\u0131.- (Gazeteci, Milletvekili)I\u015f\u0131n \u00c7elebi: Senden \u00e7ok \u015fey \u00f6\u011frendik, \u00e7ok \u015fey<span class=\"excerpt-hellip\"> [\u2026]<\/span><\/p>\n","protected":false},"featured_media":0,"template":"","meta":{"_monsterinsights_skip_tracking":false,"_monsterinsights_sitenote_active":false,"_monsterinsights_sitenote_note":"","_monsterinsights_sitenote_category":0},"product_brand":[],"product_cat":[12337],"product_tag":[],"class_list":{"0":"post-780491","1":"product","2":"type-product","3":"status-publish","5":"product_cat-politika-siyaset","6":"pa_cilt-ciltsiz","7":"pa_tur-kitap","8":"pa_yayinevi-kirmizi-kedi-yayinevi","9":"pa_yazar-ahmet-taner-kislali","11":"first","12":"instock","13":"sale","14":"shipping-taxable","15":"purchasable","16":"product-type-simple"},"_links":{"self":[{"href":"https:\/\/roveyayinevi.com.tr\/index.php\/wp-json\/wp\/v2\/product\/780491","targetHints":{"allow":["GET"]}}],"collection":[{"href":"https:\/\/roveyayinevi.com.tr\/index.php\/wp-json\/wp\/v2\/product"}],"about":[{"href":"https:\/\/roveyayinevi.com.tr\/index.php\/wp-json\/wp\/v2\/types\/product"}],"wp:attachment":[{"href":"https:\/\/roveyayinevi.com.tr\/index.php\/wp-json\/wp\/v2\/media?parent=780491"}],"wp:term":[{"taxonomy":"product_brand","embeddable":true,"href":"https:\/\/roveyayinevi.com.tr\/index.php\/wp-json\/wp\/v2\/product_brand?post=780491"},{"taxonomy":"product_cat","embeddable":true,"href":"https:\/\/roveyayinevi.com.tr\/index.php\/wp-json\/wp\/v2\/product_cat?post=780491"},{"taxonomy":"product_tag","embeddable":true,"href":"https:\/\/roveyayinevi.com.tr\/index.php\/wp-json\/wp\/v2\/product_tag?post=780491"}],"curies":[{"name":"wp","href":"https:\/\/api.w.org\/{rel}","templated":true}]}}