{"id":780482,"date":"2026-01-20T02:43:06","date_gmt":"2026-01-19T23:43:06","guid":{"rendered":"https:\/\/roveyayinevi.com.tr\/index.php\/urun\/buyuklerimiz-2\/"},"modified":"2026-04-16T02:23:45","modified_gmt":"2026-04-15T23:23:45","slug":"buyuklerimiz-2","status":"publish","type":"product","link":"https:\/\/roveyayinevi.com.tr\/index.php\/urun\/buyuklerimiz-2\/","title":{"rendered":"B\u00fcy\u00fcklerimiz"},"content":{"rendered":"<p>Siyasal i\u00e7erikli yaz\u0131lar\u0131yla bir k\u00f6\u015fe yazar\u0131 olarak bildi\u011fimiz U\u011fur Mumcu bu kitapta, 1980 \u00f6ncesinde siyasal ya\u015famda ad\u0131 duyulan, belli d\u00f6nemlere damgas\u0131n\u0131 vurmu\u015f bir\u00e7ok \u00fcnl\u00fcn\u00fcn ya\u015fam \u00f6yk\u00fclerini, siyasal ge\u00e7mi\u015flerini, bir g\u00fcld\u00fcr\u00fc yazar\u0131n\u0131n ustal\u0131\u011f\u0131 ile anlat\u0131yor. Mumcu`nun, o d\u00f6nemde Politika ve \u00c7ivi gazetelerinde Mehmet Ferda takma ad\u0131yla yay\u0131nlad\u0131\u011f\u0131 bu ya\u015fam \u00f6yk\u00fcleri, zaman\u0131n \u00fcnl\u00fc T\u00fcrk b\u00fcy\u00fckleri (!) i\u00e7in birer kimlik kart\u0131 niteli\u011finde. Gen\u00e7 okuyucular, bu, kerameti kendilerinden menkul \u00fcnl\u00fc(!)lerin bir k\u0131sm\u0131n\u0131 tan\u0131mayabilirler. Ama haks\u0131zl\u0131k etmesinler; b\u00f6yle \u00fcnl\u00fclerin g\u00fcn\u00fcm\u00fczde de bir\u00e7ok \u00f6rne\u011fi yok mu? Kitaptaki adlar\u0131n yerine, bug\u00fcn tan\u0131d\u0131klar\u0131 \u00fcnl\u00fclerin ad\u0131n\u0131 yazsalar, \u00e7ok fazla \u015fey de\u011fi\u015fmeyece\u011fini g\u00f6recekler.<\/p>\n","protected":false},"excerpt":{"rendered":"<p>Siyasal i\u00e7erikli yaz\u0131lar\u0131yla bir k\u00f6\u015fe yazar\u0131 olarak bildi\u011fimiz U\u011fur Mumcu bu kitapta, 1980 \u00f6ncesinde siyasal ya\u015famda ad\u0131 duyulan, belli d\u00f6nemlere damgas\u0131n\u0131 vurmu\u015f bir\u00e7ok \u00fcnl\u00fcn\u00fcn ya\u015fam \u00f6yk\u00fclerini,<span class=\"excerpt-hellip\"> [\u2026]<\/span><\/p>\n","protected":false},"featured_media":0,"template":"","meta":{"_monsterinsights_skip_tracking":false,"_monsterinsights_sitenote_active":false,"_monsterinsights_sitenote_note":"","_monsterinsights_sitenote_category":0},"product_brand":[],"product_cat":[12337,14543],"product_tag":[],"class_list":{"0":"post-780482","1":"product","2":"type-product","3":"status-publish","5":"product_cat-politika-siyaset","6":"product_cat-turkiye-siyaseti-ve-politikasi","7":"pa_cilt-ciltsiz","8":"pa_tur-kitap","9":"pa_yayinevi-umag-yayinevi","10":"pa_yazar-ugur-mumcu","12":"first","13":"instock","14":"sale","15":"shipping-taxable","16":"purchasable","17":"product-type-simple"},"_links":{"self":[{"href":"https:\/\/roveyayinevi.com.tr\/index.php\/wp-json\/wp\/v2\/product\/780482","targetHints":{"allow":["GET"]}}],"collection":[{"href":"https:\/\/roveyayinevi.com.tr\/index.php\/wp-json\/wp\/v2\/product"}],"about":[{"href":"https:\/\/roveyayinevi.com.tr\/index.php\/wp-json\/wp\/v2\/types\/product"}],"wp:attachment":[{"href":"https:\/\/roveyayinevi.com.tr\/index.php\/wp-json\/wp\/v2\/media?parent=780482"}],"wp:term":[{"taxonomy":"product_brand","embeddable":true,"href":"https:\/\/roveyayinevi.com.tr\/index.php\/wp-json\/wp\/v2\/product_brand?post=780482"},{"taxonomy":"product_cat","embeddable":true,"href":"https:\/\/roveyayinevi.com.tr\/index.php\/wp-json\/wp\/v2\/product_cat?post=780482"},{"taxonomy":"product_tag","embeddable":true,"href":"https:\/\/roveyayinevi.com.tr\/index.php\/wp-json\/wp\/v2\/product_tag?post=780482"}],"curies":[{"name":"wp","href":"https:\/\/api.w.org\/{rel}","templated":true}]}}