{"id":780467,"date":"2026-01-20T02:38:53","date_gmt":"2026-01-19T23:38:53","guid":{"rendered":"https:\/\/roveyayinevi.com.tr\/index.php\/urun\/adli-psikoloji-2\/"},"modified":"2026-03-04T02:37:43","modified_gmt":"2026-03-03T23:37:43","slug":"adli-psikoloji-2","status":"publish","type":"product","link":"https:\/\/roveyayinevi.com.tr\/index.php\/urun\/adli-psikoloji-2\/","title":{"rendered":"Adli Psikoloji"},"content":{"rendered":"<p>Adli psikologlar, adli sistemde bilirki\u015fili\u011fine ba\u015fvurulan uzmanlardand\u0131r. Psikolojinin ve hukukun kesi\u015fme noktas\u0131ndaki adli psikoloji psiko-yasal sorunlar\u0131n \u00e7\u00f6z\u00fcm\u00fcnde bilimsel veri \u00fcretmeyi, verileri genelge\u00e7er kurallara d\u00f6n\u00fc\u015ft\u00fcrmeyi, geli\u015ftirilen kuramlar \u00e7er\u00e7evesinde yasal sistemi bilgilendirmeyi ve yasal s\u00fcre\u00e7lerin bireyin ve toplumun ya\u015fam\u0131n\u0131 koruyacak \u015fekilde dizayn edilmesi i\u00e7in politika geli\u015ftiricilere destek sa\u011flamay\u0131 ama\u00e7lar. Bu ba\u011flamda adli psikologlar, uygulamada yasal mercilerle i\u015fbirli\u011fi \u00e7er\u00e7evesinde uzmanl\u0131k g\u00f6r\u00fc\u015f\u00fcn\u00fc sunma ile kendilerini sorumlu g\u00f6r\u00fcrler. Bu kitap, \u00dc\u00e7 kitaptan olu\u015fan bir serinin ilki olan \u201cAdli Psikoloji\u201d kitab\u0131; Adli Psikoloji, Su\u00e7 ve Psikoloji, Su\u00e7lu Profili, Adli Psikolojide Etik k\u0131s\u0131mlar\u0131ndan olu\u015fmaktad\u0131r. Adli psikolojinin bir bilim olarak tarihsel s\u00fcre\u00e7teki yolculu\u011fu, d\u00fcnyada ve T\u00fcrkiye&#8217;de adli psikoloji uygulamalar\u0131, adli psikolojinin di\u011fer disiplinlerle ili\u015fkisi, su\u00e7 ve su\u00e7 t\u00fcrleri, su\u00e7 ve psikopatoloji aras\u0131ndaki ili\u015fki, su\u00e7lu profilleme, intihar bombac\u0131lar\u0131n\u0131n su\u00e7 profili, adli psikologlar i\u00e7in etik ilkeler ve adli psikologlar\u0131n g\u00f6rev ve sorumluluklar\u0131 gibi pek \u00e7ok konuda adli psikoloji alan\u0131na ili\u015fkin farkl\u0131 boyutlara dikkat \u00e7ekilmi\u015ftir. Adli psikologlara, psikologlara, adli alanla ilgilenen uzmanlara ve uygulay\u0131c\u0131lara rehber olacak \u015fekilde konular zengin vaka \u00f6rnekleri ve etkile\u015fimsel olarak aktar\u0131lm\u0131\u015ft\u0131r. <\/p>\n","protected":false},"excerpt":{"rendered":"<p>Adli psikologlar, adli sistemde bilirki\u015fili\u011fine ba\u015fvurulan uzmanlardand\u0131r. Psikolojinin ve hukukun kesi\u015fme noktas\u0131ndaki adli psikoloji psiko-yasal sorunlar\u0131n \u00e7\u00f6z\u00fcm\u00fcnde bilimsel veri \u00fcretmeyi, verileri genelge\u00e7er kurallara d\u00f6n\u00fc\u015ft\u00fcrmeyi, geli\u015ftirilen kuramlar<span class=\"excerpt-hellip\"> [\u2026]<\/span><\/p>\n","protected":false},"featured_media":0,"template":"","meta":{"_monsterinsights_skip_tracking":false,"_monsterinsights_sitenote_active":false,"_monsterinsights_sitenote_note":"","_monsterinsights_sitenote_category":0},"product_brand":[],"product_cat":[12358,12357],"product_tag":[],"class_list":{"0":"post-780467","1":"product","2":"type-product","3":"status-publish","5":"product_cat-genel-psikoloji","6":"product_cat-psikoloji","7":"pa_cilt-ciltsiz","8":"pa_tur-kitap","9":"pa_yayinevi-nobel-akademik-yayincilik","10":"pa_yazar-kollektif","12":"first","13":"instock","14":"sale","15":"shipping-taxable","16":"purchasable","17":"product-type-simple"},"_links":{"self":[{"href":"https:\/\/roveyayinevi.com.tr\/index.php\/wp-json\/wp\/v2\/product\/780467","targetHints":{"allow":["GET"]}}],"collection":[{"href":"https:\/\/roveyayinevi.com.tr\/index.php\/wp-json\/wp\/v2\/product"}],"about":[{"href":"https:\/\/roveyayinevi.com.tr\/index.php\/wp-json\/wp\/v2\/types\/product"}],"wp:attachment":[{"href":"https:\/\/roveyayinevi.com.tr\/index.php\/wp-json\/wp\/v2\/media?parent=780467"}],"wp:term":[{"taxonomy":"product_brand","embeddable":true,"href":"https:\/\/roveyayinevi.com.tr\/index.php\/wp-json\/wp\/v2\/product_brand?post=780467"},{"taxonomy":"product_cat","embeddable":true,"href":"https:\/\/roveyayinevi.com.tr\/index.php\/wp-json\/wp\/v2\/product_cat?post=780467"},{"taxonomy":"product_tag","embeddable":true,"href":"https:\/\/roveyayinevi.com.tr\/index.php\/wp-json\/wp\/v2\/product_tag?post=780467"}],"curies":[{"name":"wp","href":"https:\/\/api.w.org\/{rel}","templated":true}]}}