{"id":780461,"date":"2026-01-20T02:35:19","date_gmt":"2026-01-19T23:35:19","guid":{"rendered":"https:\/\/roveyayinevi.com.tr\/index.php\/urun\/musa-dag-direnisi\/"},"modified":"2026-02-03T02:30:38","modified_gmt":"2026-02-02T23:30:38","slug":"musa-dag-direnisi","status":"publish","type":"product","link":"https:\/\/roveyayinevi.com.tr\/index.php\/urun\/musa-dag-direnisi\/","title":{"rendered":"Musa Da\u011f Direni\u015fi"},"content":{"rendered":"<p>Anadolu\u2019nun tarihe ge\u00e7mi\u015f en \u00f6nemli direni\u015f hareketlerinden biri olan Musa Da\u011f Direni\u015fi, T\u00fcrk\u00e7ede Halep\u2019in Baronlar\u0131 kitab\u0131yla tan\u0131nan \u0130talyan yazarlar Flavia Amabile ve Marco Tosatti\u2019nin kaleminde yeniden canlan\u0131yor. Franz Werfel\u2019in 1943 tarihli d\u00fcnyaca \u00fcnl\u00fc roman\u0131 Musa Da\u011f\u2019da K\u0131rk G\u00fcn sayesinde edebiyat tarihinde yerini alm\u0131\u015f bu direni\u015f, bu kez bizzat tan\u0131kl\u0131klara dayanarak okurlara sunuluyor. Yazarlar, Hatay, Antakya\u2019daki Musa Da\u011f\u2019\u0131n eteklerindeki alt\u0131 k\u00f6y\u00fcn sakinlerinin b\u00fcy\u00fck bir k\u0131sm\u0131n\u0131n, 1915\u2019te Ermenilerin tehcir emri geldi\u011finde, bu emre uymaktansa ata yurdunda kal\u0131p direnmeyi, onurlu bir \u015fekilde hayatta kalma m\u00fccadelesi vermeyi tercih eden Musa Da\u011fl\u0131lar\u0131n hik\u00e2yesini, belgelerden ve bizzat Musa Da\u011fl\u0131lar\u0131n kaleminden \u00e7\u0131km\u0131\u015f an\u0131lardan hareketle aktar\u0131yor. Musa Da\u011f Direni\u015fi, kendilerinden \u00e7ok daha g\u00fc\u00e7l\u00fc ve silahl\u0131 bir orduya kar\u015f\u0131 yurtlar\u0131n\u0131 ve canlar\u0131n\u0131 cesurca savunan insanlar\u0131n onurlu m\u00fccadelesine ayna tutarken, ayn\u0131 zamanda onlar\u0131n g\u00fcndelik ya\u015fant\u0131lar\u0131na, geleneklerine, rit\u00fcellerine, yeme i\u00e7me pratiklerine ve hayatlar\u0131n\u0131n pek \u00e7ok farkl\u0131 y\u00fcz\u00fcne de bak\u0131yor. \u0130nsan hik\u00e2yelerinden yola \u00e7\u0131kan, bunu yaparken de siyasi ve toplumsal geli\u015fmelere de \u0131\u015f\u0131k tutan bu kitapta, bir halk\u0131n bizzat yazd\u0131\u011f\u0131 bir direni\u015f destan\u0131 t\u00fcm y\u00f6nleriyle ve \u00e7ok say\u0131da foto\u011fraf e\u015fli\u011finde ele al\u0131n\u0131yor. <\/p>\n","protected":false},"excerpt":{"rendered":"<p>Anadolu\u2019nun tarihe ge\u00e7mi\u015f en \u00f6nemli direni\u015f hareketlerinden biri olan Musa Da\u011f Direni\u015fi, T\u00fcrk\u00e7ede Halep\u2019in Baronlar\u0131 kitab\u0131yla tan\u0131nan \u0130talyan yazarlar Flavia Amabile ve Marco Tosatti\u2019nin kaleminde yeniden<span class=\"excerpt-hellip\"> [\u2026]<\/span><\/p>\n","protected":false},"featured_media":0,"template":"","meta":{"_monsterinsights_skip_tracking":false,"_monsterinsights_sitenote_active":false,"_monsterinsights_sitenote_note":"","_monsterinsights_sitenote_category":0},"product_brand":[],"product_cat":[13590,12337],"product_tag":[],"class_list":{"0":"post-780461","1":"product","2":"type-product","3":"status-publish","5":"product_cat-arastirma-inceleme-politika-siyaset","6":"product_cat-politika-siyaset","7":"pa_cilt-ciltsiz","8":"pa_tur-kitap","9":"pa_yayinevi-aras-yayinlari","10":"pa_yazar-flavia-amabile-marco-tosatti","12":"first","13":"instock","14":"sale","15":"shipping-taxable","16":"purchasable","17":"product-type-simple"},"_links":{"self":[{"href":"https:\/\/roveyayinevi.com.tr\/index.php\/wp-json\/wp\/v2\/product\/780461","targetHints":{"allow":["GET"]}}],"collection":[{"href":"https:\/\/roveyayinevi.com.tr\/index.php\/wp-json\/wp\/v2\/product"}],"about":[{"href":"https:\/\/roveyayinevi.com.tr\/index.php\/wp-json\/wp\/v2\/types\/product"}],"wp:attachment":[{"href":"https:\/\/roveyayinevi.com.tr\/index.php\/wp-json\/wp\/v2\/media?parent=780461"}],"wp:term":[{"taxonomy":"product_brand","embeddable":true,"href":"https:\/\/roveyayinevi.com.tr\/index.php\/wp-json\/wp\/v2\/product_brand?post=780461"},{"taxonomy":"product_cat","embeddable":true,"href":"https:\/\/roveyayinevi.com.tr\/index.php\/wp-json\/wp\/v2\/product_cat?post=780461"},{"taxonomy":"product_tag","embeddable":true,"href":"https:\/\/roveyayinevi.com.tr\/index.php\/wp-json\/wp\/v2\/product_tag?post=780461"}],"curies":[{"name":"wp","href":"https:\/\/api.w.org\/{rel}","templated":true}]}}