{"id":780451,"date":"2026-01-20T02:32:34","date_gmt":"2026-01-19T23:32:34","guid":{"rendered":"https:\/\/roveyayinevi.com.tr\/index.php\/urun\/motor-gelisimi-anlamak-bebekler-cocuklar-ergenler-yetiskinler-understanding-motor-development-infants-children-adolesce\/"},"modified":"2026-04-16T02:18:02","modified_gmt":"2026-04-15T23:18:02","slug":"motor-gelisimi-anlamak-bebekler-cocuklar-ergenler-yetiskinler-understanding-motor-development-infants-children-adolesce","status":"publish","type":"product","link":"https:\/\/roveyayinevi.com.tr\/index.php\/urun\/motor-gelisimi-anlamak-bebekler-cocuklar-ergenler-yetiskinler-understanding-motor-development-infants-children-adolesce\/","title":{"rendered":"Motor Geli\u015fimi Anlamak &#8211; Bebekler, \u00c7ocuklar, Ergenler, Yeti\u015fkinler \u2013 Understanding Motor Development Infants, Children, Adolesce"},"content":{"rendered":"<p>G\u00fcn sabah\u0131ndan, insan \u00e7ocuklu\u011fundan belli olur. (John Milton) Hareket ya\u015famd\u0131r. \u0130\u015fimizde ve oyunumuzda yapt\u0131\u011f\u0131m\u0131z her \u015fey hareketi kapsar. Varl\u0131\u011f\u0131m\u0131z; kalbimizin at\u0131\u015f\u0131na, akci\u011ferlerimizin nefes al\u0131p vermesine, otomatik ve yar\u0131 otomatik hareket s\u00fcre\u00e7lerine ve ya\u015fam\u0131m\u0131za d\u00e2hil olan di\u011fer istemli hareketlere ba\u011fl\u0131d\u0131r. Motor kontrol\u00fcn\u00fc ve motor koordinasyonunu nas\u0131l kazand\u0131\u011f\u0131m\u0131z\u0131 anlamak, nas\u0131l ya\u015fa-d\u0131\u011f\u0131m\u0131z\u0131 anlaman\u0131n temelidir. Etkili bir \u00f6\u011fretim ve \u00f6\u011frenme s\u00fcreci i\u00e7in at\u0131lacak ilk ad\u0131m tipik olarak geli\u015fen bireyin geli\u015fimsel s\u00fcrecini anlamaktan ge\u00e7er. Bu anlay\u0131\u015f, s\u0131n\u0131fta, spor salonunda ya da oyun alan\u0131nda e\u011fitimin \u00e7ekirde\u011fini olu\u015fturur. <\/p>\n","protected":false},"excerpt":{"rendered":"<p>G\u00fcn sabah\u0131ndan, insan \u00e7ocuklu\u011fundan belli olur. (John Milton) Hareket ya\u015famd\u0131r. \u0130\u015fimizde ve oyunumuzda yapt\u0131\u011f\u0131m\u0131z her \u015fey hareketi kapsar. Varl\u0131\u011f\u0131m\u0131z; kalbimizin at\u0131\u015f\u0131na, akci\u011ferlerimizin nefes al\u0131p vermesine, otomatik<span class=\"excerpt-hellip\"> [\u2026]<\/span><\/p>\n","protected":false},"featured_media":0,"template":"","meta":{"_monsterinsights_skip_tracking":false,"_monsterinsights_sitenote_active":false,"_monsterinsights_sitenote_note":"","_monsterinsights_sitenote_category":0},"product_brand":[],"product_cat":[12573,12566],"product_tag":[],"class_list":{"0":"post-780451","1":"product","2":"type-product","3":"status-publish","5":"product_cat-akademik-kitaplar","6":"product_cat-egitim","7":"pa_cilt-ciltsiz","8":"pa_tur-kitap","9":"pa_yayinevi-nobel-akademik-yayincilik","10":"pa_yazar-kolektif","12":"first","13":"instock","14":"sale","15":"shipping-taxable","16":"purchasable","17":"product-type-simple"},"_links":{"self":[{"href":"https:\/\/roveyayinevi.com.tr\/index.php\/wp-json\/wp\/v2\/product\/780451","targetHints":{"allow":["GET"]}}],"collection":[{"href":"https:\/\/roveyayinevi.com.tr\/index.php\/wp-json\/wp\/v2\/product"}],"about":[{"href":"https:\/\/roveyayinevi.com.tr\/index.php\/wp-json\/wp\/v2\/types\/product"}],"wp:attachment":[{"href":"https:\/\/roveyayinevi.com.tr\/index.php\/wp-json\/wp\/v2\/media?parent=780451"}],"wp:term":[{"taxonomy":"product_brand","embeddable":true,"href":"https:\/\/roveyayinevi.com.tr\/index.php\/wp-json\/wp\/v2\/product_brand?post=780451"},{"taxonomy":"product_cat","embeddable":true,"href":"https:\/\/roveyayinevi.com.tr\/index.php\/wp-json\/wp\/v2\/product_cat?post=780451"},{"taxonomy":"product_tag","embeddable":true,"href":"https:\/\/roveyayinevi.com.tr\/index.php\/wp-json\/wp\/v2\/product_tag?post=780451"}],"curies":[{"name":"wp","href":"https:\/\/api.w.org\/{rel}","templated":true}]}}