{"id":780447,"date":"2026-01-20T02:32:29","date_gmt":"2026-01-19T23:32:29","guid":{"rendered":"https:\/\/roveyayinevi.com.tr\/index.php\/urun\/isi-transferi-heat-transfer\/"},"modified":"2026-04-16T02:18:02","modified_gmt":"2026-04-15T23:18:02","slug":"isi-transferi-heat-transfer","status":"publish","type":"product","link":"https:\/\/roveyayinevi.com.tr\/index.php\/urun\/isi-transferi-heat-transfer\/","title":{"rendered":"Is\u0131 Transferi &#8211; Heat Transfer"},"content":{"rendered":"<p>En pop\u00fcler giri\u015f d\u00fczeyi \u0131s\u0131 transferi kitaplar\u0131ndan biri olan J. P. Holman\u2019\u0131n Is\u0131 Transferi, a\u00e7\u0131kl\u0131\u011f\u0131, kolay yakla\u015f\u0131mlar\u0131 ve i\u00e7erdi\u011fi bir\u00e7ok \u00f6rnekleri ve problem tak\u0131mlar\u0131yla tan\u0131nm\u0131\u015ft\u0131r. Onuncu bask\u0131, bir konuya hem analitik hem de deneysel yaklas\u0131mlar\u0131 kapsayacak \u015fekilde anla\u015f\u0131lmas\u0131 basit yaz\u0131m stilini i\u00e7ermektedir. Kitap genelinde, ele al\u0131nan konularda basit analitik \u00e7\u00f6z\u00fcm\u00fcn olmad\u0131\u011f\u0131 zaman mant\u0131kl\u0131 deneysel verilere dayanmas\u0131n\u0131n yan\u0131nda, fiziksel kavramaya \u00f6nem verilmi\u015ftir. Yeni \u00f6rnekler ve hesap tablosu \u015fablonlar\u0131 say\u0131sal bilgisayar \u00e7\u00f6z\u00fcmleri i\u00e7in g\u00fcncellenmi\u015f kaynaklar sunmaktad\u0131r. <\/p>\n","protected":false},"excerpt":{"rendered":"<p>En pop\u00fcler giri\u015f d\u00fczeyi \u0131s\u0131 transferi kitaplar\u0131ndan biri olan J. P. Holman\u2019\u0131n Is\u0131 Transferi, a\u00e7\u0131kl\u0131\u011f\u0131, kolay yakla\u015f\u0131mlar\u0131 ve i\u00e7erdi\u011fi bir\u00e7ok \u00f6rnekleri ve problem tak\u0131mlar\u0131yla tan\u0131nm\u0131\u015ft\u0131r. Onuncu<span class=\"excerpt-hellip\"> [\u2026]<\/span><\/p>\n","protected":false},"featured_media":0,"template":"","meta":{"_monsterinsights_skip_tracking":false,"_monsterinsights_sitenote_active":false,"_monsterinsights_sitenote_note":"","_monsterinsights_sitenote_category":0},"product_brand":[],"product_cat":[12573,12566],"product_tag":[],"class_list":{"0":"post-780447","1":"product","2":"type-product","3":"status-publish","5":"product_cat-akademik-kitaplar","6":"product_cat-egitim","7":"pa_cilt-ciltsiz","8":"pa_tur-kitap","9":"pa_yayinevi-nobel-akademik-yayincilik","10":"pa_yazar-j-p-holman","11":"pa_yazar-mc-grew-hiill","13":"first","14":"instock","15":"sale","16":"shipping-taxable","17":"purchasable","18":"product-type-simple"},"_links":{"self":[{"href":"https:\/\/roveyayinevi.com.tr\/index.php\/wp-json\/wp\/v2\/product\/780447","targetHints":{"allow":["GET"]}}],"collection":[{"href":"https:\/\/roveyayinevi.com.tr\/index.php\/wp-json\/wp\/v2\/product"}],"about":[{"href":"https:\/\/roveyayinevi.com.tr\/index.php\/wp-json\/wp\/v2\/types\/product"}],"wp:attachment":[{"href":"https:\/\/roveyayinevi.com.tr\/index.php\/wp-json\/wp\/v2\/media?parent=780447"}],"wp:term":[{"taxonomy":"product_brand","embeddable":true,"href":"https:\/\/roveyayinevi.com.tr\/index.php\/wp-json\/wp\/v2\/product_brand?post=780447"},{"taxonomy":"product_cat","embeddable":true,"href":"https:\/\/roveyayinevi.com.tr\/index.php\/wp-json\/wp\/v2\/product_cat?post=780447"},{"taxonomy":"product_tag","embeddable":true,"href":"https:\/\/roveyayinevi.com.tr\/index.php\/wp-json\/wp\/v2\/product_tag?post=780447"}],"curies":[{"name":"wp","href":"https:\/\/api.w.org\/{rel}","templated":true}]}}