{"id":780436,"date":"2026-01-20T02:32:13","date_gmt":"2026-01-19T23:32:13","guid":{"rendered":"https:\/\/roveyayinevi.com.tr\/index.php\/urun\/hemsirelik-ve-saglik-meslek-okullari-icin-fizyoloji-klinik-uygulamaya-yonelik\/"},"modified":"2026-04-16T02:18:02","modified_gmt":"2026-04-15T23:18:02","slug":"hemsirelik-ve-saglik-meslek-okullari-icin-fizyoloji-klinik-uygulamaya-yonelik","status":"publish","type":"product","link":"https:\/\/roveyayinevi.com.tr\/index.php\/urun\/hemsirelik-ve-saglik-meslek-okullari-icin-fizyoloji-klinik-uygulamaya-yonelik\/","title":{"rendered":"Hem\u015firelik ve Sa\u011fl\u0131k Meslek Okullar\u0131 \u0130\u00e7in F\u0130ZYOLOJ\u0130 Klinik Uygulamaya Y\u00f6nelik"},"content":{"rendered":"<p>\u201cHem\u015firelik ve Sa\u011fl\u0131k Meslek Okullar\u0131 \u0130\u00e7in Fizyoloji\u201d ismiyle bas\u0131lan bu kitap; h\u00fccreden ba\u015flay\u0131p b\u00fct\u00fcn sistemlerin, fet\u00fcs ve yeni do\u011fan\u0131n fizyolojisinin, s\u0131v\u0131 elektrolit dengesinin sade ve ak\u0131c\u0131 bir dille anlat\u0131ld\u0131\u011f\u0131 12 b\u00f6l\u00fcmden olu\u015fmaktad\u0131r. Her b\u00f6l\u00fcmde, sistemin fizyolojisinin \u015fekil ve \u00e7izimlerle a\u00e7\u0131klanmas\u0131n\u0131n yan\u0131 s\u0131ra normalden sapma durumlar\u0131na y\u00f6nelik klinik \u00f6rnekler de verilmi\u015ftir. \ufffcTan\u0131t\u0131m Metni<\/p>\n","protected":false},"excerpt":{"rendered":"<p>\u201cHem\u015firelik ve Sa\u011fl\u0131k Meslek Okullar\u0131 \u0130\u00e7in Fizyoloji\u201d ismiyle bas\u0131lan bu kitap; h\u00fccreden ba\u015flay\u0131p b\u00fct\u00fcn sistemlerin, fet\u00fcs ve yeni do\u011fan\u0131n fizyolojisinin, s\u0131v\u0131 elektrolit dengesinin sade ve ak\u0131c\u0131<span class=\"excerpt-hellip\"> [\u2026]<\/span><\/p>\n","protected":false},"featured_media":0,"template":"","meta":{"_monsterinsights_skip_tracking":false,"_monsterinsights_sitenote_active":false,"_monsterinsights_sitenote_note":"","_monsterinsights_sitenote_category":0},"product_brand":[],"product_cat":[12573,12566],"product_tag":[],"class_list":{"0":"post-780436","1":"product","2":"type-product","3":"status-publish","5":"product_cat-akademik-kitaplar","6":"product_cat-egitim","7":"pa_cilt-ciltsiz","8":"pa_tur-kitap","9":"pa_yayinevi-nobel-akademik-yayincilik","10":"pa_yazar-kolektif","12":"first","13":"instock","14":"sale","15":"shipping-taxable","16":"purchasable","17":"product-type-simple"},"_links":{"self":[{"href":"https:\/\/roveyayinevi.com.tr\/index.php\/wp-json\/wp\/v2\/product\/780436","targetHints":{"allow":["GET"]}}],"collection":[{"href":"https:\/\/roveyayinevi.com.tr\/index.php\/wp-json\/wp\/v2\/product"}],"about":[{"href":"https:\/\/roveyayinevi.com.tr\/index.php\/wp-json\/wp\/v2\/types\/product"}],"wp:attachment":[{"href":"https:\/\/roveyayinevi.com.tr\/index.php\/wp-json\/wp\/v2\/media?parent=780436"}],"wp:term":[{"taxonomy":"product_brand","embeddable":true,"href":"https:\/\/roveyayinevi.com.tr\/index.php\/wp-json\/wp\/v2\/product_brand?post=780436"},{"taxonomy":"product_cat","embeddable":true,"href":"https:\/\/roveyayinevi.com.tr\/index.php\/wp-json\/wp\/v2\/product_cat?post=780436"},{"taxonomy":"product_tag","embeddable":true,"href":"https:\/\/roveyayinevi.com.tr\/index.php\/wp-json\/wp\/v2\/product_tag?post=780436"}],"curies":[{"name":"wp","href":"https:\/\/api.w.org\/{rel}","templated":true}]}}