{"id":780435,"date":"2026-01-20T02:32:11","date_gmt":"2026-01-19T23:32:11","guid":{"rendered":"https:\/\/roveyayinevi.com.tr\/index.php\/urun\/muhendislik-mekanigi-dinamik-engineering-mechanics-dynamics\/"},"modified":"2026-04-16T02:18:02","modified_gmt":"2026-04-15T23:18:02","slug":"muhendislik-mekanigi-dinamik-engineering-mechanics-dynamics","status":"publish","type":"product","link":"https:\/\/roveyayinevi.com.tr\/index.php\/urun\/muhendislik-mekanigi-dinamik-engineering-mechanics-dynamics\/","title":{"rendered":"M\u00fchendislik Mekani\u011fi: Dinamik  \/ Engineering Mechanics Dynamics"},"content":{"rendered":"<p>Ge\u00e7ti\u011fimiz 50 y\u0131l boyunca Meriam ve Kraige taraf\u0131ndan yaz\u0131lm\u0131\u015f olan &#8220;M\u00fchendislik Mekani\u011fi: Dinamik&#8221; kitab\u0131, \u00e7ok sayg\u0131n bir m\u00fckemmeliyet gelene\u011fi yaratm\u0131\u015ft\u0131r. Kitapta yaz\u0131lanlar\u0131n do\u011frulu\u011fu, yaz\u0131m\u0131n anla\u015f\u0131l\u0131rl\u0131\u011f\u0131, konunun ele al\u0131n\u0131\u015f\u0131ndaki sa\u011flaml\u0131k ve uygulamalar bu gelene\u011fi olu\u015fturmu\u015ftur. Yeni \u00f6rnek problemler, yeni \u00f6dev sorular\u0131 ve g\u00fcncellenmi\u015f i\u00e7erik kitab\u0131 daha eri\u015filir k\u0131lmaktad\u0131r. Bu bas\u0131mda da, \u00e7ok kapsaml\u0131, kaliteli ve ger\u00e7ek uygulamalara ili\u015fkin problemler ile \u00f6\u011frenciler motive edilmekte ve problem \u00e7\u00f6zme yetenekleri geli\u015ftirilmektedir. \u00d6\u011frencilerin problemleri g\u00f6zlerinde canland\u0131rabilme ve problem \u00e7\u00f6zme yeteneklerini geli\u015ftirmek i\u00e7in kitapta yine serbest cisim diyagramlar\u0131ndan kapsaml\u0131 bir bi\u00e7imde yararlan\u0131lmaktad\u0131r. <\/p>\n","protected":false},"excerpt":{"rendered":"<p>Ge\u00e7ti\u011fimiz 50 y\u0131l boyunca Meriam ve Kraige taraf\u0131ndan yaz\u0131lm\u0131\u015f olan &#8220;M\u00fchendislik Mekani\u011fi: Dinamik&#8221; kitab\u0131, \u00e7ok sayg\u0131n bir m\u00fckemmeliyet gelene\u011fi yaratm\u0131\u015ft\u0131r. Kitapta yaz\u0131lanlar\u0131n do\u011frulu\u011fu, yaz\u0131m\u0131n anla\u015f\u0131l\u0131rl\u0131\u011f\u0131, konunun<span class=\"excerpt-hellip\"> [\u2026]<\/span><\/p>\n","protected":false},"featured_media":0,"template":"","meta":{"_monsterinsights_skip_tracking":false,"_monsterinsights_sitenote_active":false,"_monsterinsights_sitenote_note":"","_monsterinsights_sitenote_category":0},"product_brand":[],"product_cat":[12573,12566],"product_tag":[],"class_list":{"0":"post-780435","1":"product","2":"type-product","3":"status-publish","5":"product_cat-akademik-kitaplar","6":"product_cat-egitim","7":"pa_cilt-ciltsiz","8":"pa_tur-kitap","9":"pa_yayinevi-nobel-akademik-yayincilik","10":"pa_yazar-j-l-meriam","11":"pa_yazar-l-g-kraige","13":"first","14":"instock","15":"sale","16":"shipping-taxable","17":"purchasable","18":"product-type-simple"},"_links":{"self":[{"href":"https:\/\/roveyayinevi.com.tr\/index.php\/wp-json\/wp\/v2\/product\/780435","targetHints":{"allow":["GET"]}}],"collection":[{"href":"https:\/\/roveyayinevi.com.tr\/index.php\/wp-json\/wp\/v2\/product"}],"about":[{"href":"https:\/\/roveyayinevi.com.tr\/index.php\/wp-json\/wp\/v2\/types\/product"}],"wp:attachment":[{"href":"https:\/\/roveyayinevi.com.tr\/index.php\/wp-json\/wp\/v2\/media?parent=780435"}],"wp:term":[{"taxonomy":"product_brand","embeddable":true,"href":"https:\/\/roveyayinevi.com.tr\/index.php\/wp-json\/wp\/v2\/product_brand?post=780435"},{"taxonomy":"product_cat","embeddable":true,"href":"https:\/\/roveyayinevi.com.tr\/index.php\/wp-json\/wp\/v2\/product_cat?post=780435"},{"taxonomy":"product_tag","embeddable":true,"href":"https:\/\/roveyayinevi.com.tr\/index.php\/wp-json\/wp\/v2\/product_tag?post=780435"}],"curies":[{"name":"wp","href":"https:\/\/api.w.org\/{rel}","templated":true}]}}