{"id":780414,"date":"2026-01-20T02:26:39","date_gmt":"2026-01-19T23:26:39","guid":{"rendered":"https:\/\/roveyayinevi.com.tr\/index.php\/urun\/kirkinci-kapi\/"},"modified":"2026-02-27T02:17:14","modified_gmt":"2026-02-26T23:17:14","slug":"kirkinci-kapi","status":"publish","type":"product","link":"https:\/\/roveyayinevi.com.tr\/index.php\/urun\/kirkinci-kapi\/","title":{"rendered":"K\u0131rk\u0131nc\u0131 Kap\u0131"},"content":{"rendered":"<p>Okuyucu; Hi\u00e7 ikiy\u00fczl\u00fc olmad\u0131n bana kar\u015f\u0131, de\u011fil mi? En az\u0131ndan \u00f6yle olduysan bile, bana hissettiremedi\u011fin i\u00e7in minnettar\u0131m sana. Fuz\u00fbl\u00ee\u2019yi B\u00e2k\u00ee\u2019yi, Galib\u2019i, Nedim\u2019i yeniden g\u00fcndemine ald\u0131\u011f\u0131n, onlarla arandaki uzak mesafeleri kalemimin ucundan damlayan m\u00fcrekkeplerle boyad\u0131\u011f\u0131n ve kendi medeniyet birikimimizi yeniden ke\u015ffe \u00e7\u0131kt\u0131\u011f\u0131n i\u00e7in pi\u015fman oldu\u011funu hi\u00e7 sanm\u0131yorum.  \u00dcstelik ey okuyucu, d\u00fc\u015f\u00fcn hele, acaba g\u00f6k kubbenin alt\u0131nda g\u00fcl  ve b\u00fclb\u00fclle al\u0131\u015f\u0131k, \u015fiir ve a\u015fkla bar\u0131\u015f\u0131k seninle benim gibi ka\u00e7 bahtiyar kul vard\u0131r ve ka\u00e7 insan bir hayat\u0131 bu kadar derinlikli ya\u015far?!.. \u00c7evrene bir bak istersen, a\u015fk\u0131 ve sevgiyi, \u015fiiri ve \u015fark\u0131y\u0131,\u00e7i\u00e7e\u011fi ve b\u00f6ce\u011fi \u0131skalay\u0131p da mutlu ya\u015fayabilen kim var?! \u2026 Seninle ben ey okuyucu , seninle ben\u2026 S\u00f6yle Allah a\u015fk\u0131na, ayr\u0131 m\u0131y\u0131z?!.. Bu mektup tertemiz bir g\u00f6n\u00fcl ile ta K\u0131rk\u0131nc\u0131 Kap\u0131\u2019ya gidecekler i\u00e7in yaz\u0131ld\u0131 vessel\u00e2m\u2026<\/p>\n","protected":false},"excerpt":{"rendered":"<p>Okuyucu; Hi\u00e7 ikiy\u00fczl\u00fc olmad\u0131n bana kar\u015f\u0131, de\u011fil mi? En az\u0131ndan \u00f6yle olduysan bile, bana hissettiremedi\u011fin i\u00e7in minnettar\u0131m sana. Fuz\u00fbl\u00ee\u2019yi B\u00e2k\u00ee\u2019yi, Galib\u2019i, Nedim\u2019i yeniden g\u00fcndemine ald\u0131\u011f\u0131n, onlarla<span class=\"excerpt-hellip\"> [\u2026]<\/span><\/p>\n","protected":false},"featured_media":0,"template":"","meta":{"_monsterinsights_skip_tracking":false,"_monsterinsights_sitenote_active":false,"_monsterinsights_sitenote_note":"","_monsterinsights_sitenote_category":0},"product_brand":[],"product_cat":[12777,12291],"product_tag":[],"class_list":{"0":"post-780414","1":"product","2":"type-product","3":"status-publish","5":"product_cat-deneme","6":"product_cat-edebiyat","7":"pa_cilt-ciltsiz","8":"pa_tur-kitap","9":"pa_yayinevi-kapi-yayinlari","10":"pa_yazar-iskender-pala","12":"first","13":"instock","14":"sale","15":"shipping-taxable","16":"purchasable","17":"product-type-simple"},"_links":{"self":[{"href":"https:\/\/roveyayinevi.com.tr\/index.php\/wp-json\/wp\/v2\/product\/780414","targetHints":{"allow":["GET"]}}],"collection":[{"href":"https:\/\/roveyayinevi.com.tr\/index.php\/wp-json\/wp\/v2\/product"}],"about":[{"href":"https:\/\/roveyayinevi.com.tr\/index.php\/wp-json\/wp\/v2\/types\/product"}],"wp:attachment":[{"href":"https:\/\/roveyayinevi.com.tr\/index.php\/wp-json\/wp\/v2\/media?parent=780414"}],"wp:term":[{"taxonomy":"product_brand","embeddable":true,"href":"https:\/\/roveyayinevi.com.tr\/index.php\/wp-json\/wp\/v2\/product_brand?post=780414"},{"taxonomy":"product_cat","embeddable":true,"href":"https:\/\/roveyayinevi.com.tr\/index.php\/wp-json\/wp\/v2\/product_cat?post=780414"},{"taxonomy":"product_tag","embeddable":true,"href":"https:\/\/roveyayinevi.com.tr\/index.php\/wp-json\/wp\/v2\/product_tag?post=780414"}],"curies":[{"name":"wp","href":"https:\/\/api.w.org\/{rel}","templated":true}]}}