{"id":780393,"date":"2026-01-20T02:15:50","date_gmt":"2026-01-19T23:15:50","guid":{"rendered":"https:\/\/roveyayinevi.com.tr\/index.php\/urun\/hegelin-hukuk-felsefesinin-elestirisi\/"},"modified":"2026-01-25T02:15:52","modified_gmt":"2026-01-24T23:15:52","slug":"hegelin-hukuk-felsefesinin-elestirisi","status":"publish","type":"product","link":"https:\/\/roveyayinevi.com.tr\/index.php\/urun\/hegelin-hukuk-felsefesinin-elestirisi\/","title":{"rendered":"Hegel\u2019in Hukuk Felsefesinin Ele\u015ftirisi"},"content":{"rendered":"<p>&#8220;Ele\u015ftiri silah\u0131, silahlar\u0131n ele\u015ftirisinin yerini ku\u015fkusuz alamaz; maddi g\u00fc\u00e7 ancak maddi g\u00fc\u00e7le yenilebilir; ama teori de, y\u0131\u011f\u0131nlar\u0131 sarar sarmaz maddi bir g\u00fc\u00e7 durumuna gelir. Teori ad hominem kan\u0131tlar kan\u0131tlamaz y\u0131\u011f\u0131nlar\u0131 sarabilir ve radikal duruma gelir gelmez ad hominem kan\u0131tlar. Radikal olmak, \u015feyleri k\u00f6k\u00fcnden kavramakt\u0131r. Ama insan i\u00e7in k\u00f6k, insan\u0131n kendisidir.&#8221; \ufffcTan\u0131t\u0131m Metni<\/p>\n","protected":false},"excerpt":{"rendered":"<p>&#8220;Ele\u015ftiri silah\u0131, silahlar\u0131n ele\u015ftirisinin yerini ku\u015fkusuz alamaz; maddi g\u00fc\u00e7 ancak maddi g\u00fc\u00e7le yenilebilir; ama teori de, y\u0131\u011f\u0131nlar\u0131 sarar sarmaz maddi bir g\u00fc\u00e7 durumuna gelir. Teori ad<span class=\"excerpt-hellip\"> [\u2026]<\/span><\/p>\n","protected":false},"featured_media":0,"template":"","meta":{"_monsterinsights_skip_tracking":false,"_monsterinsights_sitenote_active":false,"_monsterinsights_sitenote_note":"","_monsterinsights_sitenote_category":0},"product_brand":[],"product_cat":[19460,13527],"product_tag":[],"class_list":{"0":"post-780393","1":"product","2":"type-product","3":"status-publish","5":"product_cat-felsefe-sureli-yayinlar","6":"product_cat-sureli-yayinlar","7":"pa_cilt-ciltsiz","8":"pa_tur-kitap","9":"pa_yayinevi-sol-yayinlari","10":"pa_yazar-karl-marx","12":"first","13":"instock","14":"sale","15":"shipping-taxable","16":"purchasable","17":"product-type-simple"},"_links":{"self":[{"href":"https:\/\/roveyayinevi.com.tr\/index.php\/wp-json\/wp\/v2\/product\/780393","targetHints":{"allow":["GET"]}}],"collection":[{"href":"https:\/\/roveyayinevi.com.tr\/index.php\/wp-json\/wp\/v2\/product"}],"about":[{"href":"https:\/\/roveyayinevi.com.tr\/index.php\/wp-json\/wp\/v2\/types\/product"}],"wp:attachment":[{"href":"https:\/\/roveyayinevi.com.tr\/index.php\/wp-json\/wp\/v2\/media?parent=780393"}],"wp:term":[{"taxonomy":"product_brand","embeddable":true,"href":"https:\/\/roveyayinevi.com.tr\/index.php\/wp-json\/wp\/v2\/product_brand?post=780393"},{"taxonomy":"product_cat","embeddable":true,"href":"https:\/\/roveyayinevi.com.tr\/index.php\/wp-json\/wp\/v2\/product_cat?post=780393"},{"taxonomy":"product_tag","embeddable":true,"href":"https:\/\/roveyayinevi.com.tr\/index.php\/wp-json\/wp\/v2\/product_tag?post=780393"}],"curies":[{"name":"wp","href":"https:\/\/api.w.org\/{rel}","templated":true}]}}