{"id":780390,"date":"2026-01-20T02:12:46","date_gmt":"2026-01-19T23:12:46","guid":{"rendered":"https:\/\/roveyayinevi.com.tr\/index.php\/urun\/elestirel-okuma\/"},"modified":"2026-04-16T02:06:56","modified_gmt":"2026-04-15T23:06:56","slug":"elestirel-okuma","status":"publish","type":"product","link":"https:\/\/roveyayinevi.com.tr\/index.php\/urun\/elestirel-okuma\/","title":{"rendered":"Ele\u015ftirel Okuma"},"content":{"rendered":"<p>Hemen \u00e7o\u011fumuz, okula ba\u015flay\u0131\u015f\u0131m\u0131zdan k\u0131sa bir s\u00fcre sonra, harfleri birbiriyle \u00e7atarak anlam \u00e7\u0131karma, ba\u015fka bir deyi\u015fle okuryazarl\u0131k becerisini kazan\u0131r\u0131z. Ancak ya\u015fam\u0131n ak\u0131\u015f\u0131 i\u00e7inde bu beceriyi s\u00fcrekli kullanma gere\u011fini duymay\u0131z. Bu y\u00fczden \u00e7o\u011fumuz &#8220;okur&#8221; de\u011fil &#8220;okuryazar&#8221; say\u0131l\u0131r\u0131z. Peki, okuryazarl\u0131ktan okurlu\u011fa nas\u0131l ge\u00e7ebiliriz? \u0130\u015fte elinizdeki kitap b\u00f6yle bir ama\u00e7la, okuryazarl\u0131ktan okurlu\u011fa giden yolu g\u00f6sterme amac\u0131yla haz\u0131rlanm\u0131\u015ft\u0131r. Okuyaca\u011f\u0131m\u0131z metinle sa\u011fl\u0131kl\u0131 bir ileti\u015fime nas\u0131l gidebiliriz? Okur olarak soruml\u015fuluklar\u0131m\u0131z nelerdir? Okurken neleri, nas\u0131l g\u00f6z \u00f6n\u00fcnde bulunduraca\u011f\u0131z? Bunlar ve bunlara benzer sorular\u0131n k\u0131lavuzlu\u011funda &#8220;ele\u015ftirel ve yarat\u0131c\u0131 okuma&#8221;n\u0131n gerektirdi\u011fi donan\u0131m, Emin \u00d6zdemir&#8217;in bu kitab\u0131nda, \u00f6rneklere ba\u011fl\u0131 olarak b\u00fct\u00fcn y\u00f6nleriyle g\u00f6sterilmi\u015ftir. <\/p>\n","protected":false},"excerpt":{"rendered":"<p>Hemen \u00e7o\u011fumuz, okula ba\u015flay\u0131\u015f\u0131m\u0131zdan k\u0131sa bir s\u00fcre sonra, harfleri birbiriyle \u00e7atarak anlam \u00e7\u0131karma, ba\u015fka bir deyi\u015fle okuryazarl\u0131k becerisini kazan\u0131r\u0131z. Ancak ya\u015fam\u0131n ak\u0131\u015f\u0131 i\u00e7inde bu beceriyi s\u00fcrekli<span class=\"excerpt-hellip\"> [\u2026]<\/span><\/p>\n","protected":false},"featured_media":0,"template":"","meta":{"_monsterinsights_skip_tracking":false,"_monsterinsights_sitenote_active":false,"_monsterinsights_sitenote_note":"","_monsterinsights_sitenote_category":0},"product_brand":[],"product_cat":[12291,12292],"product_tag":[],"class_list":{"0":"post-780390","1":"product","2":"type-product","3":"status-publish","5":"product_cat-edebiyat","6":"product_cat-turk-edebiyati","7":"pa_cilt-ciltsiz","8":"pa_tur-kitap","9":"pa_yayinevi-bilgi-yayinevi","10":"pa_yazar-emin-ozdemir","12":"first","13":"instock","14":"sale","15":"shipping-taxable","16":"purchasable","17":"product-type-simple"},"_links":{"self":[{"href":"https:\/\/roveyayinevi.com.tr\/index.php\/wp-json\/wp\/v2\/product\/780390","targetHints":{"allow":["GET"]}}],"collection":[{"href":"https:\/\/roveyayinevi.com.tr\/index.php\/wp-json\/wp\/v2\/product"}],"about":[{"href":"https:\/\/roveyayinevi.com.tr\/index.php\/wp-json\/wp\/v2\/types\/product"}],"wp:attachment":[{"href":"https:\/\/roveyayinevi.com.tr\/index.php\/wp-json\/wp\/v2\/media?parent=780390"}],"wp:term":[{"taxonomy":"product_brand","embeddable":true,"href":"https:\/\/roveyayinevi.com.tr\/index.php\/wp-json\/wp\/v2\/product_brand?post=780390"},{"taxonomy":"product_cat","embeddable":true,"href":"https:\/\/roveyayinevi.com.tr\/index.php\/wp-json\/wp\/v2\/product_cat?post=780390"},{"taxonomy":"product_tag","embeddable":true,"href":"https:\/\/roveyayinevi.com.tr\/index.php\/wp-json\/wp\/v2\/product_tag?post=780390"}],"curies":[{"name":"wp","href":"https:\/\/api.w.org\/{rel}","templated":true}]}}