{"id":780382,"date":"2026-01-20T02:07:09","date_gmt":"2026-01-19T23:07:09","guid":{"rendered":"https:\/\/roveyayinevi.com.tr\/index.php\/urun\/cocuk-ve-allah-kucuk-boy\/"},"modified":"2026-02-03T02:05:46","modified_gmt":"2026-02-02T23:05:46","slug":"cocuk-ve-allah-kucuk-boy","status":"publish","type":"product","link":"https:\/\/roveyayinevi.com.tr\/index.php\/urun\/cocuk-ve-allah-kucuk-boy\/","title":{"rendered":"\u00c7ocuk ve Allah (K\u00fc\u00e7\u00fck Boy)"},"content":{"rendered":"<p>\u00c7ocuk ve Allah T\u00fcrk \u015fiirinin en \u00f6zg\u00fcn, dil ve yap\u0131 b\u00fct\u00fcnl\u00fc\u011f\u00fc bak\u0131m\u0131ndan en sa\u011flam yap\u0131tlar\u0131ndan biri. T\u00fcrk edebiyat\u0131nda \u00e7ok az kitap b\u00f6ylesine kal\u0131c\u0131 bir yer edinmi\u015f, neredeyse yazar\u0131n\u0131 a\u015fan bir \u00fcne ula\u015fm\u0131\u015ft\u0131r. Bin y\u0131ll\u0131k T\u00fcrk \u015fiirinin son y\u00fczy\u0131ldaki evrensel verimlerinden biri olarak varl\u0131\u011f\u0131n\u0131 s\u00fcrd\u00fcr\u00fcyor \u00c7ocuk ve Allah. \u0130nsan\u0131n evrendeki yerini, do\u011fan\u0131n g\u00f6rkemi kar\u015f\u0131s\u0131ndaki sars\u0131l\u0131\u015f ve duyu\u015flar\u0131n\u0131 zengin, \u00e7ocuksu bir d\u00fc\u015fg\u00fcc\u00fcyle, \u015fa\u015f\u0131rt\u0131c\u0131 bir duyarl\u0131kla dile getiriyor \u015fair. \ufffcTan\u0131t\u0131m Metni<\/p>\n","protected":false},"excerpt":{"rendered":"<p>\u00c7ocuk ve Allah T\u00fcrk \u015fiirinin en \u00f6zg\u00fcn, dil ve yap\u0131 b\u00fct\u00fcnl\u00fc\u011f\u00fc bak\u0131m\u0131ndan en sa\u011flam yap\u0131tlar\u0131ndan biri. T\u00fcrk edebiyat\u0131nda \u00e7ok az kitap b\u00f6ylesine kal\u0131c\u0131 bir yer edinmi\u015f,<span class=\"excerpt-hellip\"> [\u2026]<\/span><\/p>\n","protected":false},"featured_media":0,"template":"","meta":{"_monsterinsights_skip_tracking":false,"_monsterinsights_sitenote_active":false,"_monsterinsights_sitenote_note":"","_monsterinsights_sitenote_category":0},"product_brand":[],"product_cat":[12291,12509],"product_tag":[],"class_list":{"0":"post-780382","1":"product","2":"type-product","3":"status-publish","5":"product_cat-edebiyat","6":"product_cat-siir","7":"pa_cilt-ciltsiz","8":"pa_tur-kitap","9":"pa_yayinevi-yapi-kredi-yayinlari","10":"pa_yazar-fazil-husnu-daglarca","12":"first","13":"instock","14":"sale","15":"shipping-taxable","16":"purchasable","17":"product-type-simple"},"_links":{"self":[{"href":"https:\/\/roveyayinevi.com.tr\/index.php\/wp-json\/wp\/v2\/product\/780382","targetHints":{"allow":["GET"]}}],"collection":[{"href":"https:\/\/roveyayinevi.com.tr\/index.php\/wp-json\/wp\/v2\/product"}],"about":[{"href":"https:\/\/roveyayinevi.com.tr\/index.php\/wp-json\/wp\/v2\/types\/product"}],"wp:attachment":[{"href":"https:\/\/roveyayinevi.com.tr\/index.php\/wp-json\/wp\/v2\/media?parent=780382"}],"wp:term":[{"taxonomy":"product_brand","embeddable":true,"href":"https:\/\/roveyayinevi.com.tr\/index.php\/wp-json\/wp\/v2\/product_brand?post=780382"},{"taxonomy":"product_cat","embeddable":true,"href":"https:\/\/roveyayinevi.com.tr\/index.php\/wp-json\/wp\/v2\/product_cat?post=780382"},{"taxonomy":"product_tag","embeddable":true,"href":"https:\/\/roveyayinevi.com.tr\/index.php\/wp-json\/wp\/v2\/product_tag?post=780382"}],"curies":[{"name":"wp","href":"https:\/\/api.w.org\/{rel}","templated":true}]}}