{"id":780381,"date":"2026-01-20T02:07:05","date_gmt":"2026-01-19T23:07:05","guid":{"rendered":"https:\/\/roveyayinevi.com.tr\/index.php\/urun\/turk-terbiyesi\/"},"modified":"2026-04-16T02:03:46","modified_gmt":"2026-04-15T23:03:46","slug":"turk-terbiyesi","status":"publish","type":"product","link":"https:\/\/roveyayinevi.com.tr\/index.php\/urun\/turk-terbiyesi\/","title":{"rendered":"T\u00fcrk Terbiyesi"},"content":{"rendered":"<p>T\u00fcrk \u00e7ocuklar\u0131n\u0131n , terbiyeli, ahlakl\u0131, milli ve manevi de\u011ferlerine ba\u011fl\u0131 birer insan olarak yeti\u015ftirilmeleri, T\u00fcrkl\u00fc\u011f\u00fcn bekas\u0131 ve y\u00fccelmesi i\u00e7in \u00e7ok \u00f6nemlidir. Bu y\u00fczden T\u00fcrk Milliyet\u00e7ili\u011fi fikrini bir ideoloji halinde sistemle\u015ftiren ve hayat\u0131n\u0131 bu davaya adayan b\u00fcy\u00fck d\u00fc\u015f\u00fcn\u00fcr Ziya G\u00f6kalp, e\u011fitim konusuna \u00e7ok \u00f6nem vermi\u015fti. T\u00fcrk \u00c7ocuklar\u0131n\u0131n e\u011fitimi ve terbiyesi konusunda say\u0131s\u0131z makaleler yazm\u0131\u015ft\u0131. \u0130\u015fte bu kitapta, O\u2019nun tebiye, e\u011fitim, sosyal ahlak gibi konulardaki yaz\u0131lar\u0131n\u0131 bir araya getirdik. Yeni Mecmua, Muallim dergisi gibi yay\u0131n taraf\u0131ndan daha kolay anla\u015f\u0131labilmesi i\u00e7in metinleri sadele\u015ftirdik. Kitaba da, i\u015flenen konulara uygun olsun diye T\u00fcrk Terbiyesi ad\u0131n\u0131 verdik. <\/p>\n","protected":false},"excerpt":{"rendered":"<p>T\u00fcrk \u00e7ocuklar\u0131n\u0131n , terbiyeli, ahlakl\u0131, milli ve manevi de\u011ferlerine ba\u011fl\u0131 birer insan olarak yeti\u015ftirilmeleri, T\u00fcrkl\u00fc\u011f\u00fcn bekas\u0131 ve y\u00fccelmesi i\u00e7in \u00e7ok \u00f6nemlidir. Bu y\u00fczden T\u00fcrk Milliyet\u00e7ili\u011fi fikrini<span class=\"excerpt-hellip\"> [\u2026]<\/span><\/p>\n","protected":false},"featured_media":0,"template":"","meta":{"_monsterinsights_skip_tracking":false,"_monsterinsights_sitenote_active":false,"_monsterinsights_sitenote_note":"","_monsterinsights_sitenote_category":0},"product_brand":[],"product_cat":[12365,12364],"product_tag":[],"class_list":{"0":"post-780381","1":"product","2":"type-product","3":"status-publish","5":"product_cat-diger-genel-konular","6":"product_cat-genel-konular","7":"pa_tur-kitap","8":"pa_yayinevi-toker-yayinlari","9":"pa_yazar-ziya-gokalp","11":"first","12":"instock","13":"sale","14":"shipping-taxable","15":"purchasable","16":"product-type-simple"},"_links":{"self":[{"href":"https:\/\/roveyayinevi.com.tr\/index.php\/wp-json\/wp\/v2\/product\/780381","targetHints":{"allow":["GET"]}}],"collection":[{"href":"https:\/\/roveyayinevi.com.tr\/index.php\/wp-json\/wp\/v2\/product"}],"about":[{"href":"https:\/\/roveyayinevi.com.tr\/index.php\/wp-json\/wp\/v2\/types\/product"}],"wp:attachment":[{"href":"https:\/\/roveyayinevi.com.tr\/index.php\/wp-json\/wp\/v2\/media?parent=780381"}],"wp:term":[{"taxonomy":"product_brand","embeddable":true,"href":"https:\/\/roveyayinevi.com.tr\/index.php\/wp-json\/wp\/v2\/product_brand?post=780381"},{"taxonomy":"product_cat","embeddable":true,"href":"https:\/\/roveyayinevi.com.tr\/index.php\/wp-json\/wp\/v2\/product_cat?post=780381"},{"taxonomy":"product_tag","embeddable":true,"href":"https:\/\/roveyayinevi.com.tr\/index.php\/wp-json\/wp\/v2\/product_tag?post=780381"}],"curies":[{"name":"wp","href":"https:\/\/api.w.org\/{rel}","templated":true}]}}