{"id":780376,"date":"2026-01-20T02:03:03","date_gmt":"2026-01-19T23:03:03","guid":{"rendered":"https:\/\/roveyayinevi.com.tr\/index.php\/urun\/tarihsel-kapitalizm\/"},"modified":"2026-02-03T02:02:38","modified_gmt":"2026-02-02T23:02:38","slug":"tarihsel-kapitalizm","status":"publish","type":"product","link":"https:\/\/roveyayinevi.com.tr\/index.php\/urun\/tarihsel-kapitalizm\/","title":{"rendered":"Tarihsel Kapitalizm"},"content":{"rendered":"<p>Tarihsel kapitalizm daha ilk bak\u0131\u015fta, baz\u0131 savunucular\u0131n\u0131n \u00f6ne s\u00fcrd\u00fc\u011f\u00fc gibi   do\u011fal   bir sistem olmak \u015f\u00f6yle dursun, a\u00e7\u0131k\u00e7a sa\u00e7ma bir sistemdir. Daha fazla sermaye \u00fcretmek i\u00e7in sermaye \u00fcretilmektedir. Kapitalistler ayak de\u011firmeninde daha da h\u0131zl\u0131 ko\u015fmak i\u00e7in gitgide daha h\u0131zl\u0131 ko\u015fan beyaz fareye benziyor. Bu s\u00fcre\u00e7 i\u00e7inde baz\u0131 insanlar iyi ya\u015f\u0131yor, ama di\u011ferleri yoksul ya\u015f\u0131yor. Peki, iyi ya\u015fayanlar ne kadar ve nereye kadar iyi ya\u015fayacak? Hepimiz bu tarihsel sistemin moda etti\u011fi hakl\u0131l\u0131\u011f\u0131 kendinden menkul ilerleme ideolojisiyle \u00f6ylesine dolmu\u015fuz ki bu sistemin \u00e7ok say\u0131daki olumsuzluklar\u0131n\u0131 kabul etmekte zorlan\u0131yoruz. Marx gibi kararl\u0131 bir su\u00e7lay\u0131c\u0131s\u0131 bile tarihsel kapitalizmin oynad\u0131\u011f\u0131 ilerici role b\u00fcy\u00fck a\u011f\u0131rl\u0131k vermi\u015ftir.   \u0130lerici   s\u00f6z\u00fc tarihsel olarak daha sonra gelen anlam\u0131nda kullan\u0131lmad\u0131\u011f\u0131 s\u00fcrece ben buna inanm\u0131yorum&#8230; O zaman b\u00f6yle bir sistem neden ve nas\u0131l ortaya \u00e7\u0131kt\u0131? <\/p>\n","protected":false},"excerpt":{"rendered":"<p>Tarihsel kapitalizm daha ilk bak\u0131\u015fta, baz\u0131 savunucular\u0131n\u0131n \u00f6ne s\u00fcrd\u00fc\u011f\u00fc gibi do\u011fal bir sistem olmak \u015f\u00f6yle dursun, a\u00e7\u0131k\u00e7a sa\u00e7ma bir sistemdir. Daha fazla sermaye \u00fcretmek i\u00e7in sermaye<span class=\"excerpt-hellip\"> [\u2026]<\/span><\/p>\n","protected":false},"featured_media":0,"template":"","meta":{"_monsterinsights_skip_tracking":false,"_monsterinsights_sitenote_active":false,"_monsterinsights_sitenote_note":"","_monsterinsights_sitenote_category":0},"product_brand":[],"product_cat":[12338,12337],"product_tag":[],"class_list":{"0":"post-780376","1":"product","2":"type-product","3":"status-publish","5":"product_cat-dunya-siyaseti-ve-politikasi","6":"product_cat-politika-siyaset","7":"pa_cilt-ciltsiz","8":"pa_tur-kitap","9":"pa_yayinevi-metis-yayinlari","10":"pa_yazar-immanuel-wallerstein","12":"first","13":"instock","14":"sale","15":"shipping-taxable","16":"purchasable","17":"product-type-simple"},"_links":{"self":[{"href":"https:\/\/roveyayinevi.com.tr\/index.php\/wp-json\/wp\/v2\/product\/780376","targetHints":{"allow":["GET"]}}],"collection":[{"href":"https:\/\/roveyayinevi.com.tr\/index.php\/wp-json\/wp\/v2\/product"}],"about":[{"href":"https:\/\/roveyayinevi.com.tr\/index.php\/wp-json\/wp\/v2\/types\/product"}],"wp:attachment":[{"href":"https:\/\/roveyayinevi.com.tr\/index.php\/wp-json\/wp\/v2\/media?parent=780376"}],"wp:term":[{"taxonomy":"product_brand","embeddable":true,"href":"https:\/\/roveyayinevi.com.tr\/index.php\/wp-json\/wp\/v2\/product_brand?post=780376"},{"taxonomy":"product_cat","embeddable":true,"href":"https:\/\/roveyayinevi.com.tr\/index.php\/wp-json\/wp\/v2\/product_cat?post=780376"},{"taxonomy":"product_tag","embeddable":true,"href":"https:\/\/roveyayinevi.com.tr\/index.php\/wp-json\/wp\/v2\/product_tag?post=780376"}],"curies":[{"name":"wp","href":"https:\/\/api.w.org\/{rel}","templated":true}]}}