{"id":780371,"date":"2026-01-20T02:01:35","date_gmt":"2026-01-19T23:01:35","guid":{"rendered":"https:\/\/roveyayinevi.com.tr\/index.php\/urun\/gozgu\/"},"modified":"2026-01-26T02:01:32","modified_gmt":"2026-01-25T23:01:32","slug":"gozgu","status":"publish","type":"product","link":"https:\/\/roveyayinevi.com.tr\/index.php\/urun\/gozgu\/","title":{"rendered":"G\u00f6zg\u00fc"},"content":{"rendered":"<p>\u0130nsaniyetin zaferi, nezaketle kazan\u0131labilir. O halde nezaket yoksa g\u00f6rme yok, konu\u015fma yok, nezaket yoksa i\u015fitme yok ve nezaket yoksa k\u0131m\u0131ldama yok. Nezaketsiz bak\u0131\u015flardan, nezaket yoksunu konu\u015fmalardan, nezaketi bozan dinlemelerden, nezaket kurallar\u0131na uymayan davran\u0131\u015flardan b\u0131kt\u0131k. Art\u0131k televizyon ekranlar\u0131nda nazik beyefendileri ve nazenin han\u0131mefendileri g\u00f6rmek istiyoruz. Meclis\u2019te tart\u0131\u015fanlar\u0131n nezaket kurallar\u0131n\u0131 \u00e7i\u011fnememelerini, \u00e7ocuklar\u0131m\u0131z\u0131n nezaket kurallar\u0131n\u0131 \u00e7i\u011fnememelerini, \u00e7ocuklar\u0131m\u0131z\u0131n nezaket d\u0131\u015f\u0131l\u0131klara muhatap olmamas\u0131n\u0131 istiyoruz. \u00c7\u00fcnk\u00fc insan\u0131n gen haritas\u0131n\u0131 okuyacak ilim adamlar\u0131 onun yaln\u0131zca nezaket \u015fifreleriyle yaz\u0131lm\u0131\u015f oldu\u011funu g\u00f6recekler. <\/p>\n","protected":false},"excerpt":{"rendered":"<p>\u0130nsaniyetin zaferi, nezaketle kazan\u0131labilir. O halde nezaket yoksa g\u00f6rme yok, konu\u015fma yok, nezaket yoksa i\u015fitme yok ve nezaket yoksa k\u0131m\u0131ldama yok. Nezaketsiz bak\u0131\u015flardan, nezaket yoksunu konu\u015fmalardan,<span class=\"excerpt-hellip\"> [\u2026]<\/span><\/p>\n","protected":false},"featured_media":0,"template":"","meta":{"_monsterinsights_skip_tracking":false,"_monsterinsights_sitenote_active":false,"_monsterinsights_sitenote_note":"","_monsterinsights_sitenote_category":0},"product_brand":[],"product_cat":[12777,12291],"product_tag":[],"class_list":{"0":"post-780371","1":"product","2":"type-product","3":"status-publish","5":"product_cat-deneme","6":"product_cat-edebiyat","7":"pa_tur-kitap","8":"pa_yayinevi-kapi-yayinlari","9":"pa_yazar-iskender-pala","11":"first","12":"instock","13":"sale","14":"shipping-taxable","15":"purchasable","16":"product-type-simple"},"_links":{"self":[{"href":"https:\/\/roveyayinevi.com.tr\/index.php\/wp-json\/wp\/v2\/product\/780371","targetHints":{"allow":["GET"]}}],"collection":[{"href":"https:\/\/roveyayinevi.com.tr\/index.php\/wp-json\/wp\/v2\/product"}],"about":[{"href":"https:\/\/roveyayinevi.com.tr\/index.php\/wp-json\/wp\/v2\/types\/product"}],"wp:attachment":[{"href":"https:\/\/roveyayinevi.com.tr\/index.php\/wp-json\/wp\/v2\/media?parent=780371"}],"wp:term":[{"taxonomy":"product_brand","embeddable":true,"href":"https:\/\/roveyayinevi.com.tr\/index.php\/wp-json\/wp\/v2\/product_brand?post=780371"},{"taxonomy":"product_cat","embeddable":true,"href":"https:\/\/roveyayinevi.com.tr\/index.php\/wp-json\/wp\/v2\/product_cat?post=780371"},{"taxonomy":"product_tag","embeddable":true,"href":"https:\/\/roveyayinevi.com.tr\/index.php\/wp-json\/wp\/v2\/product_tag?post=780371"}],"curies":[{"name":"wp","href":"https:\/\/api.w.org\/{rel}","templated":true}]}}