{"id":780352,"date":"2025-12-30T12:38:32","date_gmt":"2025-12-30T09:38:32","guid":{"rendered":"https:\/\/roveyayinevi.com.tr\/index.php\/urun\/iletisim-arastirmalarini-anlamak\/"},"modified":"2026-04-15T03:45:19","modified_gmt":"2026-04-15T00:45:19","slug":"iletisim-arastirmalarini-anlamak","status":"publish","type":"product","link":"https:\/\/roveyayinevi.com.tr\/index.php\/urun\/iletisim-arastirmalarini-anlamak\/","title":{"rendered":"\u0130leti\u015fim Ara\u015ft\u0131rmalar\u0131n\u0131 Anlamak"},"content":{"rendered":"<p>Ele\u015ftirel ileti\u015fim ara\u015ft\u0131rmalar\u0131, ileti\u015fimi ideoloji, iktidar ili\u015fkileri ve toplumsal yap\u0131lar ekseninde \u00e7\u00f6z\u00fcmleyen kuramsal ve y\u00f6ntembilimsel bir y\u00f6nelimi temsil eder. Bu y\u00f6nelim, ileti\u015fim s\u00fcre\u00e7lerini teknolojik geli\u015fmelerin ya da iletilerin \u00e7\u00f6z\u00fcmlemesinin \u00f6tesine ta\u015f\u0131yarak bilginin nas\u0131l \u00fcretildi\u011fini, bu \u00fcretimin hangi iktidar yap\u0131lar\u0131yla ili\u015fkili oldu\u011funu ve anlam\u0131n toplumsal ba\u011flam i\u00e7inde nas\u0131l in\u015fa edildi\u011fini analiz etmeye odaklan\u0131r. Ele\u015ftirel bir perspektifle y\u00fcr\u00fct\u00fclen ileti\u015fim ara\u015ft\u0131rmalar\u0131, y\u00fczeyin alt\u0131nda i\u015fleyen bu ili\u015fkileri g\u00f6r\u00fcn\u00fcr k\u0131larak alan\u0131 d\u00fc\u015f\u00fcr\u0131sel olarak derinle\u015ftirir. \u0130leti\u015fim Ara\u015ft\u0131rmalar\u0131n\u0131 Anlamak, i\u015fte tam da bu d\u00fc\u015f\u00fcr\u0131sel ihtiya\u00e7tan hareketle ileti\u015fim alan\u0131na ele\u015ftirel bir \u00e7er\u00e7eveden bakan kapsaml\u0131 bir derleme sunuyor. Kitap, erken d\u00f6nem tart\u0131\u015fmalardan g\u00fcr\u0131\u00fcm\u00fcz\u00fcr\u0131 dijitalle\u015fmi\u015f medya ortam\u0131na kadar uzanan s\u00fcre\u00e7te ileti\u015fim ara\u015ft\u0131rmalar\u0131n\u0131 tarihsel, kuramsal ve metodolojik boyutlar\u0131yla ele al\u0131yor. \u0130leti\u015fim Ara\u015ft\u0131rmalar\u0131n\u0131 Anlamak, ileti\u015fim alan\u0131n\u0131n ge\u00e7mi\u015fine dair bir panorama sunarken gelece\u011fe y\u00f6nelik yeni d\u00fc\u015f\u00fcrtme bi\u00e7imlerine de kap\u0131 aral\u0131yor. Kuramsal ve metodolojik \u00e7e\u015fitlili\u011fiyle kitap, ileti\u015fimi anlaman\u0131n ayn\u0131 zamanda toplumu, bilginin \u00fcretimini ve iktidar dinamiklerini anlamak oldu\u011funu hat\u0131rlat\u0131yor.<\/p>\n","protected":false},"excerpt":{"rendered":"<p>Ele\u015ftirel ileti\u015fim ara\u015ft\u0131rmalar\u0131, ileti\u015fimi ideoloji, iktidar ili\u015fkileri ve toplumsal yap\u0131lar ekseninde \u00e7\u00f6z\u00fcmleyen kuramsal ve y\u00f6ntembilimsel bir y\u00f6nelimi temsil eder. Bu y\u00f6nelim, ileti\u015fim s\u00fcre\u00e7lerini teknolojik geli\u015fmelerin ya<span class=\"excerpt-hellip\"> [\u2026]<\/span><\/p>\n","protected":false},"featured_media":0,"template":"","meta":{"_monsterinsights_skip_tracking":false,"_monsterinsights_sitenote_active":false,"_monsterinsights_sitenote_note":"","_monsterinsights_sitenote_category":0},"product_brand":[],"product_cat":[15983,13488],"product_tag":[],"class_list":{"0":"post-780352","1":"product","2":"type-product","3":"status-publish","5":"product_cat-iletisim-ve-medya","6":"product_cat-toplum-ve-insan","7":"pa_cilt-ciltsiz","8":"pa_tur-kitap","9":"pa_yayinevi-nika-yayinevi","10":"pa_yazar-kolektif","12":"first","13":"instock","14":"sale","15":"shipping-taxable","16":"purchasable","17":"product-type-simple"},"_links":{"self":[{"href":"https:\/\/roveyayinevi.com.tr\/index.php\/wp-json\/wp\/v2\/product\/780352","targetHints":{"allow":["GET"]}}],"collection":[{"href":"https:\/\/roveyayinevi.com.tr\/index.php\/wp-json\/wp\/v2\/product"}],"about":[{"href":"https:\/\/roveyayinevi.com.tr\/index.php\/wp-json\/wp\/v2\/types\/product"}],"wp:attachment":[{"href":"https:\/\/roveyayinevi.com.tr\/index.php\/wp-json\/wp\/v2\/media?parent=780352"}],"wp:term":[{"taxonomy":"product_brand","embeddable":true,"href":"https:\/\/roveyayinevi.com.tr\/index.php\/wp-json\/wp\/v2\/product_brand?post=780352"},{"taxonomy":"product_cat","embeddable":true,"href":"https:\/\/roveyayinevi.com.tr\/index.php\/wp-json\/wp\/v2\/product_cat?post=780352"},{"taxonomy":"product_tag","embeddable":true,"href":"https:\/\/roveyayinevi.com.tr\/index.php\/wp-json\/wp\/v2\/product_tag?post=780352"}],"curies":[{"name":"wp","href":"https:\/\/api.w.org\/{rel}","templated":true}]}}