{"id":780344,"date":"2025-12-30T12:38:09","date_gmt":"2025-12-30T09:38:09","guid":{"rendered":"https:\/\/roveyayinevi.com.tr\/index.php\/urun\/insanliga-dogru\/"},"modified":"2026-04-08T03:42:26","modified_gmt":"2026-04-08T00:42:26","slug":"insanliga-dogru","status":"publish","type":"product","link":"https:\/\/roveyayinevi.com.tr\/index.php\/urun\/insanliga-dogru\/","title":{"rendered":"\u0130nsanl\u0131\u011fa Do\u011fru"},"content":{"rendered":"<p>Siyasetin tozlu yollar\u0131nda 25 y\u0131l\u0131 geride b\u0131rakm\u0131\u015f, ticaretle yo\u011frulmu\u015f; iki \u00e7ocuk   babas\u0131 bir insan olarak yaz\u0131yorum bu kitab\u0131. \u0130nsanl\u0131\u011fa do\u011fru akademik bir tez de\u011fil; sahadan, kalbin en derin s\u0131z\u0131s\u0131ndan s\u00fcz\u00fcl\u00fcp gelen samimi bir vicdan manifestosudur. Hira ma\u011faras\u0131ndaki o ilk aray\u0131\u015f\u0131 bug\u00fcne ta\u015f\u0131yor. Durum tespitinden ruhi in\u015faya uzanan cesur bir yolculuk\u2026 \u0130nsanl\u0131k bir var\u0131\u015f noktas\u0131 de\u011fil, s\u00fcrekli bir in\u015fa h\u00e2lidir. Gelin, bu in\u015faata birlikte omuz verelim. Sevgili okurlar,\u0130nsanl\u0131\u011fa Do\u011fru;  t\u00fcm T\u00fcrkiye\u2019ye ve insanl\u0131\u011fa i\u00e7ten, kararl\u0131 bir el uzatmaktad\u0131r. Bu kitap, yaln\u0131zca okunmaz; ya\u015fan\u0131r. &#8220;\u0130\u00e7inizdeki insan\u0131 yeniden in\u015fa etmek isteyen herkes i\u00e7in\u2026 &#8220;<\/p>\n","protected":false},"excerpt":{"rendered":"<p>Siyasetin tozlu yollar\u0131nda 25 y\u0131l\u0131 geride b\u0131rakm\u0131\u015f, ticaretle yo\u011frulmu\u015f; iki \u00e7ocuk babas\u0131 bir insan olarak yaz\u0131yorum bu kitab\u0131. \u0130nsanl\u0131\u011fa do\u011fru akademik bir tez de\u011fil; sahadan, kalbin<span class=\"excerpt-hellip\"> [\u2026]<\/span><\/p>\n","protected":false},"featured_media":0,"template":"","meta":{"_monsterinsights_skip_tracking":false,"_monsterinsights_sitenote_active":false,"_monsterinsights_sitenote_note":"","_monsterinsights_sitenote_category":0},"product_brand":[],"product_cat":[12364,12376],"product_tag":[],"class_list":{"0":"post-780344","1":"product","2":"type-product","3":"status-publish","5":"product_cat-genel-konular","6":"product_cat-kisisel-gelisim","7":"pa_cilt-ciltsiz","8":"pa_tur-kitap","9":"pa_yayinevi-kalem-lugat-yayincilik","10":"pa_yazar-nevzat-aksoy","12":"first","13":"instock","14":"sale","15":"shipping-taxable","16":"purchasable","17":"product-type-simple"},"_links":{"self":[{"href":"https:\/\/roveyayinevi.com.tr\/index.php\/wp-json\/wp\/v2\/product\/780344","targetHints":{"allow":["GET"]}}],"collection":[{"href":"https:\/\/roveyayinevi.com.tr\/index.php\/wp-json\/wp\/v2\/product"}],"about":[{"href":"https:\/\/roveyayinevi.com.tr\/index.php\/wp-json\/wp\/v2\/types\/product"}],"wp:attachment":[{"href":"https:\/\/roveyayinevi.com.tr\/index.php\/wp-json\/wp\/v2\/media?parent=780344"}],"wp:term":[{"taxonomy":"product_brand","embeddable":true,"href":"https:\/\/roveyayinevi.com.tr\/index.php\/wp-json\/wp\/v2\/product_brand?post=780344"},{"taxonomy":"product_cat","embeddable":true,"href":"https:\/\/roveyayinevi.com.tr\/index.php\/wp-json\/wp\/v2\/product_cat?post=780344"},{"taxonomy":"product_tag","embeddable":true,"href":"https:\/\/roveyayinevi.com.tr\/index.php\/wp-json\/wp\/v2\/product_tag?post=780344"}],"curies":[{"name":"wp","href":"https:\/\/api.w.org\/{rel}","templated":true}]}}