{"id":780330,"date":"2025-12-30T12:37:36","date_gmt":"2025-12-30T09:37:36","guid":{"rendered":"https:\/\/roveyayinevi.com.tr\/index.php\/urun\/ataturk-ve-kemalizm-kamalizm-i\/"},"modified":"2026-04-15T03:44:53","modified_gmt":"2026-04-15T00:44:53","slug":"ataturk-ve-kemalizm-kamalizm-i","status":"publish","type":"product","link":"https:\/\/roveyayinevi.com.tr\/index.php\/urun\/ataturk-ve-kemalizm-kamalizm-i\/","title":{"rendered":"Atat\u00fcrk ve Kemalizm [Kamalizm]-I"},"content":{"rendered":"<p>T\u00fcrk Budunu (Milleti)\u2019nu \u00f6l\u00fcmlerden d\u00f6nd\u00fcren y\u00fcce ba\u015fbu\u011f ise \u201cGAZ\u0130 MUSTAFA KEM\u00c2L ATAT\u00dcRK\u201d alt\u0131 ilkeden olu\u015fan bir model \u00fczerinde y\u00fcr\u00fcm\u00fc\u015ft\u00fcr. Bu modelin ad\u0131 \u201cEkonomik Kalk\u0131nma Modeli\u201ddir. Bu kalk\u0131nma modelinin yararc\u0131l\u0131\u011fa (Pragmatizme) dayan\u0131r. Atat\u00fcrk k\u0131sa zamanda bir\u015feyler yapabilmek i\u00e7in bir doktrin (\u00f6\u011freti) haz\u0131rlamam\u0131\u015f doktrin (\u00f6\u011freti)\u2019leri do\u011fma bulmu\u015ftur. Atat\u00fcrk sosyalizm ve liberalizmden yararlanarak k\u0131sa zamanda \u00e7ok b\u00fcy\u00fck kalk\u0131nma hamlelerine giri\u015fmi\u015f ve her hamlesinde de ba\u015far\u0131l\u0131 olmu\u015ftur. Bu \u00e7al\u0131\u015fmam\u0131zda sistemler ve modeller \u00fczerinde durmaya \u00e7al\u0131\u015faca\u011f\u0131z. \u00c7al\u0131\u015fmam\u0131z\u0131n i\u00e7eri\u011fini; 1- Kalk\u0131nman\u0131n diyalekti\u011fi ve toplum yap\u0131s\u0131, 2- Kem\u00e2lizim, 3- Kem\u00e2lizm\u2019in tarihi geli\u015fimi ve \u00e7e\u015fitli bak\u0131\u015f a\u00e7\u0131lar\u0131, 4- Anunnaki [Semitik] Irk\u0131 Uygarl\u0131\u011f\u0131 ve \u0130ktisadi Doktrinler, 5- Atat\u00fcrk\u2019\u00fcn Ekonomik Kalk\u0131nma Modeli [Kem\u00e2list Sistemin Esaslar\u0131], Atat\u00fcrk\u2019\u00fcn Ekonomik Kalk\u0131nma Modeline Kem\u00e2list bak\u0131\u015f a\u00e7\u0131lar\u0131, 6- Kadro Dergisi Mensuplar\u0131n\u0131n Atat\u00fcrk\u2019\u00fcn Ekonomik Kalk\u0131nma Modeli\u2019ne Bak\u0131\u015f A\u00e7\u0131lar\u0131, 7- \u00dclk\u00fc Dergisi Mensuplar\u0131n\u0131n Atat\u00fcrk\u2019\u00fcn Ekonomik Kalk\u0131nma Modeli\u2019ne Bak\u0131\u015f A\u00e7\u0131lar\u0131, 8- Ot-Oz\/OQ-ON\/Qun Ana Irk\u0131 Uygarl\u0131\u011f\u0131nda Atat\u00fcrk\u2019\u00fcn D\u00fc\u015f\u00fcnceleri, 9- Atat\u00fcrk\u2019\u00fcn Tarihe Bak\u0131\u015f\u0131 ve T\u00fcrk Tarih Tezi, 10- Atat\u00fcrk ve \u00d6ze D\u00f6n\u00fc\u015f a- Atat\u00fcrk\u2019\u00fcn D\u00fc\u015f\u00fcnce Sistemi, b- Atat\u00fcrk ve Bilim, c- Atat\u00fcrk ve Din, \u00e7- Atat\u00fcrk\u2019\u00fcn din hakk\u0131nda s\u00f6yledi\u011fi s\u00f6zler. 11- Atat\u00fcrk Ve T\u00fcrk T\u00f6resi. 12- Ot-Oz\/OQ-ON\/Qun Ana Irk\u0131 Uygarl\u0131\u011f\u0131nda [\u00d6dKam] \u00d6ze D\u00f6n\u00fc\u015f, Kalk\u0131nma Ana Modeli ve T\u00fcrk\u00e7\u00fc Toplumcu Do\u011fu\u015f Doktrini konular\u0131 olu\u015fturacakt\u0131r.<\/p>\n","protected":false},"excerpt":{"rendered":"<p>T\u00fcrk Budunu (Milleti)\u2019nu \u00f6l\u00fcmlerden d\u00f6nd\u00fcren y\u00fcce ba\u015fbu\u011f ise \u201cGAZ\u0130 MUSTAFA KEM\u00c2L ATAT\u00dcRK\u201d alt\u0131 ilkeden olu\u015fan bir model \u00fczerinde y\u00fcr\u00fcm\u00fc\u015ft\u00fcr. Bu modelin ad\u0131 \u201cEkonomik Kalk\u0131nma Modeli\u201ddir. Bu<span class=\"excerpt-hellip\"> [\u2026]<\/span><\/p>\n","protected":false},"featured_media":0,"template":"","meta":{"_monsterinsights_skip_tracking":false,"_monsterinsights_sitenote_active":false,"_monsterinsights_sitenote_note":"","_monsterinsights_sitenote_category":0},"product_brand":[],"product_cat":[12530,12304],"product_tag":[],"class_list":{"0":"post-780330","1":"product","2":"type-product","3":"status-publish","5":"product_cat-mustafa-kemal-ataturk","6":"product_cat-tarih","7":"pa_cilt-ciltsiz","8":"pa_tur-kitap","9":"pa_yayinevi-soncag-akademik-kitaplar","10":"pa_yazar-mehmet-komen","12":"first","13":"instock","14":"sale","15":"shipping-taxable","16":"purchasable","17":"product-type-simple"},"_links":{"self":[{"href":"https:\/\/roveyayinevi.com.tr\/index.php\/wp-json\/wp\/v2\/product\/780330","targetHints":{"allow":["GET"]}}],"collection":[{"href":"https:\/\/roveyayinevi.com.tr\/index.php\/wp-json\/wp\/v2\/product"}],"about":[{"href":"https:\/\/roveyayinevi.com.tr\/index.php\/wp-json\/wp\/v2\/types\/product"}],"wp:attachment":[{"href":"https:\/\/roveyayinevi.com.tr\/index.php\/wp-json\/wp\/v2\/media?parent=780330"}],"wp:term":[{"taxonomy":"product_brand","embeddable":true,"href":"https:\/\/roveyayinevi.com.tr\/index.php\/wp-json\/wp\/v2\/product_brand?post=780330"},{"taxonomy":"product_cat","embeddable":true,"href":"https:\/\/roveyayinevi.com.tr\/index.php\/wp-json\/wp\/v2\/product_cat?post=780330"},{"taxonomy":"product_tag","embeddable":true,"href":"https:\/\/roveyayinevi.com.tr\/index.php\/wp-json\/wp\/v2\/product_tag?post=780330"}],"curies":[{"name":"wp","href":"https:\/\/api.w.org\/{rel}","templated":true}]}}