{"id":780316,"date":"2025-12-30T12:37:10","date_gmt":"2025-12-30T09:37:10","guid":{"rendered":"https:\/\/roveyayinevi.com.tr\/index.php\/urun\/genel-kolluk-disiplin-hukukunda-adil-yargilanma-hakki-baglaminda-disiplin-sorusturmasi\/"},"modified":"2026-04-15T03:44:52","modified_gmt":"2026-04-15T00:44:52","slug":"genel-kolluk-disiplin-hukukunda-adil-yargilanma-hakki-baglaminda-disiplin-sorusturmasi","status":"publish","type":"product","link":"https:\/\/roveyayinevi.com.tr\/index.php\/urun\/genel-kolluk-disiplin-hukukunda-adil-yargilanma-hakki-baglaminda-disiplin-sorusturmasi\/","title":{"rendered":"Genel Kolluk Disiplin Hukukunda Adil Yarg\u0131lanma Hakk\u0131 Ba\u011flam\u0131nda Disiplin Soru\u015fturmas\u0131"},"content":{"rendered":"<p>Temel ve evrensel bir hak olan adil yarg\u0131lanma hakk\u0131, g\u00fcn\u00fcm\u00fcz hukuk sisteminin vazge\u00e7ilmez bir unsuru olarak genel kolluk personeli disiplin soru\u015fturmalar\u0131nda nas\u0131l uygulanmal\u0131d\u0131r? sorusuna bir cevap olarak haz\u0131rlanan bu kitapta A\u0130HS ve A\u0130HM kararlar\u0131 \u0131\u015f\u0131\u011f\u0131nda adil yarg\u0131lanma hakk\u0131 ilkeleri ile bu ilkelerin genel kolluk disiplin soru\u015fturmalar\u0131nda AYM ve Dan\u0131\u015ftay kararlar\u0131 do\u011frultusunda uygulanabilirli\u011fi a\u00e7\u0131klanm\u0131\u015ft\u0131r. K\u0131saca ifade etmek gerekirse, adil yarg\u0131lanma hakk\u0131 genel kolluk personelinin disiplin soru\u015fturmalar\u0131nda e\u015fit ve hukuka uygun bir \u015fekilde soru\u015fturma yap\u0131lma g\u00fcvencesi temin etmelidir. \u00c7\u00fcnk\u00fc bu g\u00fcvence insan\u0131n en temel ve evrensel hakk\u0131ndan kaynaklanmaktad\u0131r\u2026 <\/p>\n","protected":false},"excerpt":{"rendered":"<p>Temel ve evrensel bir hak olan adil yarg\u0131lanma hakk\u0131, g\u00fcn\u00fcm\u00fcz hukuk sisteminin vazge\u00e7ilmez bir unsuru olarak genel kolluk personeli disiplin soru\u015fturmalar\u0131nda nas\u0131l uygulanmal\u0131d\u0131r? sorusuna bir cevap<span class=\"excerpt-hellip\"> [\u2026]<\/span><\/p>\n","protected":false},"featured_media":0,"template":"","meta":{"_monsterinsights_skip_tracking":false,"_monsterinsights_sitenote_active":false,"_monsterinsights_sitenote_note":"","_monsterinsights_sitenote_category":0},"product_brand":[],"product_cat":[15350,17583],"product_tag":[],"class_list":{"0":"post-780316","1":"product","2":"type-product","3":"status-publish","5":"product_cat-hukuk","6":"product_cat-kanun-ve-uygulama-kitaplari","7":"pa_cilt-ciltsiz","8":"pa_tur-kitap","9":"pa_yayinevi-fera-yayincilik","10":"pa_yazar-tufan-tasan","12":"first","13":"instock","14":"sale","15":"shipping-taxable","16":"purchasable","17":"product-type-simple"},"_links":{"self":[{"href":"https:\/\/roveyayinevi.com.tr\/index.php\/wp-json\/wp\/v2\/product\/780316","targetHints":{"allow":["GET"]}}],"collection":[{"href":"https:\/\/roveyayinevi.com.tr\/index.php\/wp-json\/wp\/v2\/product"}],"about":[{"href":"https:\/\/roveyayinevi.com.tr\/index.php\/wp-json\/wp\/v2\/types\/product"}],"wp:attachment":[{"href":"https:\/\/roveyayinevi.com.tr\/index.php\/wp-json\/wp\/v2\/media?parent=780316"}],"wp:term":[{"taxonomy":"product_brand","embeddable":true,"href":"https:\/\/roveyayinevi.com.tr\/index.php\/wp-json\/wp\/v2\/product_brand?post=780316"},{"taxonomy":"product_cat","embeddable":true,"href":"https:\/\/roveyayinevi.com.tr\/index.php\/wp-json\/wp\/v2\/product_cat?post=780316"},{"taxonomy":"product_tag","embeddable":true,"href":"https:\/\/roveyayinevi.com.tr\/index.php\/wp-json\/wp\/v2\/product_tag?post=780316"}],"curies":[{"name":"wp","href":"https:\/\/api.w.org\/{rel}","templated":true}]}}