{"id":780310,"date":"2025-12-30T12:36:55","date_gmt":"2025-12-30T09:36:55","guid":{"rendered":"https:\/\/roveyayinevi.com.tr\/index.php\/urun\/cehennem-gecidi-sekoya-agaci\/"},"modified":"2026-04-15T03:44:52","modified_gmt":"2026-04-15T00:44:52","slug":"cehennem-gecidi-sekoya-agaci","status":"publish","type":"product","link":"https:\/\/roveyayinevi.com.tr\/index.php\/urun\/cehennem-gecidi-sekoya-agaci\/","title":{"rendered":"Cehennem Ge\u00e7idi: Sekoya A\u011fac\u0131"},"content":{"rendered":"<p>Ailesi u\u00e7ak kazas\u0131 sonras\u0131 kaybolmu\u015f olan bir kad\u0131n&#8230; Onlar\u0131n h\u00e2l\u00e2 hayatta olduklar\u0131na inanarak \u00e7\u0131kt\u0131\u011f\u0131  cesur yolculuk&#8230; Gizemli bir orman&#8230; Orman\u0131n derinliklerindeki sekoya a\u011fac\u0131n\u0131n k\u00f6klerinden cehenneme a\u00e7\u0131lan ge\u00e7it&#8230; Kadim g\u00fc\u00e7lerin karanl\u0131\u011f\u0131na do\u011fru korkusuzca ilerlemeye haz\u0131r m\u0131s\u0131n\u0131z? Cehenneme indikten sonra geri \u00e7\u0131k\u0131\u015f yolu var m\u0131? Sevginin g\u00fcc\u00fc karanl\u0131\u011f\u0131 yenebilecek mi? Aksiyon ve gerilim y\u00fckl\u00fc bir maceraya davetlisiniz.<\/p>\n","protected":false},"excerpt":{"rendered":"<p>Ailesi u\u00e7ak kazas\u0131 sonras\u0131 kaybolmu\u015f olan bir kad\u0131n&#8230; Onlar\u0131n h\u00e2l\u00e2 hayatta olduklar\u0131na inanarak \u00e7\u0131kt\u0131\u011f\u0131 cesur yolculuk&#8230; Gizemli bir orman&#8230; Orman\u0131n derinliklerindeki sekoya a\u011fac\u0131n\u0131n k\u00f6klerinden cehenneme a\u00e7\u0131lan<span class=\"excerpt-hellip\"> [\u2026]<\/span><\/p>\n","protected":false},"featured_media":0,"template":"","meta":{"_monsterinsights_skip_tracking":false,"_monsterinsights_sitenote_active":false,"_monsterinsights_sitenote_note":"","_monsterinsights_sitenote_category":0},"product_brand":[],"product_cat":[12291,14777],"product_tag":[],"class_list":{"0":"post-780310","1":"product","2":"type-product","3":"status-publish","5":"product_cat-edebiyat","6":"product_cat-fantastik","7":"pa_cilt-ciltsiz","8":"pa_tur-kitap","9":"pa_yayinevi-perseus","10":"pa_yazar-yusuf-ozturk","12":"first","13":"instock","14":"sale","15":"shipping-taxable","16":"purchasable","17":"product-type-simple"},"_links":{"self":[{"href":"https:\/\/roveyayinevi.com.tr\/index.php\/wp-json\/wp\/v2\/product\/780310","targetHints":{"allow":["GET"]}}],"collection":[{"href":"https:\/\/roveyayinevi.com.tr\/index.php\/wp-json\/wp\/v2\/product"}],"about":[{"href":"https:\/\/roveyayinevi.com.tr\/index.php\/wp-json\/wp\/v2\/types\/product"}],"wp:attachment":[{"href":"https:\/\/roveyayinevi.com.tr\/index.php\/wp-json\/wp\/v2\/media?parent=780310"}],"wp:term":[{"taxonomy":"product_brand","embeddable":true,"href":"https:\/\/roveyayinevi.com.tr\/index.php\/wp-json\/wp\/v2\/product_brand?post=780310"},{"taxonomy":"product_cat","embeddable":true,"href":"https:\/\/roveyayinevi.com.tr\/index.php\/wp-json\/wp\/v2\/product_cat?post=780310"},{"taxonomy":"product_tag","embeddable":true,"href":"https:\/\/roveyayinevi.com.tr\/index.php\/wp-json\/wp\/v2\/product_tag?post=780310"}],"curies":[{"name":"wp","href":"https:\/\/api.w.org\/{rel}","templated":true}]}}