{"id":780284,"date":"2025-12-30T12:36:07","date_gmt":"2025-12-30T09:36:07","guid":{"rendered":"https:\/\/roveyayinevi.com.tr\/index.php\/urun\/kutahya-tarihi-arastirmalari-ii\/"},"modified":"2026-04-15T03:44:51","modified_gmt":"2026-04-15T00:44:51","slug":"kutahya-tarihi-arastirmalari-ii","status":"publish","type":"product","link":"https:\/\/roveyayinevi.com.tr\/index.php\/urun\/kutahya-tarihi-arastirmalari-ii\/","title":{"rendered":"K\u00fctahya Tarihi Ara\u015ft\u0131rmalar\u0131 II"},"content":{"rendered":"<p>K\u00fctahya Dumlup\u0131nar \u00dcniversitesi Tarih B\u00f6l\u00fcm\u00fc\u2019n\u00fcn \u00f6nc\u00fcl\u00fc\u011f\u00fcnde ortaya \u00e7\u0131kan bu eserde, \u015fehrin tarihine disiplinleraras\u0131 bir yakla\u015f\u0131mla bakmay\u0131 ama\u00e7lad\u0131k. Alan\u0131nda uzman bilim insanlar\u0131n\u0131n yapt\u0131\u011f\u0131 bilimsel \u00e7al\u0131\u015fmalara kronolojik bir s\u0131ra ile yer verdik. Bu nedenle binlerce y\u0131ll\u0131k bir zaman diliminde; arkeolojik kal\u0131nt\u0131lardan ar\u015fiv belgelerine, manevi d\u00fcnyam\u0131z\u0131 \u015fekillendiren mutasavv\u0131f \u015fairlerden, Milli M\u00fccadele\u2019nin unutulmaz an\u0131lar\u0131na uzanan b\u00f6l\u00fcmlerde; Domani\u00e7 ve Seyit\u00f6mer H\u00f6y\u00fck\u2019teki Antik \u00c7a\u011f yerle\u015fimlerinden, Osmanl\u0131\u2019n\u0131n idari tarihinde bir sancak olan K\u00fctahya\u2019ya; Germiyanl\u0131 idaresindeki \u00c7avdar Tatarlar\u0131\u2019ndan, Sun\u2019ullah Gayb\u00ee\u2019nin \u201cBurak\u201d temal\u0131 nutkundaki manevi iklime uzanan metinler, K\u00fctahya\u2019n\u0131n yaln\u0131zca siyasi tarihini de\u011fil, sosyal, k\u00fclt\u00fcrel ve edeb\u00ee dokusunu da ortaya koymaktad\u0131r. Di\u011fer yandan Seyyahlar\u0131n K\u00fctahya izlenimleri, XVI. y\u00fczy\u0131l Ahi zaviye ve \u00e7iftlikleri, O\u011fuz boylar\u0131n\u0131n b\u00f6lgedeki izleri, K\u00fctahya evlerinin mimari zarafeti ve Osmanl\u0131 ta\u015fra y\u00f6netiminin bir h\u00fcccet \u00fczerinden inceleni\u015fi, okuyucuya derinlemesine bir bak\u0131\u015f a\u00e7\u0131s\u0131 sunarken; K\u00fctahya Bank-\u0131 Osman\u00ee \u015eubesi, ilk sanatoryum te\u015febb\u00fcs\u00fc, K\u00fctahya Mecmuas\u0131, Milli M\u00fccadele d\u00f6nemindeki i\u015fgaller, kurtulu\u015fun bas\u0131na yans\u0131yan heyecan\u0131 ve nihayet 30 A\u011fustos Zaferi\u2019nin ilk kutlan\u0131\u015f\u0131 gibi ba\u015fl\u0131klar, yak\u0131n d\u00f6nem K\u00fctahya\u2019s\u0131n\u0131n toplumsal haf\u0131zas\u0131na \u0131\u015f\u0131k tutmaktad\u0131r. Bu haf\u0131zan\u0131n k\u00fclt\u00fcrel a\u00e7\u0131dan \u00f6nemi ve ge\u00e7mi\u015fin canl\u0131 tutulmas\u0131na y\u00f6nelik \u00f6nermeler de yine bu eserde yer almaktad\u0131r. Ayr\u0131ca hem ara\u015ft\u0131rmac\u0131lar hem de K\u00fctahya\u2019ya g\u00f6n\u00fcl veren herkes i\u00e7in kapsaml\u0131 bir kaynak olu\u015fturmak, okuyuculara oldu\u011fu kadar, K\u00fctahya\u2019n\u0131n gelece\u011fine y\u00f6n verecek olanlara ilham vermek nihai hedefimizdir. <\/p>\n","protected":false},"excerpt":{"rendered":"<p>K\u00fctahya Dumlup\u0131nar \u00dcniversitesi Tarih B\u00f6l\u00fcm\u00fc\u2019n\u00fcn \u00f6nc\u00fcl\u00fc\u011f\u00fcnde ortaya \u00e7\u0131kan bu eserde, \u015fehrin tarihine disiplinleraras\u0131 bir yakla\u015f\u0131mla bakmay\u0131 ama\u00e7lad\u0131k. Alan\u0131nda uzman bilim insanlar\u0131n\u0131n yapt\u0131\u011f\u0131 bilimsel \u00e7al\u0131\u015fmalara kronolojik bir<span class=\"excerpt-hellip\"> [\u2026]<\/span><\/p>\n","protected":false},"featured_media":0,"template":"","meta":{"_monsterinsights_skip_tracking":false,"_monsterinsights_sitenote_active":false,"_monsterinsights_sitenote_note":"","_monsterinsights_sitenote_category":0},"product_brand":[],"product_cat":[52477,52478],"product_tag":[],"class_list":{"0":"post-780284","1":"product","2":"type-product","3":"status-publish","5":"product_cat-arastirma","6":"product_cat-arkeoloji","7":"pa_cilt-ciltsiz","8":"pa_tur-kitap","9":"pa_yayinevi-bilgin-kultur-sanat","10":"pa_yazar-ozlem-soyer-zeyrek","12":"first","13":"instock","14":"sale","15":"shipping-taxable","16":"purchasable","17":"product-type-simple"},"_links":{"self":[{"href":"https:\/\/roveyayinevi.com.tr\/index.php\/wp-json\/wp\/v2\/product\/780284","targetHints":{"allow":["GET"]}}],"collection":[{"href":"https:\/\/roveyayinevi.com.tr\/index.php\/wp-json\/wp\/v2\/product"}],"about":[{"href":"https:\/\/roveyayinevi.com.tr\/index.php\/wp-json\/wp\/v2\/types\/product"}],"wp:attachment":[{"href":"https:\/\/roveyayinevi.com.tr\/index.php\/wp-json\/wp\/v2\/media?parent=780284"}],"wp:term":[{"taxonomy":"product_brand","embeddable":true,"href":"https:\/\/roveyayinevi.com.tr\/index.php\/wp-json\/wp\/v2\/product_brand?post=780284"},{"taxonomy":"product_cat","embeddable":true,"href":"https:\/\/roveyayinevi.com.tr\/index.php\/wp-json\/wp\/v2\/product_cat?post=780284"},{"taxonomy":"product_tag","embeddable":true,"href":"https:\/\/roveyayinevi.com.tr\/index.php\/wp-json\/wp\/v2\/product_tag?post=780284"}],"curies":[{"name":"wp","href":"https:\/\/api.w.org\/{rel}","templated":true}]}}