{"id":780279,"date":"2025-12-30T12:35:56","date_gmt":"2025-12-30T09:35:56","guid":{"rendered":"https:\/\/roveyayinevi.com.tr\/index.php\/urun\/modernizm-barikatlarda\/"},"modified":"2026-04-15T03:44:50","modified_gmt":"2026-04-15T00:44:50","slug":"modernizm-barikatlarda","status":"publish","type":"product","link":"https:\/\/roveyayinevi.com.tr\/index.php\/urun\/modernizm-barikatlarda\/","title":{"rendered":"Modernizm Barikatlarda"},"content":{"rendered":"<p>Sanat\u0131n Avrupa&#8217;da Kilise&#8217;nin ve aristokrasinin vesayetinden kurtulmas\u0131yla kazand\u0131\u011f\u0131 kamusall\u0131k, siyasetle aras\u0131nda gerilimli bir ili\u015fkinin ortaya \u00e7\u0131kmas\u0131na yol a\u00e7ar. \u0130lahiyat\u0131 ve kraliyeti ifade etme y\u00fck\u00fcml\u00fcl\u00fc\u011f\u00fcnden kurtulan sanat\u00e7\u0131, daha \u00f6nce hayal edemeyece\u011fi bir \u00f6zg\u00fcrl\u00fck kazan\u0131r. Eserlerinin halka a\u00e7\u0131lmas\u0131yla toplumsal \u00e7at\u0131\u015fmalar\u0131n, dolay\u0131s\u0131yla siyasetin \u00f6znesi haline gelir. Frans\u0131z Devrimi ve 1848 devrimleri, \u201cdevrimci sanat\u00e7\u0131\u201d fig\u00fcr\u00fcn\u00fc yarat\u0131r. Sanat\u0131n toplumsal d\u00f6n\u00fc\u015f\u00fcme ilham vermesiyle esteti\u011fin kendi b\u00fcnyesindeki \u201cpolitika\u201d ke\u015ffedilir. 1917 Rus Devrimi ve 1930\u2019larda fa\u015fizmin y\u00fckseli\u015fi, sanat\u0131n siyasetle ba\u011f\u0131n\u0131 esteti\u011fin en temel tart\u0131\u015fmalar\u0131ndan biri haline getirir. Modernizm Barikatlarda, modernli\u011fe tepki olarak 19. y\u00fczy\u0131l sonlar\u0131nda geli\u015fen estetik modernizmin, avangard sanat\u0131n \u201ck\u00fclt\u00fcrel politika\u201ds\u0131n\u0131 inceliyor. Modernist avangardlar\u0131n \u00fctopyalar\u0131n\u0131 a\u00e7\u0131yor. Sanat\u00e7\u0131lar\u0131n ya\u015fad\u0131\u011f\u0131 siyasal \u00e7eli\u015fkilerin kaynaklar\u0131n\u0131 irdeliyor. \u201cBarikatlar\u0131n kar\u015f\u0131t taraflar\u0131nda\u201d yer ald\u0131klar\u0131nda bile modernistleri ayn\u0131 saflarda bulu\u015fturan ortak d\u00fc\u015fmanlara ve ortak ideallere i\u015faret ediyor. <\/p>\n","protected":false},"excerpt":{"rendered":"<p>Sanat\u0131n Avrupa&#8217;da Kilise&#8217;nin ve aristokrasinin vesayetinden kurtulmas\u0131yla kazand\u0131\u011f\u0131 kamusall\u0131k, siyasetle aras\u0131nda gerilimli bir ili\u015fkinin ortaya \u00e7\u0131kmas\u0131na yol a\u00e7ar. \u0130lahiyat\u0131 ve kraliyeti ifade etme y\u00fck\u00fcml\u00fcl\u00fc\u011f\u00fcnden kurtulan sanat\u00e7\u0131,<span class=\"excerpt-hellip\"> [\u2026]<\/span><\/p>\n","protected":false},"featured_media":0,"template":"","meta":{"_monsterinsights_skip_tracking":false,"_monsterinsights_sitenote_active":false,"_monsterinsights_sitenote_note":"","_monsterinsights_sitenote_category":0},"product_brand":[],"product_cat":[12408],"product_tag":[],"class_list":{"0":"post-780279","1":"product","2":"type-product","3":"status-publish","5":"product_cat-sanat","6":"pa_cilt-ciltsiz","7":"pa_tur-kitap","8":"pa_yayinevi-iletisim-yayinlari","9":"pa_yazar-stephen-eric-bronner","11":"first","12":"instock","13":"sale","14":"shipping-taxable","15":"purchasable","16":"product-type-simple"},"_links":{"self":[{"href":"https:\/\/roveyayinevi.com.tr\/index.php\/wp-json\/wp\/v2\/product\/780279","targetHints":{"allow":["GET"]}}],"collection":[{"href":"https:\/\/roveyayinevi.com.tr\/index.php\/wp-json\/wp\/v2\/product"}],"about":[{"href":"https:\/\/roveyayinevi.com.tr\/index.php\/wp-json\/wp\/v2\/types\/product"}],"wp:attachment":[{"href":"https:\/\/roveyayinevi.com.tr\/index.php\/wp-json\/wp\/v2\/media?parent=780279"}],"wp:term":[{"taxonomy":"product_brand","embeddable":true,"href":"https:\/\/roveyayinevi.com.tr\/index.php\/wp-json\/wp\/v2\/product_brand?post=780279"},{"taxonomy":"product_cat","embeddable":true,"href":"https:\/\/roveyayinevi.com.tr\/index.php\/wp-json\/wp\/v2\/product_cat?post=780279"},{"taxonomy":"product_tag","embeddable":true,"href":"https:\/\/roveyayinevi.com.tr\/index.php\/wp-json\/wp\/v2\/product_tag?post=780279"}],"curies":[{"name":"wp","href":"https:\/\/api.w.org\/{rel}","templated":true}]}}