{"id":780266,"date":"2025-12-30T12:35:33","date_gmt":"2025-12-30T09:35:33","guid":{"rendered":"https:\/\/roveyayinevi.com.tr\/index.php\/urun\/deleuzeden-sonra-farklar-tekrarlar-varyasyonlar\/"},"modified":"2026-04-15T03:44:50","modified_gmt":"2026-04-15T00:44:50","slug":"deleuzeden-sonra-farklar-tekrarlar-varyasyonlar","status":"publish","type":"product","link":"https:\/\/roveyayinevi.com.tr\/index.php\/urun\/deleuzeden-sonra-farklar-tekrarlar-varyasyonlar\/","title":{"rendered":"Deleuze\u2019den Sonra: Farklar, Tekrarlar, Varyasyonlar"},"content":{"rendered":"<p>Deleuze\u2019den Sonra \u2013Deleuze\u2019\u00fcn y\u00fcz\u00fcnc\u00fc do\u011fum g\u00fcn\u00fcnde\u2013 i\u00e7erisinde bulundu\u011fumuz y\u00fczy\u0131l\u0131 Deleuzec\u00fc k\u0131lan\u0131n ne oldu\u011funu soru\u015fturuyor ve Foucault taraf\u0131ndan dile getirilen kehanetin anlam\u0131n\u0131n pe\u015fine d\u00fc\u015f\u00fcyor: &#8220;Belki de bir g\u00fcn y\u00fczy\u0131l Deleuzec\u00fc olacak&#8221;. Bu derlemede yer alan yaz\u0131lar\u0131n Deleuze\u2019\u00fc konu\u015fturmay\u0131 istemek ya da Deleuze taraf\u0131ndan konu\u015fturulmak d\u0131\u015f\u0131nda bir ortakl\u0131klar\u0131 yok. Buna ra\u011fmen b\u00fct\u00fcn yaz\u0131larda g\u00f6r\u00fclen ortak bir tutumdan s\u00f6z edilebilir: Deleuze&#8217;e inanmak. Deleuze\u2019e inanmak \u2013 ama nas\u0131l? Tam da Deleuze\u2019\u00fcn kendisinin felsefeye inand\u0131\u011f\u0131 gibi: Felsefesini kendi ham materyaliyle ele alarak, kavramlar\u0131na do\u011frudan maruz kal\u0131p bunlar\u0131n ya\u015famsal etkisini, deneyimleme g\u00fcc\u00fcn\u00fc \u00f6l\u00e7erek, Deleuze\u2019\u00fc bir otorite olarak konumland\u0131rmadan onunla birlikte d\u00fc\u015f\u00fcnmeye \u00e7al\u0131\u015farak. En nihayetinde &#8221; &#8216;[B]enim yapt\u0131\u011f\u0131m gibi yap&#8217; diyenlerden hi\u00e7bir \u015fey \u00f6\u011frenmeyiz. Ger\u00e7ek \u00f6\u011fretmenlerimiz, bize \u2018benimle birlikte yap\u2019 diyenlerdir&#8221; c\u00fcmlesini kuran Deleuze\u2019den ba\u015fkas\u0131 de\u011fildir. Derlemede yer alan metinler de bu anlamda \u201cbirlikte yapma\u201d denemeleri olarak okunabilir: farkl\u0131 tarzlar, farkl\u0131 problemler, farkl\u0131 bak\u0131\u015f a\u00e7\u0131\u015flar\u0131, farkl\u0131 tekrarlar -k\u0131sacas\u0131: Farklar, Tekrarlar, Varyasyonlar.<\/p>\n","protected":false},"excerpt":{"rendered":"<p>Deleuze\u2019den Sonra \u2013Deleuze\u2019\u00fcn y\u00fcz\u00fcnc\u00fc do\u011fum g\u00fcn\u00fcnde\u2013 i\u00e7erisinde bulundu\u011fumuz y\u00fczy\u0131l\u0131 Deleuzec\u00fc k\u0131lan\u0131n ne oldu\u011funu soru\u015fturuyor ve Foucault taraf\u0131ndan dile getirilen kehanetin anlam\u0131n\u0131n pe\u015fine d\u00fc\u015f\u00fcyor: &#8220;Belki de bir<span class=\"excerpt-hellip\"> [\u2026]<\/span><\/p>\n","protected":false},"featured_media":0,"template":"","meta":{"_monsterinsights_skip_tracking":false,"_monsterinsights_sitenote_active":false,"_monsterinsights_sitenote_note":"","_monsterinsights_sitenote_category":0},"product_brand":[],"product_cat":[12389,12388],"product_tag":[],"class_list":{"0":"post-780266","1":"product","2":"type-product","3":"status-publish","5":"product_cat-diger-felsefe","6":"product_cat-felsefe","7":"pa_cilt-ciltsiz","8":"pa_tur-kitap","9":"pa_yayinevi-livera-yayinevi","10":"pa_yazar-kolektif","12":"first","13":"instock","14":"sale","15":"shipping-taxable","16":"purchasable","17":"product-type-simple"},"_links":{"self":[{"href":"https:\/\/roveyayinevi.com.tr\/index.php\/wp-json\/wp\/v2\/product\/780266","targetHints":{"allow":["GET"]}}],"collection":[{"href":"https:\/\/roveyayinevi.com.tr\/index.php\/wp-json\/wp\/v2\/product"}],"about":[{"href":"https:\/\/roveyayinevi.com.tr\/index.php\/wp-json\/wp\/v2\/types\/product"}],"wp:attachment":[{"href":"https:\/\/roveyayinevi.com.tr\/index.php\/wp-json\/wp\/v2\/media?parent=780266"}],"wp:term":[{"taxonomy":"product_brand","embeddable":true,"href":"https:\/\/roveyayinevi.com.tr\/index.php\/wp-json\/wp\/v2\/product_brand?post=780266"},{"taxonomy":"product_cat","embeddable":true,"href":"https:\/\/roveyayinevi.com.tr\/index.php\/wp-json\/wp\/v2\/product_cat?post=780266"},{"taxonomy":"product_tag","embeddable":true,"href":"https:\/\/roveyayinevi.com.tr\/index.php\/wp-json\/wp\/v2\/product_tag?post=780266"}],"curies":[{"name":"wp","href":"https:\/\/api.w.org\/{rel}","templated":true}]}}