{"id":780258,"date":"2025-12-30T12:35:12","date_gmt":"2025-12-30T09:35:12","guid":{"rendered":"https:\/\/roveyayinevi.com.tr\/index.php\/urun\/agrippina\/"},"modified":"2026-04-15T03:44:50","modified_gmt":"2026-04-15T00:44:50","slug":"agrippina","status":"publish","type":"product","link":"https:\/\/roveyayinevi.com.tr\/index.php\/urun\/agrippina\/","title":{"rendered":"Agrippina"},"content":{"rendered":"<p>\u201cBu, bir imparatori\u00e7enin hik\u00e2yesi; imparatorlar\u0131n k\u0131z karde\u015fi, ye\u011feni, kar\u0131s\u0131 ve annesi olan bir kad\u0131n\u0131n hik\u00e2yesi. Burada ensest ve cinayet, sava\u015flar ve fetihler, entrikalar ve dualar var. \u0130yi bir hik\u00e2yede olmas\u0131 gereken her \u015feyden biraz var ve en \u00f6nemlisi de bu ger\u00e7ekten anlat\u0131lmaya de\u011fer bir hik\u00e2ye. [\u2026] Onun kibri, sertli\u011fi, kendine h\u00e2kimiyeti ve odaklanm\u0131\u015fl\u0131\u011f\u0131, onu bu alanda istemeyen erkeklere kar\u015f\u0131 bir savunma duvar\u0131yd\u0131. B\u00f6ylece imparatorluk kad\u0131nlar\u0131 i\u00e7in yepyeni bir pozisyon yaratt\u0131: Augusta.\u201d Antik d\u00fcnyan\u0131n en g\u00fc\u00e7l\u00fc kad\u0131nlar\u0131ndan biri olan Gen\u00e7 Agrippina, tarih boyunca genellikle \u201ccanavar anne\u201d, \u201ch\u0131rsl\u0131 entrikac\u0131\u201d ya da \u201czehirli dul\u201d olarak an\u0131ld\u0131. Ancak Emma Southon, Tacitus ve Suetonius gibi tarih\u00e7ilerin kaleminden \u00e7\u0131km\u0131\u015f bu kli\u015felerin ard\u0131na bakarak Agrippina\u2019y\u0131 yeniden de\u011ferlendiriyor. Bu kitap, Roma \u0130mparatorluk hanedan\u0131n\u0131n merkezinde yer alan bir kad\u0131n\u0131n; siyasetin, propagandan\u0131n ve tipik Romal\u0131 erkek egemen tarih yaz\u0131m\u0131n\u0131n tam ortas\u0131nda nas\u0131l bir var olma stratejisi kurdu\u011funu anlat\u0131yor. Southon, imparatorluk ailesinin kad\u0131n \u00fcyelerine dair geleneksel anlat\u0131lar\u0131 sorgularken, Agrippina\u2019y\u0131 ne bir kurban ne de bir kahraman olarak sunuyor. Onu kendi \u00e7a\u011f\u0131n\u0131n politik zorluklar\u0131n\u0131 kavrayan, g\u00fcc\u00fc ki\u015fisel cazibesinden de\u011fil, zek\u00e2s\u0131ndan ve soyundan alan bir fig\u00fcr olarak resmediyor. Bu anlat\u0131m, klasik tarih\u00e7ili\u011fin so\u011fuk mermer heykellerine can veriyor; hem anneli\u011fin hem iktidar\u0131n hem de tarihin, tarafl\u0131 tarih yaz\u0131m\u0131n\u0131n ellerinde nas\u0131l \u015fekillendirildi\u011fini g\u00f6steriyor. Bu kitap; bir biyografi olman\u0131n \u00f6tesinde, asl\u0131nda Roma tarihinin en tart\u0131\u015fmal\u0131 kad\u0131n\u0131 \u00fczerinden g\u00fc\u00e7, temsil ve cinsiyet \u00fczerine bir yeniden okuma \u00f6nerisi olmakla beraber Roma tarih yaz\u0131c\u0131l\u0131\u011f\u0131n\u0131 ihtiyatla okumam\u0131z gerekti\u011fini de bize hat\u0131rlat\u0131yor. Emma Southon\u2019un keskin mizah\u0131 ve tarihsel titizli\u011fiyle birle\u015fen bu anlat\u0131, okuyucuya hem ge\u00e7mi\u015fi hem de bug\u00fcn\u00fc yeniden d\u00fc\u015f\u00fcnme f\u0131rsat\u0131 sunuyor.<\/p>\n","protected":false},"excerpt":{"rendered":"<p>\u201cBu, bir imparatori\u00e7enin hik\u00e2yesi; imparatorlar\u0131n k\u0131z karde\u015fi, ye\u011feni, kar\u0131s\u0131 ve annesi olan bir kad\u0131n\u0131n hik\u00e2yesi. Burada ensest ve cinayet, sava\u015flar ve fetihler, entrikalar ve dualar var.<span class=\"excerpt-hellip\"> [\u2026]<\/span><\/p>\n","protected":false},"featured_media":0,"template":"","meta":{"_monsterinsights_skip_tracking":false,"_monsterinsights_sitenote_active":false,"_monsterinsights_sitenote_note":"","_monsterinsights_sitenote_category":0},"product_brand":[],"product_cat":[12304],"product_tag":[],"class_list":{"0":"post-780258","1":"product","2":"type-product","3":"status-publish","5":"product_cat-tarih","6":"pa_cilt-ciltsiz","7":"pa_tur-kitap","8":"pa_yayinevi-pinhan-yayincilik","9":"pa_yazar-emma-southon","11":"first","12":"instock","13":"sale","14":"shipping-taxable","15":"purchasable","16":"product-type-simple"},"_links":{"self":[{"href":"https:\/\/roveyayinevi.com.tr\/index.php\/wp-json\/wp\/v2\/product\/780258","targetHints":{"allow":["GET"]}}],"collection":[{"href":"https:\/\/roveyayinevi.com.tr\/index.php\/wp-json\/wp\/v2\/product"}],"about":[{"href":"https:\/\/roveyayinevi.com.tr\/index.php\/wp-json\/wp\/v2\/types\/product"}],"wp:attachment":[{"href":"https:\/\/roveyayinevi.com.tr\/index.php\/wp-json\/wp\/v2\/media?parent=780258"}],"wp:term":[{"taxonomy":"product_brand","embeddable":true,"href":"https:\/\/roveyayinevi.com.tr\/index.php\/wp-json\/wp\/v2\/product_brand?post=780258"},{"taxonomy":"product_cat","embeddable":true,"href":"https:\/\/roveyayinevi.com.tr\/index.php\/wp-json\/wp\/v2\/product_cat?post=780258"},{"taxonomy":"product_tag","embeddable":true,"href":"https:\/\/roveyayinevi.com.tr\/index.php\/wp-json\/wp\/v2\/product_tag?post=780258"}],"curies":[{"name":"wp","href":"https:\/\/api.w.org\/{rel}","templated":true}]}}