{"id":780247,"date":"2025-12-30T12:34:32","date_gmt":"2025-12-30T09:34:32","guid":{"rendered":"https:\/\/roveyayinevi.com.tr\/index.php\/urun\/aclik-oyunlari-resimli-ciltli\/"},"modified":"2026-04-15T03:44:49","modified_gmt":"2026-04-15T00:44:49","slug":"aclik-oyunlari-resimli-ciltli","status":"publish","type":"product","link":"https:\/\/roveyayinevi.com.tr\/index.php\/urun\/aclik-oyunlari-resimli-ciltli\/","title":{"rendered":"A\u00e7l\u0131k Oyunlar\u0131 &#8211; Resimli (Ciltli)"},"content":{"rendered":"<p>T\u00fcm d\u00fcnyada 100 milyondan fazla satan A\u00e7l\u0131k Oyunlar\u0131 efsanesi, b\u00fcy\u00fcleyici \u00e7izimlerle zenginle\u015fen \u00f6zel bask\u0131s\u0131yla kar\u0131\u015f\u0131n\u0131zda!On alt\u0131 ya\u015f\u0131ndaki Katniss Everdeen, 12. M\u0131nt\u0131ka\u2019da zorlu bir ya\u015fam m\u00fccadelesi veriyor. Panem halk\u0131 uzun zaman \u00f6nce ya\u015fanan i\u00e7 sava\u015f\u0131 kaybetmi\u015f ve bunun bedelini Ba\u015fkent\u2019in ac\u0131mas\u0131z y\u00f6netimi alt\u0131nda s\u00fcrekli \u00f6demeye devam ediyor.Ba\u015fkent her y\u0131l d\u00fczenlenen A\u00e7l\u0131k Oyunlar\u0131 ile kontrol\u00fc elinde tutmaya devam ediyor. Televizyonda yay\u0131nlanan bu oyunlar, Panem\u2019in on iki m\u0131nt\u0131kas\u0131ndan se\u00e7ilen gen\u00e7 hara\u00e7lar\u0131n kat\u0131ld\u0131\u011f\u0131 bir \u00f6l\u00fcm kal\u0131m m\u00fccadelesi. Bu korkun\u00e7 sava\u015f\u0131n t\u00fcyler \u00fcrpertici bir mesaj\u0131 var: \u0130syanlar her zaman cezaland\u0131r\u0131l\u0131r.Katniss kendini A\u00e7l\u0131k Oyunlar\u0131 arenas\u0131nda buldu\u011funda, \u015fans\u0131n kendisinden yana olmad\u0131\u011f\u0131n\u0131 biliyor. Ama hayatta kalmay\u0131 ba\u015farabilirse bir \u015feyleri de\u011fi\u015ftirebilir.A\u00c7LIK OYUNLARI BA\u015eLASIN VE \u015eANS HEP\u0130N\u0130ZDEN YANA OLSUN!Usta yazar Suzanne Collins\u2019in sava\u015f\u0131n bedelleri, insan do\u011fas\u0131n\u0131n ac\u0131mas\u0131zl\u0131\u011f\u0131, direni\u015f ve sevginin g\u00fcc\u00fc \u00fczerine yazd\u0131\u011f\u0131 muhte\u015fem kurgusu, \u00fcnl\u00fc sanat\u00e7\u0131 Nico Delort\u2019un ola\u011fan\u00fcst\u00fc resimleriyle devle\u015fiyor\u2026<\/p>\n","protected":false},"excerpt":{"rendered":"<p>T\u00fcm d\u00fcnyada 100 milyondan fazla satan A\u00e7l\u0131k Oyunlar\u0131 efsanesi, b\u00fcy\u00fcleyici \u00e7izimlerle zenginle\u015fen \u00f6zel bask\u0131s\u0131yla kar\u0131\u015f\u0131n\u0131zda!On alt\u0131 ya\u015f\u0131ndaki Katniss Everdeen, 12. M\u0131nt\u0131ka\u2019da zorlu bir ya\u015fam m\u00fccadelesi veriyor.<span class=\"excerpt-hellip\"> [\u2026]<\/span><\/p>\n","protected":false},"featured_media":0,"template":"","meta":{"_monsterinsights_skip_tracking":false,"_monsterinsights_sitenote_active":false,"_monsterinsights_sitenote_note":"","_monsterinsights_sitenote_category":0},"product_brand":[],"product_cat":[12291,14777],"product_tag":[],"class_list":{"0":"post-780247","1":"product","2":"type-product","3":"status-publish","5":"product_cat-edebiyat","6":"product_cat-fantastik","7":"pa_cilt-ciltli","8":"pa_tur-kitap","9":"pa_yayinevi-dex-yayinevi","10":"pa_yazar-suzanne-collins","12":"first","13":"instock","14":"sale","15":"shipping-taxable","16":"purchasable","17":"product-type-simple"},"_links":{"self":[{"href":"https:\/\/roveyayinevi.com.tr\/index.php\/wp-json\/wp\/v2\/product\/780247","targetHints":{"allow":["GET"]}}],"collection":[{"href":"https:\/\/roveyayinevi.com.tr\/index.php\/wp-json\/wp\/v2\/product"}],"about":[{"href":"https:\/\/roveyayinevi.com.tr\/index.php\/wp-json\/wp\/v2\/types\/product"}],"wp:attachment":[{"href":"https:\/\/roveyayinevi.com.tr\/index.php\/wp-json\/wp\/v2\/media?parent=780247"}],"wp:term":[{"taxonomy":"product_brand","embeddable":true,"href":"https:\/\/roveyayinevi.com.tr\/index.php\/wp-json\/wp\/v2\/product_brand?post=780247"},{"taxonomy":"product_cat","embeddable":true,"href":"https:\/\/roveyayinevi.com.tr\/index.php\/wp-json\/wp\/v2\/product_cat?post=780247"},{"taxonomy":"product_tag","embeddable":true,"href":"https:\/\/roveyayinevi.com.tr\/index.php\/wp-json\/wp\/v2\/product_tag?post=780247"}],"curies":[{"name":"wp","href":"https:\/\/api.w.org\/{rel}","templated":true}]}}