{"id":780240,"date":"2025-12-30T12:34:10","date_gmt":"2025-12-30T09:34:10","guid":{"rendered":"https:\/\/roveyayinevi.com.tr\/index.php\/urun\/bebegimle-kucuk-adimlar-buyuk-gelisimler\/"},"modified":"2026-04-15T03:44:49","modified_gmt":"2026-04-15T00:44:49","slug":"bebegimle-kucuk-adimlar-buyuk-gelisimler","status":"publish","type":"product","link":"https:\/\/roveyayinevi.com.tr\/index.php\/urun\/bebegimle-kucuk-adimlar-buyuk-gelisimler\/","title":{"rendered":"Bebe\u011fimle K\u00fc\u00e7\u00fck Ad\u0131mlar B\u00fcy\u00fck Geli\u015fimler"},"content":{"rendered":"<p>Minik bir beden, kocaman bir ke\u015fif d\u00fcnyas\u0131&#8230;Hayat\u0131n en mucizevi y\u0131l\u0131na ho\u015f geldiniz! Bebe\u011finiz belki daha yeni ba\u015f\u0131n\u0131 kald\u0131r\u0131yor, belki de ayaklar\u0131n\u0131 ke\u015ffetmekle me\u015fgul. Bebe\u011finizin d\u00fcnyas\u0131, dokundu\u011fu her nesnede, att\u0131\u011f\u0131 her minik ad\u0131mda, duydu\u011fu her seste b\u00fcy\u00fcyor&#8230; O minik hareketlerin her biri, asl\u0131nda gelece\u011fe uzanan b\u00fcy\u00fck bir ad\u0131m\u0131n habercisi. Bebe\u011fimle K\u00fc\u00e7\u00fck Ad\u0131mlar B\u00fcy\u00fck Geli\u015fimler, 0-1 ya\u015f d\u00f6neminde duyusal ve motor geli\u015fimi destekleyen bilimsel temelli aktiviteleri kolayca uygulanabilir \u015fekilde sunuyor. Yaln\u0131zca pratik \u00f6nerilerle de\u011fil, g\u00fc\u00e7l\u00fc teorik arka plan\u0131yla da ebeveynlere rehberlik ediyor.Fizyoterapist Dr. Aymen Bal\u0131k\u00e7\u0131, y\u0131llar\u0131n deneyimini anne babalar\u0131n hayat\u0131na ta\u015f\u0131yor. Basit ama etkili y\u00f6ntemlerle bebe\u011finizin geli\u015fimini desteklemenin yollar\u0131n\u0131 g\u00f6steriyor. Evdeki s\u0131radan objeleri \u00f6\u011frenme arac\u0131na d\u00f6n\u00fc\u015ft\u00fcrmeyi, duyusal ke\u015fiflerin beynin \u015fekillenmesindeki rol\u00fcn\u00fc ve birlikte ge\u00e7irilen anlar\u0131n ba\u011f kurmadaki g\u00fcc\u00fcn\u00fc anla\u015f\u0131l\u0131r, s\u0131cak bir dille aktar\u0131yor. Haz\u0131rsan\u0131z&#8230; Minik bir bedenin kocaman d\u00fcnyas\u0131na \u0131\u015f\u0131k tutan bu ke\u015fif yolculu\u011fu ba\u015fl\u0131yor!<\/p>\n","protected":false},"excerpt":{"rendered":"<p>Minik bir beden, kocaman bir ke\u015fif d\u00fcnyas\u0131&#8230;Hayat\u0131n en mucizevi y\u0131l\u0131na ho\u015f geldiniz! Bebe\u011finiz belki daha yeni ba\u015f\u0131n\u0131 kald\u0131r\u0131yor, belki de ayaklar\u0131n\u0131 ke\u015ffetmekle me\u015fgul. Bebe\u011finizin d\u00fcnyas\u0131, dokundu\u011fu<span class=\"excerpt-hellip\"> [\u2026]<\/span><\/p>\n","protected":false},"featured_media":0,"template":"","meta":{"_monsterinsights_skip_tracking":false,"_monsterinsights_sitenote_active":false,"_monsterinsights_sitenote_note":"","_monsterinsights_sitenote_category":0},"product_brand":[],"product_cat":[12679,12357],"product_tag":[],"class_list":{"0":"post-780240","1":"product","2":"type-product","3":"status-publish","5":"product_cat-cocuk-psikolojisi","6":"product_cat-psikoloji","7":"pa_cilt-ciltsiz","8":"pa_tur-kitap","9":"pa_yayinevi-dogan-kitap","10":"pa_yazar-aymen-balikci","12":"first","13":"instock","14":"sale","15":"shipping-taxable","16":"purchasable","17":"product-type-simple"},"_links":{"self":[{"href":"https:\/\/roveyayinevi.com.tr\/index.php\/wp-json\/wp\/v2\/product\/780240","targetHints":{"allow":["GET"]}}],"collection":[{"href":"https:\/\/roveyayinevi.com.tr\/index.php\/wp-json\/wp\/v2\/product"}],"about":[{"href":"https:\/\/roveyayinevi.com.tr\/index.php\/wp-json\/wp\/v2\/types\/product"}],"wp:attachment":[{"href":"https:\/\/roveyayinevi.com.tr\/index.php\/wp-json\/wp\/v2\/media?parent=780240"}],"wp:term":[{"taxonomy":"product_brand","embeddable":true,"href":"https:\/\/roveyayinevi.com.tr\/index.php\/wp-json\/wp\/v2\/product_brand?post=780240"},{"taxonomy":"product_cat","embeddable":true,"href":"https:\/\/roveyayinevi.com.tr\/index.php\/wp-json\/wp\/v2\/product_cat?post=780240"},{"taxonomy":"product_tag","embeddable":true,"href":"https:\/\/roveyayinevi.com.tr\/index.php\/wp-json\/wp\/v2\/product_tag?post=780240"}],"curies":[{"name":"wp","href":"https:\/\/api.w.org\/{rel}","templated":true}]}}