{"id":780233,"date":"2025-12-30T12:33:51","date_gmt":"2025-12-30T09:33:51","guid":{"rendered":"https:\/\/roveyayinevi.com.tr\/index.php\/urun\/size-olmeyi-emrediyorum\/"},"modified":"2026-04-15T03:44:49","modified_gmt":"2026-04-15T00:44:49","slug":"size-olmeyi-emrediyorum","status":"publish","type":"product","link":"https:\/\/roveyayinevi.com.tr\/index.php\/urun\/size-olmeyi-emrediyorum\/","title":{"rendered":"Size \u00d6lmeyi Emrediyorum"},"content":{"rendered":"<p>\u201cYarbay Erickson\u2019un Size \u00d6lmeyi Emrediyorum! adl\u0131 kitab\u0131, I. D\u00fcnya Sava\u015f\u0131nda Osmanl\u0131 Ordusunu b\u00fct\u00fcn y\u00f6nleriyle inceleyen, T\u00fcrkiye d\u0131\u015f\u0131nda yaz\u0131lm\u0131\u015f ilk tarih kitab\u0131d\u0131r. Yazar, bu \u00f6nemli hik\u00e2yenin par\u00e7alar\u0131n\u0131 bir araya getirirken takdire de\u011fer bir \u00e7al\u0131\u015fma yapm\u0131\u015ft\u0131r.Osmanl\u0131 Ordusunun I. D\u00fcnya Sava\u015f\u0131nda m\u00fcttefiklerle yapt\u0131\u011f\u0131 sava\u015f\u0131n inan\u0131lmaz bir hik\u00e2yesi vard\u0131r. \u0130mparatorlu\u011fun subay ve askerlerinin o g\u00fc\u00e7 ko\u015fullar alt\u0131nda hem \u015fanl\u0131 zaferler kazanmalar\u0131 hem de ac\u0131mas\u0131z yenilgilere katlanabilmeleri dikkat \u00e7ekicidir. T\u00fcrk Silahl\u0131 Kuvvetlerinin en k\u0131demli subay\u0131 olarak, ulusumun I. D\u00fcnya Sava\u015f\u0131ndaki askeri performans\u0131yla ilgili dengeli ve objektif bir s\u00f6ylemin ortaya \u00e7\u0131kmakta olmas\u0131ndan son derece memnunum.T\u00fcrk Silahl\u0131 Kuvvetleri ve ben, bu hik\u00e2yeyi \u0130ngilizce konu\u015fan d\u00fcnyan\u0131n dikkatine sundu\u011fu i\u00e7inYarbay Ed Erickson\u2019a m\u00fcte\u015fekkiriz.\u201d\u2013Orgeneral H\u00fcseyin K\u0131vr\u0131ko\u011fluGenelkurmay Ba\u015fkan\u0131 (1998-2002)<\/p>\n","protected":false},"excerpt":{"rendered":"<p>\u201cYarbay Erickson\u2019un Size \u00d6lmeyi Emrediyorum! adl\u0131 kitab\u0131, I. D\u00fcnya Sava\u015f\u0131nda Osmanl\u0131 Ordusunu b\u00fct\u00fcn y\u00f6nleriyle inceleyen, T\u00fcrkiye d\u0131\u015f\u0131nda yaz\u0131lm\u0131\u015f ilk tarih kitab\u0131d\u0131r. Yazar, bu \u00f6nemli hik\u00e2yenin par\u00e7alar\u0131n\u0131<span class=\"excerpt-hellip\"> [\u2026]<\/span><\/p>\n","protected":false},"featured_media":0,"template":"","meta":{"_monsterinsights_skip_tracking":false,"_monsterinsights_sitenote_active":false,"_monsterinsights_sitenote_note":"","_monsterinsights_sitenote_category":0},"product_brand":[],"product_cat":[13517,12304],"product_tag":[],"class_list":{"0":"post-780233","1":"product","2":"type-product","3":"status-publish","5":"product_cat-osmanli-tarihi","6":"product_cat-tarih","7":"pa_cilt-ciltsiz","8":"pa_tur-kitap","9":"pa_yayinevi-alfa-yayinlari","10":"pa_yazar-edward-j-erickson","12":"first","13":"instock","14":"sale","15":"shipping-taxable","16":"purchasable","17":"product-type-simple"},"_links":{"self":[{"href":"https:\/\/roveyayinevi.com.tr\/index.php\/wp-json\/wp\/v2\/product\/780233","targetHints":{"allow":["GET"]}}],"collection":[{"href":"https:\/\/roveyayinevi.com.tr\/index.php\/wp-json\/wp\/v2\/product"}],"about":[{"href":"https:\/\/roveyayinevi.com.tr\/index.php\/wp-json\/wp\/v2\/types\/product"}],"wp:attachment":[{"href":"https:\/\/roveyayinevi.com.tr\/index.php\/wp-json\/wp\/v2\/media?parent=780233"}],"wp:term":[{"taxonomy":"product_brand","embeddable":true,"href":"https:\/\/roveyayinevi.com.tr\/index.php\/wp-json\/wp\/v2\/product_brand?post=780233"},{"taxonomy":"product_cat","embeddable":true,"href":"https:\/\/roveyayinevi.com.tr\/index.php\/wp-json\/wp\/v2\/product_cat?post=780233"},{"taxonomy":"product_tag","embeddable":true,"href":"https:\/\/roveyayinevi.com.tr\/index.php\/wp-json\/wp\/v2\/product_tag?post=780233"}],"curies":[{"name":"wp","href":"https:\/\/api.w.org\/{rel}","templated":true}]}}

Size Ölmeyi Emrediyorum

<p>“Yarbay Erickson’un Size Ölmeyi Emrediyorum! adlı kitabı, I. Dünya Savaşında Osmanlı Ordusunu bütün yönleriyle inceleyen, Türkiye dışında yazılmış ilk tarih kitabıdır. Yazar, bu önemli hikâyenin parçalarını bir araya getirirken takdire değer bir çalışma yapmıştır.Osmanlı Ordusunun I. Dünya Savaşında müttefiklerle yaptığı savaşın inanılmaz bir hikâyesi vardır. İmparatorluğun subay ve askerlerinin o güç koşullar altında hem şanlı zaferler kazanmaları hem de acımasız yenilgilere katlanabilmeleri dikkat çekicidir. Türk Silahlı Kuvvetlerinin en kıdemli subayı olarak, ulusumun I. Dünya Savaşındaki askeri performansıyla ilgili dengeli ve objektif bir söylemin ortaya çıkmakta olmasından son derece memnunum.Türk Silahlı Kuvvetleri ve ben, bu hikâyeyi İngilizce konuşan dünyanın dikkatine sunduğu içinYarbay Ed Erickson’a müteşekkiriz.”–Orgeneral Hüseyin KıvrıkoğluGenelkurmay Başkanı (1998-2002)</p>

<p>“Yarbay Erickson’un Size Ölmeyi Emrediyorum! adlı kitabı, I. Dünya Savaşında Osmanlı Ordusunu bütün yönleriyle inceleyen, Türkiye dışında yazılmış ilk tarih kitabıdır. Yazar, bu önemli hikâyenin parçalarını<span class="excerpt-hellip"> […]</span></p>
