{"id":780219,"date":"2025-12-30T12:32:58","date_gmt":"2025-12-30T09:32:58","guid":{"rendered":"https:\/\/roveyayinevi.com.tr\/index.php\/urun\/hisname\/"},"modified":"2026-04-08T03:41:37","modified_gmt":"2026-04-08T00:41:37","slug":"hisname","status":"publish","type":"product","link":"https:\/\/roveyayinevi.com.tr\/index.php\/urun\/hisname\/","title":{"rendered":"Hisname"},"content":{"rendered":"<p>Hisler\u2026Bizi hasta eden de iyile\u015ftiren de onlar. Yirmi y\u0131la yak\u0131n s\u00fcredir binlerce insanla yap\u0131lan \u00e7al\u0131\u015fmalar g\u00f6sterdi ki, duygular\u0131 anlaman\u0131n yolu \u00f6nce hisleri fark etmekten ge\u00e7iyor. \u00c7\u00fcnk\u00fc his, bedenin en d\u00fcr\u00fcst dili; d\u00fc\u015f\u00fcnceden \u00f6nce gelen, saklanamayan, ertelemeyen saf uyar\u0131. Bu kitap, hissetmeyi \u201c\u00f6\u011freten\u201d bir rehber de\u011fil; hissetmenin ger\u00e7ekte ne oldu\u011funu hat\u0131rlatan bir yol arkada\u015f\u0131. Uzayan c\u00fcmlelerin, karma\u015f\u0131k a\u00e7\u0131klamalar\u0131n bilin\u00e7alt\u0131nda nas\u0131l \u00e7arp\u0131t\u0131ld\u0131\u011f\u0131n\u0131; ki\u015finin duymak istediklerini duyup g\u00f6rmek istediklerini g\u00f6rd\u00fc\u011f\u00fcn\u00fc y\u0131llar i\u00e7inde tekrar tekrar g\u00f6zlemledim.Bu nedenle Hisname, hislerin \u00f6z\u00fcne inen k\u0131sa ama sars\u0131c\u0131 hat\u0131rlatmalardan olu\u015fuyor. Her c\u00fcmle, zihnin g\u00fcr\u00fclt\u00fcs\u00fcn\u00fc azalt\u0131p bedenin f\u0131s\u0131lt\u0131s\u0131n\u0131 duyabilmen i\u00e7in yaz\u0131ld\u0131. E\u011fer y\u0131llard\u0131r \u201ck\u00f6t\u00fc hissetmemeliyim\u201d hipnozu ile ya\u015f\u0131yorsan\u2026E\u011fer duygular\u0131n seni y\u00f6netiyormu\u015f gibi hissediyorsan\u2026E\u011fer i\u00e7indeki \u00e7ocu\u011fun b\u0131rakt\u0131\u011f\u0131 izlerin h\u00e2l\u00e2 seni y\u00f6nlendirdi\u011fini fark ediyorsan\u2026 Bu kitap, hissetmenin nas\u0131l \u00f6zg\u00fcrle\u015ftirdi\u011fini g\u00f6stermek i\u00e7in burada. Belki bir c\u00fcmle, belki tek bir his\u2026Hayat\u0131nda yepyeni bir kap\u0131 aralayabilir.<\/p>\n","protected":false},"excerpt":{"rendered":"<p>Hisler\u2026Bizi hasta eden de iyile\u015ftiren de onlar. Yirmi y\u0131la yak\u0131n s\u00fcredir binlerce insanla yap\u0131lan \u00e7al\u0131\u015fmalar g\u00f6sterdi ki, duygular\u0131 anlaman\u0131n yolu \u00f6nce hisleri fark etmekten ge\u00e7iyor. \u00c7\u00fcnk\u00fc<span class=\"excerpt-hellip\"> [\u2026]<\/span><\/p>\n","protected":false},"featured_media":0,"template":"","meta":{"_monsterinsights_skip_tracking":false,"_monsterinsights_sitenote_active":false,"_monsterinsights_sitenote_note":"","_monsterinsights_sitenote_category":0},"product_brand":[],"product_cat":[12364,12376],"product_tag":[],"class_list":{"0":"post-780219","1":"product","2":"type-product","3":"status-publish","5":"product_cat-genel-konular","6":"product_cat-kisisel-gelisim","7":"pa_cilt-ciltsiz","8":"pa_tur-kitap","9":"pa_yayinevi-bambuk-yayinevi","10":"pa_yazar-bulent-uran-goktug","12":"first","13":"instock","14":"sale","15":"shipping-taxable","16":"purchasable","17":"product-type-simple"},"_links":{"self":[{"href":"https:\/\/roveyayinevi.com.tr\/index.php\/wp-json\/wp\/v2\/product\/780219","targetHints":{"allow":["GET"]}}],"collection":[{"href":"https:\/\/roveyayinevi.com.tr\/index.php\/wp-json\/wp\/v2\/product"}],"about":[{"href":"https:\/\/roveyayinevi.com.tr\/index.php\/wp-json\/wp\/v2\/types\/product"}],"wp:attachment":[{"href":"https:\/\/roveyayinevi.com.tr\/index.php\/wp-json\/wp\/v2\/media?parent=780219"}],"wp:term":[{"taxonomy":"product_brand","embeddable":true,"href":"https:\/\/roveyayinevi.com.tr\/index.php\/wp-json\/wp\/v2\/product_brand?post=780219"},{"taxonomy":"product_cat","embeddable":true,"href":"https:\/\/roveyayinevi.com.tr\/index.php\/wp-json\/wp\/v2\/product_cat?post=780219"},{"taxonomy":"product_tag","embeddable":true,"href":"https:\/\/roveyayinevi.com.tr\/index.php\/wp-json\/wp\/v2\/product_tag?post=780219"}],"curies":[{"name":"wp","href":"https:\/\/api.w.org\/{rel}","templated":true}]}}