{"id":780218,"date":"2025-12-30T12:32:56","date_gmt":"2025-12-30T09:32:56","guid":{"rendered":"https:\/\/roveyayinevi.com.tr\/index.php\/urun\/yapay-zeka-cagi-3\/"},"modified":"2026-04-15T03:44:48","modified_gmt":"2026-04-15T00:44:48","slug":"yapay-zeka-cagi-3","status":"publish","type":"product","link":"https:\/\/roveyayinevi.com.tr\/index.php\/urun\/yapay-zeka-cagi-3\/","title":{"rendered":"Yapay Zeka \u00c7a\u011f\u0131"},"content":{"rendered":"<p>\u0130\u015f d\u00fcnyas\u0131, insanl\u0131k tarihinin en keskin k\u0131r\u0131lmalar\u0131ndan birinin ortas\u0131nda. Yapay zek\u00e2 art\u0131k bir ara\u00e7 de\u011fil; i\u015fletmelerin, \u00fcr\u00fcnlerin ve karar mekanizmalar\u0131n\u0131n g\u00f6r\u00fcnmez omurgas\u0131. Fakat bu d\u00f6n\u00fc\u015f\u00fcm\u00fcn merkezinde h\u00e2l\u00e2 tek bir soru var: Bu teknolojiyi kim, nas\u0131l anlamland\u0131racak? Bu kitap, yapay zek\u00e2y\u0131 yaln\u0131zca \u201ch\u0131z ve verimlilik\u201d meselesi olarak g\u00f6ren bak\u0131\u015f\u0131 y\u0131k\u0131yor; \u015firketlerin gelece\u011fini belirleyecek as\u0131l rekabetin anlam\u0131 okuma, mikro ihtiya\u00e7lar\u0131 \u00e7\u00f6zme ve insan + zek\u00e2 i\u015fletim modelini kurma becerisi oldu\u011funu g\u00f6steriyor. Burada \u00f6\u011frenecekleriniz bir teknoloji listesi de\u011fil; veri \u2192 karar \u2192 deneyim hatt\u0131n\u0131 yeniden kuran i\u015fletim modeli, her m\u00fc\u015fteriyi kendi mikro personas\u0131yla tan\u0131mlayan yeni m\u00fc\u015fteri anlay\u0131\u015f\u0131, ve cihazlar\u0131n karar verdi\u011fi de\u011fil, insan\u0131n zevkinin ve ba\u011flam\u0131n\u0131n karar verdi\u011fi bir d\u00fcnyan\u0131n mimarisi. Bu kitap size \u015funu vaat ediyor: Yapay zek\u00e2 \u00e7a\u011f\u0131nda fark yaratan, en \u00e7ok araca sahip olan de\u011fil; insan dokunu\u015funu ve organizasyon zek\u00e2s\u0131n\u0131 en iyi kuran \u015firketler olacak. E\u011fer bir CEO, CMO, \u00fcr\u00fcn y\u00f6neticisi, veri lideri ya da bu d\u00f6n\u00fc\u015f\u00fcm\u00fcn i\u00e7inde kaybolmadan yol a\u00e7mak isteyen biriyseniz\u2026 Bu kitap, h\u0131z\u0131n i\u00e7inde anlam\u0131; teknolojinin i\u00e7inde insan\u0131; verimlili\u011fin i\u00e7inde farkl\u0131la\u015fmay\u0131 nas\u0131l kuraca\u011f\u0131n\u0131z\u0131 anlat\u0131yor. Yapay Zek\u00e2 \u00c7a\u011f\u0131 ba\u015flad\u0131. Bu \u00e7a\u011fda kazanan, teknolojiyi en h\u0131zl\u0131 kullanan de\u011fil; anlam\u0131, insan\u0131 ve sistemi en do\u011fru kuran olacak<\/p>\n","protected":false},"excerpt":{"rendered":"<p>\u0130\u015f d\u00fcnyas\u0131, insanl\u0131k tarihinin en keskin k\u0131r\u0131lmalar\u0131ndan birinin ortas\u0131nda. Yapay zek\u00e2 art\u0131k bir ara\u00e7 de\u011fil; i\u015fletmelerin, \u00fcr\u00fcnlerin ve karar mekanizmalar\u0131n\u0131n g\u00f6r\u00fcnmez omurgas\u0131. Fakat bu d\u00f6n\u00fc\u015f\u00fcm\u00fcn merkezinde<span class=\"excerpt-hellip\"> [\u2026]<\/span><\/p>\n","protected":false},"featured_media":0,"template":"","meta":{"_monsterinsights_skip_tracking":false,"_monsterinsights_sitenote_active":false,"_monsterinsights_sitenote_note":"","_monsterinsights_sitenote_category":0},"product_brand":[],"product_cat":[13043,17647],"product_tag":[],"class_list":{"0":"post-780218","1":"product","2":"type-product","3":"status-publish","5":"product_cat-ekonomi","6":"product_cat-is-dunyasi","7":"pa_cilt-ciltsiz","8":"pa_tur-kitap","9":"pa_yayinevi-pozitif-yayinlari","10":"pa_yazar-serhat-bicakci","12":"first","13":"instock","14":"sale","15":"shipping-taxable","16":"purchasable","17":"product-type-simple"},"_links":{"self":[{"href":"https:\/\/roveyayinevi.com.tr\/index.php\/wp-json\/wp\/v2\/product\/780218","targetHints":{"allow":["GET"]}}],"collection":[{"href":"https:\/\/roveyayinevi.com.tr\/index.php\/wp-json\/wp\/v2\/product"}],"about":[{"href":"https:\/\/roveyayinevi.com.tr\/index.php\/wp-json\/wp\/v2\/types\/product"}],"wp:attachment":[{"href":"https:\/\/roveyayinevi.com.tr\/index.php\/wp-json\/wp\/v2\/media?parent=780218"}],"wp:term":[{"taxonomy":"product_brand","embeddable":true,"href":"https:\/\/roveyayinevi.com.tr\/index.php\/wp-json\/wp\/v2\/product_brand?post=780218"},{"taxonomy":"product_cat","embeddable":true,"href":"https:\/\/roveyayinevi.com.tr\/index.php\/wp-json\/wp\/v2\/product_cat?post=780218"},{"taxonomy":"product_tag","embeddable":true,"href":"https:\/\/roveyayinevi.com.tr\/index.php\/wp-json\/wp\/v2\/product_tag?post=780218"}],"curies":[{"name":"wp","href":"https:\/\/api.w.org\/{rel}","templated":true}]}}