{"id":780214,"date":"2025-12-30T12:32:43","date_gmt":"2025-12-30T09:32:43","guid":{"rendered":"https:\/\/roveyayinevi.com.tr\/index.php\/urun\/kuantum-101\/"},"modified":"2026-04-15T03:44:48","modified_gmt":"2026-04-15T00:44:48","slug":"kuantum-101","status":"publish","type":"product","link":"https:\/\/roveyayinevi.com.tr\/index.php\/urun\/kuantum-101\/","title":{"rendered":"Kuantum 101"},"content":{"rendered":"<p>Modern fizi\u011fin iki temel s\u00fctunundan biri olan kuantum mekani\u011fi evreninde bir yolculu\u011fa \u00e7\u0131kmaya haz\u0131r m\u0131s\u0131n\u0131z? Kuantum 101, atomun ke\u015ffinden kuantum bilgisayarlara uzanan s\u00fcre\u00e7te modern fizi\u011fin en karma\u015f\u0131k konular\u0131n\u0131 sade bir dille anlatan kapsaml\u0131 bir rehber. Ancak bu kitap, standart pop\u00fcler bilim metinlerinin \u00e7izdi\u011fi s\u0131n\u0131rlar\u0131n \u00e7ok \u00f6tesine ge\u00e7iyor. Genellikle yaln\u0131zca Kopenhag yorumuyla s\u0131n\u0131rl\u0131 kalan anlat\u0131lar\u0131n aksine Kuantum 101; \u00f6l\u00e7\u00fcm paradoksuna \u00e7\u00f6z\u00fcm \u00f6neren Everett\u2019in \u00c7oklu D\u00fcnyalar kuram\u0131ndan Bohm\u2019un Pilot Dalga modeline, \u00f6zg\u00fcr iradeyi sorgulatan s\u00fcperdeterminizmden evreni bir hiper-\u00e7izge \u00fczerinde ilerleyen hesaplama s\u00fcreci olarak g\u00f6ren Wolfram Modeli\u2019ne kadar fizi\u011fin en c\u00fcretk\u00e2r alternatiflerini cesurca mercek alt\u0131na al\u0131yor. Kuantumu sadece bir form\u00fcl y\u0131\u011f\u0131n\u0131 olarak de\u011fil, ger\u00e7ekli\u011fin do\u011fas\u0131na dair felsefi derinli\u011fiyle ke\u015ffetmek isteyenler i\u00e7in benzersiz bir yol haritas\u0131. <\/p>\n","protected":false},"excerpt":{"rendered":"<p>Modern fizi\u011fin iki temel s\u00fctunundan biri olan kuantum mekani\u011fi evreninde bir yolculu\u011fa \u00e7\u0131kmaya haz\u0131r m\u0131s\u0131n\u0131z? Kuantum 101, atomun ke\u015ffinden kuantum bilgisayarlara uzanan s\u00fcre\u00e7te modern fizi\u011fin en<span class=\"excerpt-hellip\"> [\u2026]<\/span><\/p>\n","protected":false},"featured_media":0,"template":"","meta":{"_monsterinsights_skip_tracking":false,"_monsterinsights_sitenote_active":false,"_monsterinsights_sitenote_note":"","_monsterinsights_sitenote_category":0},"product_brand":[],"product_cat":[13005],"product_tag":[],"class_list":{"0":"post-780214","1":"product","2":"type-product","3":"status-publish","5":"product_cat-bilim-muhendislik","6":"pa_cilt-ciltsiz","7":"pa_tur-kitap","8":"pa_yayinevi-say-yayinlari","9":"pa_yazar-furkan-semih-dundar","11":"first","12":"instock","13":"sale","14":"shipping-taxable","15":"purchasable","16":"product-type-simple"},"_links":{"self":[{"href":"https:\/\/roveyayinevi.com.tr\/index.php\/wp-json\/wp\/v2\/product\/780214","targetHints":{"allow":["GET"]}}],"collection":[{"href":"https:\/\/roveyayinevi.com.tr\/index.php\/wp-json\/wp\/v2\/product"}],"about":[{"href":"https:\/\/roveyayinevi.com.tr\/index.php\/wp-json\/wp\/v2\/types\/product"}],"wp:attachment":[{"href":"https:\/\/roveyayinevi.com.tr\/index.php\/wp-json\/wp\/v2\/media?parent=780214"}],"wp:term":[{"taxonomy":"product_brand","embeddable":true,"href":"https:\/\/roveyayinevi.com.tr\/index.php\/wp-json\/wp\/v2\/product_brand?post=780214"},{"taxonomy":"product_cat","embeddable":true,"href":"https:\/\/roveyayinevi.com.tr\/index.php\/wp-json\/wp\/v2\/product_cat?post=780214"},{"taxonomy":"product_tag","embeddable":true,"href":"https:\/\/roveyayinevi.com.tr\/index.php\/wp-json\/wp\/v2\/product_tag?post=780214"}],"curies":[{"name":"wp","href":"https:\/\/api.w.org\/{rel}","templated":true}]}}