{"id":780212,"date":"2025-12-30T12:32:37","date_gmt":"2025-12-30T09:32:37","guid":{"rendered":"https:\/\/roveyayinevi.com.tr\/index.php\/urun\/denizden-mini-bilmeceler\/"},"modified":"2026-04-15T03:44:48","modified_gmt":"2026-04-15T00:44:48","slug":"denizden-mini-bilmeceler","status":"publish","type":"product","link":"https:\/\/roveyayinevi.com.tr\/index.php\/urun\/denizden-mini-bilmeceler\/","title":{"rendered":"Denizden Mini Bilmeceler"},"content":{"rendered":"<p>Denizin s\u0131rlar\u0131n\u0131 ke\u015ffetmeye ne dersiniz?   Denizden Mini Bilmeceler \u0131\u015f\u0131l \u0131\u015f\u0131l minik zihinler i\u00e7in merak uyand\u0131ran bilmecelerle dolu rengarenk bir kitap&#8230; <\/p>\n","protected":false},"excerpt":{"rendered":"<p>Denizin s\u0131rlar\u0131n\u0131 ke\u015ffetmeye ne dersiniz? Denizden Mini Bilmeceler \u0131\u015f\u0131l \u0131\u015f\u0131l minik zihinler i\u00e7in merak uyand\u0131ran bilmecelerle dolu rengarenk bir kitap&#8230;<\/p>\n","protected":false},"featured_media":0,"template":"","meta":{"_monsterinsights_skip_tracking":false,"_monsterinsights_sitenote_active":false,"_monsterinsights_sitenote_note":"","_monsterinsights_sitenote_category":0},"product_brand":[],"product_cat":[12274,12518],"product_tag":[],"class_list":{"0":"post-780212","1":"product","2":"type-product","3":"status-publish","5":"product_cat-cocuk-ve-genclik-kitaplari","6":"product_cat-okul-oncesi-kitaplar","7":"pa_cilt-ciltsiz","8":"pa_tur-kitap","9":"pa_yayinevi-yapi-kredi-yayinlari","10":"pa_yazar-alehop-victor-escandell","12":"first","13":"instock","14":"sale","15":"shipping-taxable","16":"purchasable","17":"product-type-simple"},"_links":{"self":[{"href":"https:\/\/roveyayinevi.com.tr\/index.php\/wp-json\/wp\/v2\/product\/780212","targetHints":{"allow":["GET"]}}],"collection":[{"href":"https:\/\/roveyayinevi.com.tr\/index.php\/wp-json\/wp\/v2\/product"}],"about":[{"href":"https:\/\/roveyayinevi.com.tr\/index.php\/wp-json\/wp\/v2\/types\/product"}],"wp:attachment":[{"href":"https:\/\/roveyayinevi.com.tr\/index.php\/wp-json\/wp\/v2\/media?parent=780212"}],"wp:term":[{"taxonomy":"product_brand","embeddable":true,"href":"https:\/\/roveyayinevi.com.tr\/index.php\/wp-json\/wp\/v2\/product_brand?post=780212"},{"taxonomy":"product_cat","embeddable":true,"href":"https:\/\/roveyayinevi.com.tr\/index.php\/wp-json\/wp\/v2\/product_cat?post=780212"},{"taxonomy":"product_tag","embeddable":true,"href":"https:\/\/roveyayinevi.com.tr\/index.php\/wp-json\/wp\/v2\/product_tag?post=780212"}],"curies":[{"name":"wp","href":"https:\/\/api.w.org\/{rel}","templated":true}]}}