{"id":780195,"date":"2025-12-30T12:31:27","date_gmt":"2025-12-30T09:31:27","guid":{"rendered":"https:\/\/roveyayinevi.com.tr\/index.php\/urun\/civarda-kaybolanlar\/"},"modified":"2026-04-15T03:44:47","modified_gmt":"2026-04-15T00:44:47","slug":"civarda-kaybolanlar","status":"publish","type":"product","link":"https:\/\/roveyayinevi.com.tr\/index.php\/urun\/civarda-kaybolanlar\/","title":{"rendered":"Civarda Kaybolanlar"},"content":{"rendered":"<p>&#8220;B\u0131raksalar sonsuza dek orada duracak.&#8221;Okurun ilk olarak \u00c7izgide Bir Kukla ile tan\u0131\u015f\u0131p sevdi\u011fi Vildan K\u00fclahl\u0131 Tan\u0131\u015f, \u015fimdi Civarda Kaybolanlar ile yoluna devam ediyor. Bu ikinci \u00f6yk\u00fc kitab\u0131nda, kendi i\u00e7 sesinin karanl\u0131k bir k\u00f6\u015fesinde hapsolanlar\u0131n, kad\u0131n olman\u0131n a\u011f\u0131r y\u00fck\u00fcn\u00fc omuzlayanlar\u0131n, yas ve ac\u0131lar\u0131n\u0131 kap\u0131lar ard\u0131nda ya\u015fayanlar\u0131n, y\u0131llarca sakl\u0131 kalm\u0131\u015f ger\u00e7eklerle bir g\u00fcn y\u00fczle\u015fenlerin, k\u0131sacas\u0131 kendi k\u00fc\u00e7\u00fck d\u00fcnyalar\u0131nda kaybolmu\u015f \u00e7\u0131k\u0131\u015f yolu arayanlar\u0131n hik\u00e2yelerini okura sunuyor.Bir el g\u00f6r\u00fcnd\u00fc i\u00e7eride, bir kol, bir \u00e7ift ayak\u2026 Koca bir beden. Bir suret sonra. Anlat\u0131ld\u0131\u011f\u0131 kadar var. Belki daha fazlas\u0131. Kar\u015f\u0131 kar\u015f\u0131ya geldin o suretle. \u015ea\u015fk\u0131nl\u0131\u011f\u0131n\u0131 biraz olsun atabilince g\u00f6zlerini kar\u015f\u0131ndaki y\u00fczde yava\u015f yava\u015f gezdirdin. D\u00fcmd\u00fcz bir ovay\u0131 tersy\u00fcz etmi\u015f gibi bir yar\u0131k. Dedikleri gibi boydan boya.<\/p>\n","protected":false},"excerpt":{"rendered":"<p>&#8220;B\u0131raksalar sonsuza dek orada duracak.&#8221;Okurun ilk olarak \u00c7izgide Bir Kukla ile tan\u0131\u015f\u0131p sevdi\u011fi Vildan K\u00fclahl\u0131 Tan\u0131\u015f, \u015fimdi Civarda Kaybolanlar ile yoluna devam ediyor. Bu ikinci \u00f6yk\u00fc<span class=\"excerpt-hellip\"> [\u2026]<\/span><\/p>\n","protected":false},"featured_media":0,"template":"","meta":{"_monsterinsights_skip_tracking":false,"_monsterinsights_sitenote_active":false,"_monsterinsights_sitenote_note":"","_monsterinsights_sitenote_category":0},"product_brand":[],"product_cat":[12291,18202],"product_tag":[],"class_list":{"0":"post-780195","1":"product","2":"type-product","3":"status-publish","5":"product_cat-edebiyat","6":"product_cat-hikaye","7":"pa_cilt-ciltsiz","8":"pa_tur-kitap","9":"pa_yayinevi-everest-yayinlari","10":"pa_yazar-vildan-kulahli-tanis","12":"first","13":"instock","14":"sale","15":"shipping-taxable","16":"purchasable","17":"product-type-simple"},"_links":{"self":[{"href":"https:\/\/roveyayinevi.com.tr\/index.php\/wp-json\/wp\/v2\/product\/780195","targetHints":{"allow":["GET"]}}],"collection":[{"href":"https:\/\/roveyayinevi.com.tr\/index.php\/wp-json\/wp\/v2\/product"}],"about":[{"href":"https:\/\/roveyayinevi.com.tr\/index.php\/wp-json\/wp\/v2\/types\/product"}],"wp:attachment":[{"href":"https:\/\/roveyayinevi.com.tr\/index.php\/wp-json\/wp\/v2\/media?parent=780195"}],"wp:term":[{"taxonomy":"product_brand","embeddable":true,"href":"https:\/\/roveyayinevi.com.tr\/index.php\/wp-json\/wp\/v2\/product_brand?post=780195"},{"taxonomy":"product_cat","embeddable":true,"href":"https:\/\/roveyayinevi.com.tr\/index.php\/wp-json\/wp\/v2\/product_cat?post=780195"},{"taxonomy":"product_tag","embeddable":true,"href":"https:\/\/roveyayinevi.com.tr\/index.php\/wp-json\/wp\/v2\/product_tag?post=780195"}],"curies":[{"name":"wp","href":"https:\/\/api.w.org\/{rel}","templated":true}]}}