{"id":780192,"date":"2025-12-30T12:31:16","date_gmt":"2025-12-30T09:31:16","guid":{"rendered":"https:\/\/roveyayinevi.com.tr\/index.php\/urun\/insanlik-5-0\/"},"modified":"2026-04-15T03:44:47","modified_gmt":"2026-04-15T00:44:47","slug":"insanlik-5-0","status":"publish","type":"product","link":"https:\/\/roveyayinevi.com.tr\/index.php\/urun\/insanlik-5-0\/","title":{"rendered":"\u0130nsanl\u0131k 5.0"},"content":{"rendered":"<p>Ray Kurzweil, bu yepyeni kitab\u0131nda yapay zek\u00e2n\u0131n 2029 y\u0131l\u0131na kadar insan zek\u00e2s\u0131 seviyesine ula\u015faca\u011f\u0131 \u00f6ng\u00f6r\u00fcs\u00fcn\u00fc de\u011ferlendiriyor ve yak\u0131n gelecekte insan zek\u00e2s\u0131n\u0131 milyon kat art\u0131r\u0131p insan ya\u015fam\u0131n\u0131 sonsuza dek de\u011fi\u015ftirecek olan teknolojinin katlanarak b\u00fcy\u00fcmesini inceliyor. Ele ald\u0131\u011f\u0131 konular aras\u0131nda nanobotlar gibi cihazlarla d\u00fcnyay\u0131 atom atom yeniden in\u015fa etmek; mevcut 120 ya\u015f s\u0131n\u0131r\u0131n\u0131n \u00f6tesinde radikal ya\u015fam uzatma; beyinlerimizi buluta ba\u011flayarak zek\u00e2y\u0131 yeniden icat etmek; son teknolojilerin t\u00fcm sekt\u00f6rlerde inovasyonu nas\u0131l ileriye ta\u015f\u0131d\u0131\u011f\u0131 ve yoksulluk ve \u015fiddetin azalmas\u0131 gibi refah\u0131m\u0131z\u0131n t\u00fcm y\u00f6nlerini nas\u0131l iyile\u015ftirdi\u011fi; yenilenebilir enerji ve veriler ile DNA\u2019lar\u0131n\u0131 birle\u015ftirerek \u00f6len ki\u015fileri sanal olarak canland\u0131rmay\u0131 ama\u00e7layan \u201c\u00d6b\u00fcr D\u00fcnya\u201d teknolojisi de yer al\u0131yor. \u201cGelece\u011fimize do\u011fru d\u00fczenlenmi\u015f bu b\u00fcy\u00fcleyici ke\u015fif gezisi, en derin felsefi sorular\u0131 g\u00fcndeme getiriyor.\u201d \u2013Yuval Noah Harari \u201cD\u00fcnyan\u0131n yapay zek\u00e2 hakk\u0131ndaki d\u00fc\u015f\u00fcncelerini Ray Kurzweil kadar \u015fekillendiren \u00e7ok az ki\u015fi var. \u015eimdi, \u0130nsanl\u0131k 5.0\u2019la, tart\u0131\u015fman\u0131n kurallar\u0131n\u0131 bir kez daha belirledi.\u201d \u2013Mustafa Suleyman, Microsoft AI CEO\u2019su \u201cTeknoloji konusunda Ray Kurzweil\u2019dan daha iyimser kimse yok.\u201d \u2013The Boston Globe \u201c\u00dcnl\u00fc f\u00fct\u00fcrist, devrim niteli\u011findeki bir gelece\u011fin d\u00fc\u015f\u00fcnd\u00fc\u011f\u00fcm\u00fczden daha yak\u0131n oldu\u011funu g\u00f6steriyor. Bu kitap, ileride bizi neler bekledi\u011fine dair fikirlerle dolu.\u201d \u2013Kirkus Reviews<\/p>\n","protected":false},"excerpt":{"rendered":"<p>Ray Kurzweil, bu yepyeni kitab\u0131nda yapay zek\u00e2n\u0131n 2029 y\u0131l\u0131na kadar insan zek\u00e2s\u0131 seviyesine ula\u015faca\u011f\u0131 \u00f6ng\u00f6r\u00fcs\u00fcn\u00fc de\u011ferlendiriyor ve yak\u0131n gelecekte insan zek\u00e2s\u0131n\u0131 milyon kat art\u0131r\u0131p insan ya\u015fam\u0131n\u0131<span class=\"excerpt-hellip\"> [\u2026]<\/span><\/p>\n","protected":false},"featured_media":0,"template":"","meta":{"_monsterinsights_skip_tracking":false,"_monsterinsights_sitenote_active":false,"_monsterinsights_sitenote_note":"","_monsterinsights_sitenote_category":0},"product_brand":[],"product_cat":[13005,13006],"product_tag":[],"class_list":{"0":"post-780192","1":"product","2":"type-product","3":"status-publish","5":"product_cat-bilim-muhendislik","6":"product_cat-populer-bilim","7":"pa_cilt-ciltsiz","8":"pa_tur-kitap","9":"pa_yayinevi-alfa-yayinlari","10":"pa_yazar-ray-kurzweil","12":"first","13":"instock","14":"sale","15":"shipping-taxable","16":"purchasable","17":"product-type-simple"},"_links":{"self":[{"href":"https:\/\/roveyayinevi.com.tr\/index.php\/wp-json\/wp\/v2\/product\/780192","targetHints":{"allow":["GET"]}}],"collection":[{"href":"https:\/\/roveyayinevi.com.tr\/index.php\/wp-json\/wp\/v2\/product"}],"about":[{"href":"https:\/\/roveyayinevi.com.tr\/index.php\/wp-json\/wp\/v2\/types\/product"}],"wp:attachment":[{"href":"https:\/\/roveyayinevi.com.tr\/index.php\/wp-json\/wp\/v2\/media?parent=780192"}],"wp:term":[{"taxonomy":"product_brand","embeddable":true,"href":"https:\/\/roveyayinevi.com.tr\/index.php\/wp-json\/wp\/v2\/product_brand?post=780192"},{"taxonomy":"product_cat","embeddable":true,"href":"https:\/\/roveyayinevi.com.tr\/index.php\/wp-json\/wp\/v2\/product_cat?post=780192"},{"taxonomy":"product_tag","embeddable":true,"href":"https:\/\/roveyayinevi.com.tr\/index.php\/wp-json\/wp\/v2\/product_tag?post=780192"}],"curies":[{"name":"wp","href":"https:\/\/api.w.org\/{rel}","templated":true}]}}