{"id":780177,"date":"2025-12-30T12:30:20","date_gmt":"2025-12-30T09:30:20","guid":{"rendered":"https:\/\/roveyayinevi.com.tr\/index.php\/urun\/berserk-14\/"},"modified":"2026-04-15T03:44:47","modified_gmt":"2026-04-15T00:44:47","slug":"berserk-14","status":"publish","type":"product","link":"https:\/\/roveyayinevi.com.tr\/index.php\/urun\/berserk-14\/","title":{"rendered":"Berserk 14"},"content":{"rendered":"<p>Guts ve Casca, \u0130skelet \u015e\u00f6valye\u2019nin yard\u0131m\u0131yla \u201cTutulma\u201d girdab\u0131ndan ka\u00e7may\u0131 ba\u015far\u0131r. Guts pes etmenin e\u015fi\u011fine gelir, Casca ise ak\u0131l sa\u011fl\u0131\u011f\u0131n\u0131 yitirir. Bedenlerine kaz\u0131nm\u0131\u015f olan \u201cdamga\u201d k\u00f6t\u00fc ruhlar\u0131 \u00e7a\u011f\u0131r\u0131r ve uykusuz gecelerinin sebebi olur. \u00c7elik bir takma kol ve Demirci Godo\u2019nun verdi\u011fi devasa k\u0131l\u0131\u00e7 \u201cEjderkesen\u201di ku\u015fanan Guts, Kara Sava\u015f\u00e7\u0131 olarak intikam yolculu\u011funa \u00e7\u0131kar! Alt\u0131n \u00c7a\u011f D\u00f6nemi\u2019nden, Kefaret B\u00f6l\u00fcmleri\u2019ne!.. <\/p>\n","protected":false},"excerpt":{"rendered":"<p>Guts ve Casca, \u0130skelet \u015e\u00f6valye\u2019nin yard\u0131m\u0131yla \u201cTutulma\u201d girdab\u0131ndan ka\u00e7may\u0131 ba\u015far\u0131r. Guts pes etmenin e\u015fi\u011fine gelir, Casca ise ak\u0131l sa\u011fl\u0131\u011f\u0131n\u0131 yitirir. Bedenlerine kaz\u0131nm\u0131\u015f olan \u201cdamga\u201d k\u00f6t\u00fc ruhlar\u0131<span class=\"excerpt-hellip\"> [\u2026]<\/span><\/p>\n","protected":false},"featured_media":0,"template":"","meta":{"_monsterinsights_skip_tracking":false,"_monsterinsights_sitenote_active":false,"_monsterinsights_sitenote_note":"","_monsterinsights_sitenote_category":0},"product_brand":[],"product_cat":[12416,12291],"product_tag":[],"class_list":{"0":"post-780177","1":"product","2":"type-product","3":"status-publish","5":"product_cat-cizgi-roman","6":"product_cat-edebiyat","7":"pa_cilt-ciltsiz","8":"pa_tur-kitap","9":"pa_yayinevi-athica-yayinlari","10":"pa_yazar-kentaro-miura","12":"first","13":"instock","14":"sale","15":"shipping-taxable","16":"purchasable","17":"product-type-simple"},"_links":{"self":[{"href":"https:\/\/roveyayinevi.com.tr\/index.php\/wp-json\/wp\/v2\/product\/780177","targetHints":{"allow":["GET"]}}],"collection":[{"href":"https:\/\/roveyayinevi.com.tr\/index.php\/wp-json\/wp\/v2\/product"}],"about":[{"href":"https:\/\/roveyayinevi.com.tr\/index.php\/wp-json\/wp\/v2\/types\/product"}],"wp:attachment":[{"href":"https:\/\/roveyayinevi.com.tr\/index.php\/wp-json\/wp\/v2\/media?parent=780177"}],"wp:term":[{"taxonomy":"product_brand","embeddable":true,"href":"https:\/\/roveyayinevi.com.tr\/index.php\/wp-json\/wp\/v2\/product_brand?post=780177"},{"taxonomy":"product_cat","embeddable":true,"href":"https:\/\/roveyayinevi.com.tr\/index.php\/wp-json\/wp\/v2\/product_cat?post=780177"},{"taxonomy":"product_tag","embeddable":true,"href":"https:\/\/roveyayinevi.com.tr\/index.php\/wp-json\/wp\/v2\/product_tag?post=780177"}],"curies":[{"name":"wp","href":"https:\/\/api.w.org\/{rel}","templated":true}]}}