{"id":780171,"date":"2025-12-30T12:29:58","date_gmt":"2025-12-30T09:29:58","guid":{"rendered":"https:\/\/roveyayinevi.com.tr\/index.php\/urun\/biz-neden-boyleyiz-tam-bizlik-haller\/"},"modified":"2026-04-15T03:44:46","modified_gmt":"2026-04-15T00:44:46","slug":"biz-neden-boyleyiz-tam-bizlik-haller","status":"publish","type":"product","link":"https:\/\/roveyayinevi.com.tr\/index.php\/urun\/biz-neden-boyleyiz-tam-bizlik-haller\/","title":{"rendered":"Biz Neden B\u00f6yleyiz? Tam Bizlik Haller"},"content":{"rendered":"<p>\u00d6zel hayatlar\u0131m\u0131z g\u00fcn\u00fcm\u00fczde, bir yandan mahremiyet ve gizemi if\u015fa ve delik de\u015fik eden sosyal medya mecralar\u0131n\u0131n, \u00f6te yandan da devlet ve di\u011fer iktidar bi\u00e7imlerinin yo\u011fun sald\u0131r\u0131s\u0131 alt\u0131nda. \u00d6zel hayat\u0131m\u0131z\u0131 sak\u0131nmadan kamusal ya\u015fam\u0131m\u0131z\u0131 korumam\u0131z m\u00fcmk\u00fcn de\u011fil. Yaz\u0131lar\u0131m, \u00f6zel hayat ile kamusal ya\u015fam aras\u0131ndaki k\u00f6pr\u00fcleri de\u011fi\u015fik konular \u00fczerinden kurmaya \u00e7al\u0131\u015f\u0131yor. \u0130nsan\u0131n bin bir hali var ve her yaz\u0131, bu halleri anlatmaya soyunurken hayat\u0131n anlam\u0131na bir ad\u0131m daha yakla\u015fmaya y\u00f6neliyor. Kimi zaman kinik tutumlar tak\u0131nmad\u0131m de\u011fil ancak bir \u00e7\u00f6z\u00fcm kabilinden ya\u015fam sevincinin \u00f6nemini belirtmeye \u00e7al\u0131\u015ft\u0131m. Hayat her \u015feye ra\u011fmen g\u00fczel. Sorunlar\u0131m\u0131z, bizi biz yapan hik\u00e2yelerin yap\u0131 ta\u015flar\u0131; onlar olmadan bir hayat nas\u0131l olurdu bilemem. <\/p>\n","protected":false},"excerpt":{"rendered":"<p>\u00d6zel hayatlar\u0131m\u0131z g\u00fcn\u00fcm\u00fczde, bir yandan mahremiyet ve gizemi if\u015fa ve delik de\u015fik eden sosyal medya mecralar\u0131n\u0131n, \u00f6te yandan da devlet ve di\u011fer iktidar bi\u00e7imlerinin yo\u011fun sald\u0131r\u0131s\u0131<span class=\"excerpt-hellip\"> [\u2026]<\/span><\/p>\n","protected":false},"featured_media":0,"template":"","meta":{"_monsterinsights_skip_tracking":false,"_monsterinsights_sitenote_active":false,"_monsterinsights_sitenote_note":"","_monsterinsights_sitenote_category":0},"product_brand":[],"product_cat":[12777,12291],"product_tag":[],"class_list":{"0":"post-780171","1":"product","2":"type-product","3":"status-publish","5":"product_cat-deneme","6":"product_cat-edebiyat","7":"pa_cilt-ciltsiz","8":"pa_tur-kitap","9":"pa_yayinevi-sinirsiz-kitap","10":"pa_yazar-kemal-inal","12":"first","13":"instock","14":"sale","15":"shipping-taxable","16":"purchasable","17":"product-type-simple"},"_links":{"self":[{"href":"https:\/\/roveyayinevi.com.tr\/index.php\/wp-json\/wp\/v2\/product\/780171","targetHints":{"allow":["GET"]}}],"collection":[{"href":"https:\/\/roveyayinevi.com.tr\/index.php\/wp-json\/wp\/v2\/product"}],"about":[{"href":"https:\/\/roveyayinevi.com.tr\/index.php\/wp-json\/wp\/v2\/types\/product"}],"wp:attachment":[{"href":"https:\/\/roveyayinevi.com.tr\/index.php\/wp-json\/wp\/v2\/media?parent=780171"}],"wp:term":[{"taxonomy":"product_brand","embeddable":true,"href":"https:\/\/roveyayinevi.com.tr\/index.php\/wp-json\/wp\/v2\/product_brand?post=780171"},{"taxonomy":"product_cat","embeddable":true,"href":"https:\/\/roveyayinevi.com.tr\/index.php\/wp-json\/wp\/v2\/product_cat?post=780171"},{"taxonomy":"product_tag","embeddable":true,"href":"https:\/\/roveyayinevi.com.tr\/index.php\/wp-json\/wp\/v2\/product_tag?post=780171"}],"curies":[{"name":"wp","href":"https:\/\/api.w.org\/{rel}","templated":true}]}}