{"id":780162,"date":"2025-12-30T12:29:22","date_gmt":"2025-12-30T09:29:22","guid":{"rendered":"https:\/\/roveyayinevi.com.tr\/index.php\/urun\/lutfen-beni-yalniz-birak-1\/"},"modified":"2026-04-15T03:44:46","modified_gmt":"2026-04-15T00:44:46","slug":"lutfen-beni-yalniz-birak-1","status":"publish","type":"product","link":"https:\/\/roveyayinevi.com.tr\/index.php\/urun\/lutfen-beni-yalniz-birak-1\/","title":{"rendered":"L\u00fctfen Beni Yaln\u0131z B\u0131rak 1"},"content":{"rendered":"<p>A\u015fk, dostluk, muhte\u015fem bir gen\u00e7lik\u2026 Bu\u0308yu\u0308k umutlarla ba\u015flad\u0131\u011f\u0131m lise hayat\u0131m tam bir yaln\u0131z olarak sona erdi. Derken\u2026 mezuniyet \u00f6ncesinde, s\u0131n\u0131f arkada\u015f\u0131m Hanamitsuji Sora\u2019y\u0131 korurken kamyonun alt\u0131nda kald\u0131m ve hayat\u0131m sona erdi\u2026 san\u0131yordum. G\u00f6zlerimi a\u00e7t\u0131\u011f\u0131mda, Sora ile lise birinci s\u0131n\u0131f\u0131n ilk gu\u0308nu\u0308ne geri d\u00f6nmu\u0308\u015ftu\u0308m! Bu kez sessiz sakin ve yaln\u0131z tak\u0131lmaya kararl\u0131yd\u0131m ama\u2026 &#8220;Yaln\u0131zl\u0131ktan kurtulman i\u00e7in sana yard\u0131m edece\u011fim.&#8221; B\u00f6ylece ba\u015flad\u0131, benim ikinci lise hayat\u0131mda ya\u015fad\u0131\u011f\u0131m en berbat ve en muhte\u015fem romantik komedi. GA Bunko\u2019nun \u00e7ok sevilen serisi, nihayet manga oluyor!<\/p>\n","protected":false},"excerpt":{"rendered":"<p>A\u015fk, dostluk, muhte\u015fem bir gen\u00e7lik\u2026 Bu\u0308yu\u0308k umutlarla ba\u015flad\u0131\u011f\u0131m lise hayat\u0131m tam bir yaln\u0131z olarak sona erdi. Derken\u2026 mezuniyet \u00f6ncesinde, s\u0131n\u0131f arkada\u015f\u0131m Hanamitsuji Sora\u2019y\u0131 korurken kamyonun alt\u0131nda<span class=\"excerpt-hellip\"> [\u2026]<\/span><\/p>\n","protected":false},"featured_media":0,"template":"","meta":{"_monsterinsights_skip_tracking":false,"_monsterinsights_sitenote_active":false,"_monsterinsights_sitenote_note":"","_monsterinsights_sitenote_category":0},"product_brand":[],"product_cat":[12416,12291],"product_tag":[],"class_list":{"0":"post-780162","1":"product","2":"type-product","3":"status-publish","5":"product_cat-cizgi-roman","6":"product_cat-edebiyat","7":"pa_cilt-ciltsiz","8":"pa_tur-kitap","9":"pa_yayinevi-artemis-yayinlari","10":"pa_yazar-kabegiwa-aizaki","12":"first","13":"instock","14":"sale","15":"shipping-taxable","16":"purchasable","17":"product-type-simple"},"_links":{"self":[{"href":"https:\/\/roveyayinevi.com.tr\/index.php\/wp-json\/wp\/v2\/product\/780162","targetHints":{"allow":["GET"]}}],"collection":[{"href":"https:\/\/roveyayinevi.com.tr\/index.php\/wp-json\/wp\/v2\/product"}],"about":[{"href":"https:\/\/roveyayinevi.com.tr\/index.php\/wp-json\/wp\/v2\/types\/product"}],"wp:attachment":[{"href":"https:\/\/roveyayinevi.com.tr\/index.php\/wp-json\/wp\/v2\/media?parent=780162"}],"wp:term":[{"taxonomy":"product_brand","embeddable":true,"href":"https:\/\/roveyayinevi.com.tr\/index.php\/wp-json\/wp\/v2\/product_brand?post=780162"},{"taxonomy":"product_cat","embeddable":true,"href":"https:\/\/roveyayinevi.com.tr\/index.php\/wp-json\/wp\/v2\/product_cat?post=780162"},{"taxonomy":"product_tag","embeddable":true,"href":"https:\/\/roveyayinevi.com.tr\/index.php\/wp-json\/wp\/v2\/product_tag?post=780162"}],"curies":[{"name":"wp","href":"https:\/\/api.w.org\/{rel}","templated":true}]}}